--
-- Host: edupme-databasenew.cr16qrw7npcu.ap-south-1.rds.amazonaws.com    Database: newedupmeknolzi
-- ------------------------------------------------------

SET @MYSQLDUMP_TEMP_LOG_BIN = @@SESSION.SQL_LOG_BIN;

--
-- GTID state at the beginning of the backup 
--


--
-- Table structure for table `failed_jobs`
--

CREATE TABLE `failed_jobs` (
  `id` bigint unsigned NOT NULL AUTO_INCREMENT,
  `uuid` varchar(255) CHARACTER SET utf8mb4 COLLATE utf8mb4_unicode_ci NOT NULL,
  `connection` text CHARACTER SET utf8mb4 COLLATE utf8mb4_unicode_ci NOT NULL,
  `queue` text CHARACTER SET utf8mb4 COLLATE utf8mb4_unicode_ci NOT NULL,
  `payload` longtext CHARACTER SET utf8mb4 COLLATE utf8mb4_unicode_ci NOT NULL,
  `exception` longtext CHARACTER SET utf8mb4 COLLATE utf8mb4_unicode_ci NOT NULL,
  `failed_at` timestamp NOT NULL DEFAULT CURRENT_TIMESTAMP,
  PRIMARY KEY (`id`),
  UNIQUE KEY `failed_jobs_uuid_unique` (`uuid`)
) ENGINE=InnoDB DEFAULT CHARSET=latin1;

--
-- Dumping data for table `failed_jobs`
--


--
-- Table structure for table `migrations`
--

CREATE TABLE `migrations` (
  `id` int unsigned NOT NULL AUTO_INCREMENT,
  `migration` varchar(255) CHARACTER SET utf8mb4 COLLATE utf8mb4_unicode_ci NOT NULL,
  `batch` int NOT NULL,
  PRIMARY KEY (`id`)
) ENGINE=InnoDB AUTO_INCREMENT=9 DEFAULT CHARSET=latin1;

--
-- Dumping data for table `migrations`
--

INSERT INTO `migrations` VALUES (1,'2014_10_12_000000_create_users_table',1),(2,'2014_10_12_100000_create_password_resets_table',1),(3,'2016_06_01_000001_create_oauth_auth_codes_table',1),(4,'2016_06_01_000002_create_oauth_access_tokens_table',1),(5,'2016_06_01_000003_create_oauth_refresh_tokens_table',1),(6,'2016_06_01_000004_create_oauth_clients_table',1),(7,'2016_06_01_000005_create_oauth_personal_access_clients_table',1),(8,'2019_08_19_000000_create_failed_jobs_table',1);

--
-- Table structure for table `oauth_access_tokens`
--

CREATE TABLE `oauth_access_tokens` (
  `id` varchar(100) CHARACTER SET utf8mb4 COLLATE utf8mb4_unicode_ci NOT NULL,
  `user_id` bigint unsigned DEFAULT NULL,
  `client_id` bigint unsigned NOT NULL,
  `name` varchar(255) CHARACTER SET utf8mb4 COLLATE utf8mb4_unicode_ci DEFAULT NULL,
  `scopes` text CHARACTER SET utf8mb4 COLLATE utf8mb4_unicode_ci,
  `revoked` tinyint(1) NOT NULL,
  `created_at` timestamp NULL DEFAULT NULL,
  `updated_at` timestamp NULL DEFAULT NULL,
  `expires_at` datetime DEFAULT NULL,
  PRIMARY KEY (`id`),
  KEY `oauth_access_tokens_user_id_index` (`user_id`)
) ENGINE=InnoDB DEFAULT CHARSET=latin1;

--
-- Dumping data for table `oauth_access_tokens`
--

INSERT INTO `oauth_access_tokens` VALUES ('0150706be9100769a98da4787de2cef75586b0caf113614ed18bafee85f7f71ed2165cf4abca7777',128,3,'ajitmakawana143@gmail.com','[]',0,'2021-10-15 05:12:57','2021-10-15 05:12:57','2022-10-15 05:12:57'),('04d4c0bd88dfbe94a6ac7bca53572b2f846a72b073d8b917968887c9dd3c7754637eefa8e3545d66',1,3,'ajitm@cecs.co.in_Edupme','[]',0,'2021-10-06 09:23:22','2021-10-06 09:23:22','2022-10-06 09:23:22'),('05e3293b9cc888a2cca70350125816181ecb300dd1b14920d62eee604248b2afb7ef1c2519475cf5',1350,3,'evanjohnson2203@gmail.com','[]',0,'2022-01-10 14:25:14','2022-01-10 14:25:14','2023-01-10 14:25:14'),('0c99f82cc784ea5eda47fe71b25ab83783037e10df80c358ddeb04cc1115c5c3aad8ef3478375a8d',1527,3,'drashti_test_0822@mailinator.com_Edupme','[]',0,'2022-05-02 16:50:40','2022-05-02 16:50:40','2023-05-02 16:50:40'),('16d2446de4b0d2ce725d5dbddfa9f8a89e64ebf1a846c15663e1face2085152a07489a08a115418c',79,3,'dcd.tester2203@gmail.com','[]',0,'2021-10-14 09:23:55','2021-10-14 09:23:55','2022-10-14 09:23:55'),('18d6e42aaf56f6c747fe80dd004c121a558a0c354ede031590979ed951c1f01739c9a5e487af21c3',123,3,'dcd.tester2203@gmail.com','[]',0,'2021-10-14 14:25:37','2021-10-14 14:25:37','2022-10-14 14:25:37'),('1bc264d65dff9835ca53452a68580363c351798204e9c24ea35e33250a7cad4f8c53dd8cf4cc0b03',1409,3,'girdharind@mailinator.com_Edupme','[]',0,'2022-02-17 15:35:29','2022-02-17 15:35:29','2023-02-17 15:35:29'),('1f26869294496a3fe16718e2e8872d9957f1854d60a92444cb9bd6e6e392f753d390b0c182042a31',130,3,'vjmmca@gmail.com','[]',0,'2021-10-15 06:12:55','2021-10-15 06:12:55','2022-10-15 06:12:55'),('2128ceab641036c5e205e54500cf1aee584c99ef626d14808ac0f50969768795485cc10db8c26f3e',1349,3,'eva5@mailinator.com_Edupme','[]',0,'2021-12-13 19:17:35','2021-12-13 19:17:35','2022-12-13 19:17:35'),('3dc550764a093e0ac8ca8e89cd1d1081e29a4326cf25eab8e8eb49b185d1229f391dc098cafa51e0',127,3,'ajitmakawana143@gmail.com','[]',0,'2021-10-15 04:57:15','2021-10-15 04:57:15','2022-10-15 04:57:15'),('49fc014282b05c4571cb02066b400c1f6e8c4ff9922b0c61581a536bb84d37dec52ce9594f66b256',95,3,'khushi@mailinator.com_Edupme','[]',0,'2022-04-13 14:12:04','2022-04-13 14:12:04','2023-04-13 14:12:04'),('52584c7f8782591a67653baaf26fcf7a4a71b8c358b70e0228508d5f28674a3a789c5a6bbdce7310',129,3,'vjmmca@gmail.com','[]',0,'2021-10-15 06:10:13','2021-10-15 06:10:13','2022-10-15 06:10:13'),('5d703407db82d5743e8d54c86298c2319fa5c73a7daa3ebf7f08dad0b8833a3a52cb96b6c5cf784c',112,3,'eva4@mailinator.com_Edupme','[]',0,'2021-10-13 11:46:17','2021-10-13 11:46:17','2022-10-13 11:46:17'),('63f2ff73e1ffc73a6fafd4f9913bbaea3cf77b93d21153b160cb838ce7a6bf865b7d812f50859c10',1363,3,'iostest@mailinator.com_Edupme','[]',0,'2022-01-03 17:39:25','2022-01-03 17:39:25','2023-01-03 17:39:25'),('728e0d5bfa8159db5f5ef92f3ea3ac556e7749fa7748e3d865b0cb08793413411ba94396575c95b5',131,3,'vjmmca@gmail.com','[]',0,'2021-10-15 06:13:10','2021-10-15 06:13:10','2022-10-15 06:13:10'),('770aef29bee4e8b2c8531178aac794eb31d7e392aa0be232a5e07f2bfd453a582028dd088b00d030',761,3,'edupmetest@gmail.com_Edupme','[]',0,'2022-01-10 16:21:46','2022-01-10 16:21:46','2023-01-10 16:21:46'),('847c0aabf381cc261b8043ad9ae78d8b97ad475355871bf77b72bbf8378b5572e21c6158b17a48d5',66,3,'Edupme_2021','[]',0,'2021-09-27 10:22:26','2021-09-27 10:22:26','2022-09-27 10:22:26'),('8dc449778888901fc4e3443a0eb90f42315e0f4d2473f3a6033261c78d3b87b43c752f3a6b88f66d',4,3,'ajit.m@cecs.co.in_Edupme','[]',0,'2021-10-15 12:25:22','2021-10-15 12:25:22','2022-10-15 12:25:22'),('96324df6c555c7d155c6bf3a6a4d00a07dd950380f62c3a5369e73c4709a6e2a5e6d36f38e9ca53e',121,3,'cecs.tester@gmail.com','[]',0,'2021-10-14 09:17:08','2021-10-14 09:17:08','2022-10-14 09:17:08'),('a08c0c44762526210f57c6ee0cd67791d980f56c43d8593ec281b76ff3c4220ddde96b13c850df6b',122,3,'cecs.tester@gmail.com','[]',0,'2021-10-15 06:13:33','2021-10-15 06:13:33','2022-10-15 06:13:33'),('bd0a7481a9f898af92bcaba088e060def385b3e4632269935acaf2bf24572bb4c3d3972c7fcb1b88',1351,3,'cecssmtp@gmail.com','[]',0,'2022-01-03 16:51:47','2022-01-03 16:51:47','2023-01-03 16:51:47'),('bfffabbf30be540f8f70f08f8903bf180fdf9568ec2e74afdbc3e169f0e78fb58312e31a831ee17b',1539,3,'apurvaoza3@mailinator.com_Edupme','[]',0,'2022-05-02 14:39:41','2022-05-02 14:39:41','2023-05-02 14:39:41'),('e5053180780880be74fc9b16f49627a6e998a094a32e42abd10a0aba696f3f08eac73d86b88b1fd6',126,3,'ajitmakawana143@gmail.com','[]',0,'2021-10-15 04:56:07','2021-10-15 04:56:07','2022-10-15 04:56:07'),('f1ce5b5cbb98e104216cc5ed0cb210f93c5c008dbef71043f23d035d982b5ffbfd6040cd0ec2b32a',81,3,'dcd.developer2203@gmail.com','[]',0,'2021-10-12 10:27:02','2021-10-12 10:27:02','2022-10-12 10:27:02'),('fd8d208555858adaff2da851d759021d446855cea404adece9aec4d7ca4da512eee0c13799222908',1352,3,'eva6@mailinator.com_Edupme','[]',0,'2021-12-13 15:25:52','2021-12-13 15:25:52','2022-12-13 15:25:52');

--
-- Table structure for table `oauth_auth_codes`
--

CREATE TABLE `oauth_auth_codes` (
  `id` varchar(100) CHARACTER SET utf8mb4 COLLATE utf8mb4_unicode_ci NOT NULL,
  `user_id` bigint unsigned NOT NULL,
  `client_id` bigint unsigned NOT NULL,
  `scopes` text CHARACTER SET utf8mb4 COLLATE utf8mb4_unicode_ci,
  `revoked` tinyint(1) NOT NULL,
  `expires_at` datetime DEFAULT NULL,
  PRIMARY KEY (`id`),
  KEY `oauth_auth_codes_user_id_index` (`user_id`)
) ENGINE=InnoDB DEFAULT CHARSET=latin1;

--
-- Dumping data for table `oauth_auth_codes`
--


--
-- Table structure for table `oauth_clients`
--

CREATE TABLE `oauth_clients` (
  `id` bigint unsigned NOT NULL AUTO_INCREMENT,
  `user_id` bigint unsigned DEFAULT NULL,
  `name` varchar(255) CHARACTER SET utf8mb4 COLLATE utf8mb4_unicode_ci NOT NULL,
  `secret` varchar(100) CHARACTER SET utf8mb4 COLLATE utf8mb4_unicode_ci DEFAULT NULL,
  `provider` varchar(255) CHARACTER SET utf8mb4 COLLATE utf8mb4_unicode_ci DEFAULT NULL,
  `redirect` text CHARACTER SET utf8mb4 COLLATE utf8mb4_unicode_ci NOT NULL,
  `personal_access_client` tinyint(1) NOT NULL,
  `password_client` tinyint(1) NOT NULL,
  `revoked` tinyint(1) NOT NULL,
  `created_at` timestamp NULL DEFAULT NULL,
  `updated_at` timestamp NULL DEFAULT NULL,
  PRIMARY KEY (`id`),
  KEY `oauth_clients_user_id_index` (`user_id`)
) ENGINE=InnoDB AUTO_INCREMENT=5 DEFAULT CHARSET=latin1;

--
-- Dumping data for table `oauth_clients`
--

INSERT INTO `oauth_clients` VALUES (1,NULL,'Edupme Personal Access Client','hKStcSlpSoIZlUCLsT9X2H04czwk4Jl7lhP9TaE0',NULL,'http://localhost',1,0,0,'2021-07-23 04:48:54','2021-07-23 04:48:54'),(2,NULL,'Edupme Password Grant Client','IRq0nmQFfCnkoHgzOqSCDpZ6ZHuiJ7qtZ32rPzX5','users','http://localhost',0,1,0,'2021-07-23 04:48:54','2021-07-23 04:48:54'),(3,NULL,'Edupme Personal Access Client','LWh4D5rpKnafpJwDGBAgjCwjFUxvtpbujUyONB6E',NULL,'http://localhost',1,0,0,'2021-08-23 12:43:56','2021-08-23 12:43:56'),(4,NULL,'Edupme Password Grant Client','EwpRa5Ido0qyNQDEaZuEN53jvvmBv9PcknFgvgsP','users','http://localhost',0,1,0,'2021-08-23 12:43:56','2021-08-23 12:43:56');

--
-- Table structure for table `oauth_personal_access_clients`
--

CREATE TABLE `oauth_personal_access_clients` (
  `id` bigint unsigned NOT NULL AUTO_INCREMENT,
  `client_id` bigint unsigned NOT NULL,
  `created_at` timestamp NULL DEFAULT NULL,
  `updated_at` timestamp NULL DEFAULT NULL,
  PRIMARY KEY (`id`)
) ENGINE=InnoDB AUTO_INCREMENT=3 DEFAULT CHARSET=latin1;

--
-- Dumping data for table `oauth_personal_access_clients`
--

INSERT INTO `oauth_personal_access_clients` VALUES (1,1,'2021-07-23 04:48:54','2021-07-23 04:48:54'),(2,3,'2021-08-23 12:43:56','2021-08-23 12:43:56');

--
-- Table structure for table `oauth_refresh_tokens`
--

CREATE TABLE `oauth_refresh_tokens` (
  `id` varchar(100) CHARACTER SET utf8mb4 COLLATE utf8mb4_unicode_ci NOT NULL,
  `access_token_id` varchar(100) CHARACTER SET utf8mb4 COLLATE utf8mb4_unicode_ci NOT NULL,
  `revoked` tinyint(1) NOT NULL,
  `expires_at` datetime DEFAULT NULL,
  PRIMARY KEY (`id`),
  KEY `oauth_refresh_tokens_access_token_id_index` (`access_token_id`)
) ENGINE=InnoDB DEFAULT CHARSET=latin1;

--
-- Dumping data for table `oauth_refresh_tokens`
--


--
-- Table structure for table `password_resets`
--

CREATE TABLE `password_resets` (
  `email` varchar(255) CHARACTER SET utf8mb4 COLLATE utf8mb4_unicode_ci NOT NULL,
  `token` varchar(255) CHARACTER SET utf8mb4 COLLATE utf8mb4_unicode_ci NOT NULL,
  `created_at` timestamp NULL DEFAULT NULL,
  KEY `password_resets_email_index` (`email`)
) ENGINE=InnoDB DEFAULT CHARSET=latin1;

--
-- Dumping data for table `password_resets`
--

INSERT INTO `password_resets` VALUES ('author_test@mailinator.com','$2y$10$1Ax04b5xMDexr5M/.9pA/.oIa2BbzdN2CMBATuTjI69qXnIM6CHDm','2021-08-25 16:31:42'),('reviewer@mailinator.com','$2y$10$fTiEBpanG2onqX6npMNhXe7gy5uaW0Uy0UdPyr8huTNcc.7YQoLZ6','2021-09-15 16:18:26'),('harin.dcd@gmail.com','$2y$10$LP9oSpQB68uN/o2CHPYmz.qnEgLz3e8bNKNAY7Wb1GDnyk8P.gGjO','2021-10-07 05:18:31'),('qatest2@mailinator.com','$2y$10$pAJibQxx9RpH0433bqT2AugMY/jIuOSJlIc0A3SlLF655glbzBJwG','2021-10-07 10:27:08'),('dcd.tester2203@gmail.com','$2y$10$GdFj8Cr3xBlPxU9COx8kiuHWSgYV5Qhspq7EuoyZwLqNTBZM7svUC','2021-10-07 10:27:25'),('qa@cecs.co.in','$2y$10$VFFYl91CPnWTbVMH.gY9bu2fhgfe7NacNY2ZhdANJZbfDLocnIgJW','2021-10-15 06:49:53'),('ajit.m@cecs.co.in','$2y$10$TXbaIkxvE9PsCjpYI.XbI.xH.JGJpuJlLfAS1S2fHkEKH.WMk2MRK','2022-05-16 14:09:40'),('apurvaoza3@mailinator.com','$2y$10$Q4wUNNPZptprwe4NBNKUPO.7OFnrufTFm//Y7eo3.olAFPsMv6wpK','2022-10-10 10:06:52'),('manan@manamisolutions.com','$2y$10$rMZN4m9Cu9mV.Adfyf6dC..cgxeabFGnxpTs.eBQoGdSnnFc3pSTG','2022-10-10 14:37:51'),('harshal.b.oza@gmail.com','$2y$10$mCdSZI9pHTlcLk.uY.G1ne6bH0hHGJlkVm/IH9qpCaptLOWZacrGm','2024-07-24 19:38:43');

--
-- Table structure for table `tbl_admins`
--

CREATE TABLE `tbl_admins` (
  `id` int NOT NULL AUTO_INCREMENT,
  `name` varchar(255) CHARACTER SET utf8mb3 NOT NULL,
  `email` varchar(255) CHARACTER SET utf8mb3 DEFAULT NULL,
  `password` varchar(255) CHARACTER SET utf8mb3 NOT NULL,
  `email_verified_at` timestamp NULL DEFAULT NULL,
  `verified` tinyint(1) DEFAULT '0',
  `created_at` timestamp NULL DEFAULT NULL,
  `updated_at` timestamp NULL DEFAULT NULL,
  PRIMARY KEY (`id`),
  UNIQUE KEY `email_id` (`email`)
) ENGINE=InnoDB AUTO_INCREMENT=3 DEFAULT CHARSET=utf8mb3 COLLATE=utf8mb3_unicode_ci;

--
-- Dumping data for table `tbl_admins`
--

INSERT INTO `tbl_admins` VALUES (2,'Edupme Admin','admin.edupme@mailinator.com','$2y$10$qngevN6dWvSc2q.vv2WjBe2jFBu412RzS8oDjJOqwHDU5qGIZ.C6e','2021-07-21 18:17:35',1,'2021-07-21 12:47:02','2021-11-11 04:02:20');

--
-- Table structure for table `tbl_author_has_sub_users`
--

CREATE TABLE `tbl_author_has_sub_users` (
  `id` int NOT NULL AUTO_INCREMENT,
  `author_id` int DEFAULT NULL,
  `user_id` int DEFAULT NULL,
  `created_at` timestamp NULL DEFAULT NULL,
  `updated_at` timestamp NULL DEFAULT NULL,
  PRIMARY KEY (`id`)
) ENGINE=InnoDB AUTO_INCREMENT=24 DEFAULT CHARSET=latin1;

--
-- Dumping data for table `tbl_author_has_sub_users`
--

INSERT INTO `tbl_author_has_sub_users` VALUES (1,1,1405,'2022-01-17 12:00:25','2022-01-17 12:00:25'),(2,1,1410,'2022-02-22 14:40:26','2022-02-22 14:40:26'),(3,1,1412,'2022-02-24 11:51:19','2022-02-24 11:51:19'),(4,1,1418,'2022-02-24 14:56:36','2022-02-24 14:56:36'),(5,1,1419,'2022-02-24 15:03:36','2022-02-24 15:03:36'),(6,1,1420,'2022-02-24 15:08:01','2022-02-24 15:08:01'),(7,1,1421,'2022-02-24 15:18:49','2022-02-24 15:18:49'),(8,1,1422,'2022-02-24 15:20:53','2022-02-24 15:20:53'),(9,1,1423,'2022-02-24 15:27:13','2022-02-24 15:27:13'),(10,1,1429,'2022-02-26 11:03:07','2022-02-26 11:03:07'),(11,1,1430,'2022-02-28 09:07:17','2022-02-28 09:07:17'),(12,1,1431,'2022-02-28 09:07:54','2022-02-28 09:07:54'),(13,1408,1458,'2022-02-28 15:32:17','2022-02-28 15:32:17'),(14,1408,1459,'2022-02-28 16:03:24','2022-02-28 16:03:24'),(15,1408,1460,'2022-02-28 16:24:15','2022-02-28 16:24:15'),(16,1408,1461,'2022-02-28 16:39:41','2022-02-28 16:39:41'),(17,1408,1462,'2022-02-28 17:14:34','2022-02-28 17:14:34'),(18,1408,1476,'2022-02-28 18:58:23','2022-02-28 18:58:23'),(19,1408,1534,'2022-03-09 10:44:13','2022-03-09 10:44:13'),(21,1,1553,'2022-04-09 11:46:28','2022-04-09 11:46:28'),(22,1,1674,'2022-06-15 16:41:00','2022-06-15 16:41:00'),(23,1,1675,'2022-06-15 17:03:28','2022-06-15 17:03:28');

--
-- Table structure for table `tbl_contact_us`
--

CREATE TABLE `tbl_contact_us` (
  `id` int NOT NULL AUTO_INCREMENT,
  `subject` varchar(255) CHARACTER SET utf8mb4 COLLATE utf8mb4_unicode_ci DEFAULT NULL,
  `name` varchar(255) CHARACTER SET utf8mb4 COLLATE utf8mb4_unicode_ci DEFAULT NULL,
  `email` varchar(255) CHARACTER SET utf8mb4 COLLATE utf8mb4_unicode_ci DEFAULT NULL,
  `mobile_no` varchar(255) CHARACTER SET utf8mb4 COLLATE utf8mb4_unicode_ci DEFAULT NULL,
  `who_are_you` text CHARACTER SET utf8mb4 COLLATE utf8mb4_unicode_ci,
  `gender` varchar(255) CHARACTER SET utf8mb4 COLLATE utf8mb4_unicode_ci DEFAULT NULL,
  `hear_about_us` varbinary(255) DEFAULT NULL,
  `message` text CHARACTER SET utf8mb4 COLLATE utf8mb4_unicode_ci,
  `created_at` timestamp NULL DEFAULT NULL,
  `updated_at` timestamp NULL DEFAULT NULL,
  PRIMARY KEY (`id`)
) ENGINE=InnoDB AUTO_INCREMENT=14 DEFAULT CHARSET=latin1;

--
-- Dumping data for table `tbl_contact_us`
--

INSERT INTO `tbl_contact_us` VALUES (1,'asdasdad','asdsadasd','asdad@milinator.com','7778889996','asASasaSAsaSAsasaS','MALE',_binary 'blog','asdasdasdasdasdasd','2021-09-17 18:11:20','2021-09-17 18:11:23'),(2,'Selma May','Regina Mcgee','wifajyxiq@mailinator.com','2957897892','Qui est earum nostr','other',_binary 'Search Engine (Google/Yahoo/Bing)','Officia non providen','2021-09-17 16:49:43','2021-09-17 16:49:43'),(3,'Raymond Faulkner','Faith Forbes','powumy@mailinator.com','7187897897','Nam aut quis possimu','female',_binary 'LinkedIn','Corporis voluptatem','2021-09-17 17:18:06','2021-09-17 17:18:06'),(4,'Echo Oneil','Rajah Daniels','wyzufepok@mailinator.com','6197897895','Nihil est rem illo n','female',_binary 'Recommended by Friend/Colleague','Dolore incidunt vol','2021-09-17 17:25:05','2021-09-17 17:25:05'),(5,'Carson Moss','Unity Wynn','fuqesunyb@mailinator.com','8747898978','Corrupti error aut','female',_binary 'LinkedIn','Culpa eius autem of','2021-09-17 17:56:11','2021-09-17 17:56:11'),(6,'Carson Moss','Unity Wynn','fuqesunyb@mailinator.com','8747898978','Corrupti error aut','female',_binary 'LinkedIn','Culpa eius autem of','2021-09-17 17:56:20','2021-09-17 17:56:20'),(7,'Carson Moss','Unity Wynn','fuqesunyb@mailinator.com','8747898978','Corrupti error aut','female',_binary 'LinkedIn','Culpa eius autem of','2021-09-17 17:56:41','2021-09-17 17:56:41'),(8,'Carson Moss','Unity Wynn','fuqesunyb@mailinator.com','8747898978','Corrupti error aut','female',_binary 'LinkedIn','Culpa eius autem of','2021-09-17 17:57:33','2021-09-17 17:57:33'),(9,'test','test','testreg@mailinator.com','1234567891','i am tester','male',_binary 'Social Media','hello testing','2021-09-17 18:01:10','2021-09-17 18:01:10'),(10,'test','test','testreg@mailinator.com','1234567891','i am tester','male',_binary 'Social Media','hello testing','2021-09-17 18:03:25','2021-09-17 18:03:25'),(11,'Study','st','st@mail.com','5656565656','student','female',_binary 'Social Media','test','2021-10-07 13:56:42','2021-10-07 13:56:42'),(12,'Robotics','Kaushal Soni','kaushal10496@gmail.com','7874542829',NULL,NULL,_binary 'Recommended by Friend/Colleague','I have logged in and bought course of robotics but I\'m not able to verify email by the link provided me on my email. It shows error 403 access forbidden.','2021-11-17 15:33:26','2021-11-17 15:33:26'),(13,'Elements of power system protection','KHAMMUANLIAN','kaeemel5@gmail.com','8730915224',NULL,NULL,_binary 'LinkedIn','Dear sir/ma\'am, recently i purchaced the course on elements of power system protection. Can you please clarify that all the courses in the edupme platform are just web based or video couses. I buy the course thinking that the lecture was delivered by Proff.Bhuvanesh oza. Please kindly clarify that. Thank you','2021-12-12 22:09:58','2021-12-12 22:09:58');

--
-- Table structure for table `tbl_coupon`
--

CREATE TABLE `tbl_coupon` (
  `coupon_id` int NOT NULL AUTO_INCREMENT,
  `coupon_title` varchar(100) CHARACTER SET utf8mb4 COLLATE utf8mb4_unicode_ci NOT NULL,
  `coupon_code` varchar(50) CHARACTER SET utf8mb4 COLLATE utf8mb4_unicode_ci DEFAULT NULL,
  `coupon_type` enum('0','1') CHARACTER SET utf8mb4 COLLATE utf8mb4_unicode_ci DEFAULT NULL,
  `coupon_duration` decimal(10,0) DEFAULT NULL,
  `coupon_percentage` decimal(10,2) DEFAULT NULL,
  `coupon_start_date` date DEFAULT NULL,
  `coupon_end_date` date DEFAULT NULL,
  `coupon_used` varchar(10) CHARACTER SET utf8mb4 COLLATE utf8mb4_unicode_ci DEFAULT NULL,
  `status` enum('0','1') CHARACTER SET utf8mb4 COLLATE utf8mb4_unicode_ci DEFAULT NULL,
  `created_at` datetime DEFAULT NULL,
  `updated_at` datetime DEFAULT NULL,
  PRIMARY KEY (`coupon_id`,`coupon_title`)
) ENGINE=InnoDB AUTO_INCREMENT=42 DEFAULT CHARSET=latin1;

--
-- Dumping data for table `tbl_coupon`
--

INSERT INTO `tbl_coupon` VALUES (1,'Festive Offer','FEST001','1',NULL,50.00,'2021-09-13','2021-10-15',NULL,'1','2021-09-13 16:37:44','2021-09-21 11:18:54'),(14,'test','BOGO002','0',10,0.00,'2021-09-13','2021-10-21',NULL,'1','2021-09-14 07:41:20','2021-09-14 07:46:07'),(15,'tee','667788','1',3,2.00,'2021-10-08','2021-10-31',NULL,'1','2021-10-08 05:40:45','2021-10-08 10:13:16'),(16,'Free coupon for new launch','ROBOFREE1','0',20,NULL,'2021-11-03','2021-12-31',NULL,'1','2021-11-03 18:23:22','2021-11-03 18:23:22'),(17,'Free coupon for new launch','POWFREE1','0',10,NULL,'2021-11-03','2021-12-31',NULL,'1','2021-11-03 18:37:48','2021-11-03 18:37:48'),(18,'Youtube and Blogs PSP Course','PEYT010','1',NULL,10.00,'2021-11-11','2022-10-11',NULL,'1','2021-11-11 05:31:11','2021-11-11 05:31:25'),(19,'Youtube and Blogs PSP Course','PFYT010','1',NULL,10.00,'2021-11-11','2022-12-23',NULL,'1','2021-11-11 05:32:23','2021-11-11 05:32:23'),(20,'Youtube and Blogs PSP Course','PPYT010','1',NULL,10.00,'2021-11-11','2022-12-16',NULL,'1','2021-11-11 05:33:38','2021-11-11 05:33:38'),(21,'Robotics Promotion','ROBO601','1',NULL,60.00,'2021-11-13','2021-11-20',NULL,'1','2021-11-13 11:27:22','2021-11-13 11:27:22'),(22,'GST Promotion','GST50','1',NULL,50.00,'2021-11-13','2021-12-13',NULL,'1','2021-11-13 11:31:17','2021-11-13 11:31:17'),(23,'Foreign currency Test','ROBO901','1',NULL,90.00,'2021-11-27','2022-01-31',NULL,'1','2021-11-27 18:02:34','2022-01-10 10:55:01'),(24,'ROBOT Course','ROBOT10','1',NULL,10.00,'2021-12-03','2021-12-24',NULL,'1','2021-12-03 14:14:36','2021-12-03 14:14:36'),(25,'Yaseen Demo','mydemo','0',6,NULL,'2021-12-07','2021-12-14',NULL,'1','2021-12-07 17:13:16','2021-12-07 17:13:38'),(26,'PSP All Course','PSP10','1',NULL,10.00,'2021-12-09','2021-12-31',NULL,'1','2021-12-09 12:40:09','2021-12-09 12:40:09'),(27,'Santa Offer','SANTA20','1',NULL,20.00,'2021-12-24','2021-12-31',NULL,'1','2021-12-24 07:26:02','2021-12-24 07:26:02'),(28,'Heer Affl Prog','HEER10','1',NULL,10.00,'2021-12-29','2022-03-31',NULL,'1','2021-12-29 12:48:51','2021-12-29 12:48:51'),(29,'Manisha Affl Prog','MANISHA10','1',NULL,10.00,'2021-12-29','2022-03-31',NULL,'1','2021-12-29 19:41:29','2021-12-29 19:41:29'),(30,'Janki Affl Prog','JANKI10','1',NULL,10.00,'2021-12-29','2022-03-31',NULL,'1','2021-12-29 19:50:09','2021-12-29 19:50:09'),(31,'Rookie Affl Prog','ROOKIE10','1',NULL,10.00,'2021-12-29','2022-03-31',NULL,'1','2021-12-29 19:52:27','2021-12-29 19:52:27'),(32,'Sumana Affl Prog','SUMANA10','1',NULL,10.00,'2021-12-29','2022-03-31',NULL,'1','2021-12-29 19:54:09','2021-12-29 19:54:09'),(33,'HITESH Affl Prog','HITESH10','1',NULL,10.00,'2021-12-29','2022-03-31',NULL,'1','2021-12-29 19:55:27','2021-12-29 19:55:27'),(34,'HINA Affl Prog','HINA10','1',NULL,10.00,'2021-12-29','2022-03-31',NULL,'1','2021-12-29 19:56:28','2021-12-29 19:56:28'),(35,'NIKITA Affl Prog','NIKITA10','1',NULL,10.00,'2021-12-29','2022-03-31',NULL,'1','2021-12-29 19:57:45','2021-12-29 19:57:45'),(36,'Archana Affl Prog','ARCHANA10','1',NULL,10.00,'2021-12-29','2022-03-31',NULL,'1','2021-12-29 19:58:45','2021-12-29 19:58:45'),(37,'Sreetama Affl Prog','SREETAMA10','1',NULL,10.00,'2021-12-29','2022-03-31',NULL,'1','2021-12-29 19:59:35','2021-12-29 19:59:35'),(38,'Communication Course HARSHIT20','HARSHIT20','1',NULL,20.00,'2022-01-06','2022-01-31',NULL,'1','2022-01-06 09:52:34','2022-01-06 09:53:48'),(39,'Communication Course HARSHIT40','HARSHIT40','1',NULL,40.00,'2022-01-06','2022-01-31',NULL,'1','2022-01-06 09:53:24','2022-01-06 09:53:24'),(40,'Communication Course HARSHIT60','HARSHIT60','1',NULL,60.00,'2022-01-06','2022-01-31',NULL,'1','2022-01-06 09:54:31','2022-01-06 09:54:31'),(41,'Communication Course HARSHIT100','HARSHIT100','1',NULL,100.00,'2022-01-06','2022-01-31',NULL,'1','2022-01-06 09:55:03','2022-01-06 09:55:03');

--
-- Table structure for table `tbl_coupon_has_course`
--

CREATE TABLE `tbl_coupon_has_course` (
  `id` int NOT NULL AUTO_INCREMENT,
  `coupon_id` int DEFAULT NULL,
  `course_id` int DEFAULT NULL,
  `status` enum('0','1') CHARACTER SET utf8mb4 COLLATE utf8mb4_unicode_ci DEFAULT NULL,
  `created_at` datetime DEFAULT NULL,
  `updated_at` datetime DEFAULT NULL,
  PRIMARY KEY (`id`)
) ENGINE=InnoDB AUTO_INCREMENT=538 DEFAULT CHARSET=latin1;

--
-- Dumping data for table `tbl_coupon_has_course`
--

INSERT INTO `tbl_coupon_has_course` VALUES (36,14,17,'1','2021-09-14 07:46:07','2021-09-14 07:46:07'),(37,14,28,'1','2021-09-14 07:46:07','2021-09-14 07:46:07'),(38,14,23,'1','2021-09-14 07:46:07','2021-09-14 07:46:07'),(39,14,24,'1','2021-09-14 07:46:07','2021-09-14 07:46:07'),(40,14,25,'1','2021-09-14 07:46:07','2021-09-14 07:46:07'),(42,14,32,'1','2021-09-14 07:46:07','2021-09-14 07:46:07'),(46,1,17,'1','2021-09-21 11:18:54','2021-09-21 11:18:54'),(47,1,24,'1','2021-09-21 11:18:54','2021-09-21 11:18:54'),(48,1,25,'1','2021-09-21 11:18:54','2021-09-21 11:18:54'),(49,1,22,'1','2021-09-21 11:18:54','2021-09-21 11:18:54'),(57,15,22,'1','2021-10-08 10:13:16','2021-10-08 10:13:16'),(58,15,24,'1','2021-10-08 10:13:16','2021-10-08 10:13:16'),(59,16,133,'1','2021-11-03 18:23:22','2021-11-03 18:23:22'),(60,17,76,'1','2021-11-03 18:37:48','2021-11-03 18:37:48'),(62,18,76,'1','2021-11-11 05:31:25','2021-11-11 05:31:25'),(63,19,78,'1','2021-11-11 05:32:23','2021-11-11 05:32:23'),(64,20,101,'1','2021-11-11 05:33:38','2021-11-11 05:33:38'),(65,21,133,'1','2021-11-13 11:27:22','2021-11-13 11:27:22'),(66,22,83,'1','2021-11-13 11:31:17','2021-11-13 11:31:17'),(67,22,84,'1','2021-11-13 11:31:17','2021-11-13 11:31:17'),(68,22,85,'1','2021-11-13 11:31:17','2021-11-13 11:31:17'),(69,22,128,'1','2021-11-13 11:31:17','2021-11-13 11:31:17'),(71,24,133,'1','2021-12-03 14:14:36','2021-12-03 14:14:36'),(75,25,83,'1','2021-12-07 17:13:38','2021-12-07 17:13:38'),(76,25,89,'1','2021-12-07 17:13:38','2021-12-07 17:13:38'),(77,25,133,'1','2021-12-07 17:13:38','2021-12-07 17:13:38'),(78,26,76,'1','2021-12-09 12:40:09','2021-12-09 12:40:09'),(79,26,78,'1','2021-12-09 12:40:09','2021-12-09 12:40:09'),(80,26,101,'1','2021-12-09 12:40:09','2021-12-09 12:40:09'),(82,27,76,'1','2021-12-24 07:26:02','2021-12-24 07:26:02'),(83,27,78,'1','2021-12-24 07:26:02','2021-12-24 07:26:02'),(84,27,81,'1','2021-12-24 07:26:02','2021-12-24 07:26:02'),(85,27,83,'1','2021-12-24 07:26:02','2021-12-24 07:26:02'),(86,27,84,'1','2021-12-24 07:26:02','2021-12-24 07:26:02'),(87,27,85,'1','2021-12-24 07:26:02','2021-12-24 07:26:02'),(88,27,88,'1','2021-12-24 07:26:02','2021-12-24 07:26:02'),(89,27,89,'1','2021-12-24 07:26:02','2021-12-24 07:26:02'),(90,27,90,'1','2021-12-24 07:26:02','2021-12-24 07:26:02'),(91,27,92,'1','2021-12-24 07:26:02','2021-12-24 07:26:02'),(92,27,94,'1','2021-12-24 07:26:02','2021-12-24 07:26:02'),(93,27,95,'1','2021-12-24 07:26:02','2021-12-24 07:26:02'),(94,27,96,'1','2021-12-24 07:26:02','2021-12-24 07:26:02'),(95,27,98,'1','2021-12-24 07:26:02','2021-12-24 07:26:02'),(96,27,99,'1','2021-12-24 07:26:02','2021-12-24 07:26:02'),(97,27,100,'1','2021-12-24 07:26:02','2021-12-24 07:26:02'),(98,27,101,'1','2021-12-24 07:26:02','2021-12-24 07:26:02'),(99,27,102,'1','2021-12-24 07:26:02','2021-12-24 07:26:02'),(100,27,103,'1','2021-12-24 07:26:02','2021-12-24 07:26:02'),(101,27,104,'1','2021-12-24 07:26:02','2021-12-24 07:26:02'),(102,27,105,'1','2021-12-24 07:26:02','2021-12-24 07:26:02'),(103,27,106,'1','2021-12-24 07:26:02','2021-12-24 07:26:02'),(104,27,107,'1','2021-12-24 07:26:02','2021-12-24 07:26:02'),(105,27,108,'1','2021-12-24 07:26:02','2021-12-24 07:26:02'),(106,27,109,'1','2021-12-24 07:26:02','2021-12-24 07:26:02'),(107,27,110,'1','2021-12-24 07:26:02','2021-12-24 07:26:02'),(108,27,111,'1','2021-12-24 07:26:02','2021-12-24 07:26:02'),(109,27,113,'1','2021-12-24 07:26:02','2021-12-24 07:26:02'),(110,27,114,'1','2021-12-24 07:26:02','2021-12-24 07:26:02'),(111,27,115,'1','2021-12-24 07:26:02','2021-12-24 07:26:02'),(112,27,117,'1','2021-12-24 07:26:02','2021-12-24 07:26:02'),(113,27,119,'1','2021-12-24 07:26:02','2021-12-24 07:26:02'),(114,27,120,'1','2021-12-24 07:26:02','2021-12-24 07:26:02'),(115,27,121,'1','2021-12-24 07:26:02','2021-12-24 07:26:02'),(116,27,122,'1','2021-12-24 07:26:02','2021-12-24 07:26:02'),(117,27,123,'1','2021-12-24 07:26:02','2021-12-24 07:26:02'),(118,27,126,'1','2021-12-24 07:26:02','2021-12-24 07:26:02'),(119,27,127,'1','2021-12-24 07:26:02','2021-12-24 07:26:02'),(120,27,128,'1','2021-12-24 07:26:02','2021-12-24 07:26:02'),(121,27,130,'1','2021-12-24 07:26:02','2021-12-24 07:26:02'),(122,27,133,'1','2021-12-24 07:26:02','2021-12-24 07:26:02'),(123,28,76,'1','2021-12-29 12:48:51','2021-12-29 12:48:51'),(124,28,78,'1','2021-12-29 12:48:51','2021-12-29 12:48:51'),(125,28,81,'1','2021-12-29 12:48:51','2021-12-29 12:48:51'),(126,28,83,'1','2021-12-29 12:48:51','2021-12-29 12:48:51'),(127,28,84,'1','2021-12-29 12:48:51','2021-12-29 12:48:51'),(128,28,85,'1','2021-12-29 12:48:51','2021-12-29 12:48:51'),(129,28,88,'1','2021-12-29 12:48:51','2021-12-29 12:48:51'),(130,28,89,'1','2021-12-29 12:48:51','2021-12-29 12:48:51'),(131,28,90,'1','2021-12-29 12:48:51','2021-12-29 12:48:51'),(132,28,92,'1','2021-12-29 12:48:51','2021-12-29 12:48:51'),(133,28,94,'1','2021-12-29 12:48:51','2021-12-29 12:48:51'),(134,28,95,'1','2021-12-29 12:48:51','2021-12-29 12:48:51'),(135,28,98,'1','2021-12-29 12:48:51','2021-12-29 12:48:51'),(136,28,99,'1','2021-12-29 12:48:51','2021-12-29 12:48:51'),(137,28,100,'1','2021-12-29 12:48:51','2021-12-29 12:48:51'),(138,28,101,'1','2021-12-29 12:48:51','2021-12-29 12:48:51'),(139,28,102,'1','2021-12-29 12:48:51','2021-12-29 12:48:51'),(140,28,103,'1','2021-12-29 12:48:51','2021-12-29 12:48:51'),(141,28,104,'1','2021-12-29 12:48:51','2021-12-29 12:48:51'),(142,28,105,'1','2021-12-29 12:48:51','2021-12-29 12:48:51'),(143,28,106,'1','2021-12-29 12:48:51','2021-12-29 12:48:51'),(144,28,107,'1','2021-12-29 12:48:51','2021-12-29 12:48:51'),(145,28,108,'1','2021-12-29 12:48:51','2021-12-29 12:48:51'),(146,28,109,'1','2021-12-29 12:48:51','2021-12-29 12:48:51'),(147,28,110,'1','2021-12-29 12:48:51','2021-12-29 12:48:51'),(148,28,111,'1','2021-12-29 12:48:51','2021-12-29 12:48:51'),(149,28,113,'1','2021-12-29 12:48:51','2021-12-29 12:48:51'),(150,28,114,'1','2021-12-29 12:48:51','2021-12-29 12:48:51'),(151,28,115,'1','2021-12-29 12:48:51','2021-12-29 12:48:51'),(152,28,117,'1','2021-12-29 12:48:51','2021-12-29 12:48:51'),(153,28,119,'1','2021-12-29 12:48:51','2021-12-29 12:48:51'),(154,28,120,'1','2021-12-29 12:48:51','2021-12-29 12:48:51'),(155,28,121,'1','2021-12-29 12:48:51','2021-12-29 12:48:51'),(156,28,122,'1','2021-12-29 12:48:51','2021-12-29 12:48:51'),(157,28,123,'1','2021-12-29 12:48:51','2021-12-29 12:48:51'),(158,28,126,'1','2021-12-29 12:48:51','2021-12-29 12:48:51'),(159,28,127,'1','2021-12-29 12:48:51','2021-12-29 12:48:51'),(160,28,128,'1','2021-12-29 12:48:51','2021-12-29 12:48:51'),(161,28,130,'1','2021-12-29 12:48:51','2021-12-29 12:48:51'),(162,28,133,'1','2021-12-29 12:48:51','2021-12-29 12:48:51'),(163,29,76,'1','2021-12-29 19:41:29','2021-12-29 19:41:29'),(164,29,78,'1','2021-12-29 19:41:29','2021-12-29 19:41:29'),(165,29,81,'1','2021-12-29 19:41:29','2021-12-29 19:41:29'),(166,29,83,'1','2021-12-29 19:41:29','2021-12-29 19:41:29'),(167,29,84,'1','2021-12-29 19:41:29','2021-12-29 19:41:29'),(168,29,85,'1','2021-12-29 19:41:29','2021-12-29 19:41:29'),(169,29,88,'1','2021-12-29 19:41:29','2021-12-29 19:41:29'),(170,29,89,'1','2021-12-29 19:41:29','2021-12-29 19:41:29'),(171,29,90,'1','2021-12-29 19:41:29','2021-12-29 19:41:29'),(172,29,92,'1','2021-12-29 19:41:29','2021-12-29 19:41:29'),(173,29,94,'1','2021-12-29 19:41:29','2021-12-29 19:41:29'),(174,29,95,'1','2021-12-29 19:41:29','2021-12-29 19:41:29'),(175,29,96,'1','2021-12-29 19:41:29','2021-12-29 19:41:29'),(176,29,98,'1','2021-12-29 19:41:29','2021-12-29 19:41:29'),(177,29,99,'1','2021-12-29 19:41:29','2021-12-29 19:41:29'),(178,29,100,'1','2021-12-29 19:41:29','2021-12-29 19:41:29'),(179,29,101,'1','2021-12-29 19:41:29','2021-12-29 19:41:29'),(180,29,102,'1','2021-12-29 19:41:29','2021-12-29 19:41:29'),(181,29,103,'1','2021-12-29 19:41:29','2021-12-29 19:41:29'),(182,29,104,'1','2021-12-29 19:41:29','2021-12-29 19:41:29'),(183,29,105,'1','2021-12-29 19:41:29','2021-12-29 19:41:29'),(184,29,106,'1','2021-12-29 19:41:29','2021-12-29 19:41:29'),(185,29,107,'1','2021-12-29 19:41:29','2021-12-29 19:41:29'),(186,29,108,'1','2021-12-29 19:41:29','2021-12-29 19:41:29'),(187,29,109,'1','2021-12-29 19:41:29','2021-12-29 19:41:29'),(188,29,110,'1','2021-12-29 19:41:29','2021-12-29 19:41:29'),(189,29,111,'1','2021-12-29 19:41:29','2021-12-29 19:41:29'),(190,29,113,'1','2021-12-29 19:41:29','2021-12-29 19:41:29'),(191,29,114,'1','2021-12-29 19:41:29','2021-12-29 19:41:29'),(192,29,115,'1','2021-12-29 19:41:29','2021-12-29 19:41:29'),(193,29,117,'1','2021-12-29 19:41:29','2021-12-29 19:41:29'),(194,29,119,'1','2021-12-29 19:41:29','2021-12-29 19:41:29'),(195,29,120,'1','2021-12-29 19:41:29','2021-12-29 19:41:29'),(196,29,121,'1','2021-12-29 19:41:29','2021-12-29 19:41:29'),(197,29,122,'1','2021-12-29 19:41:29','2021-12-29 19:41:29'),(198,29,123,'1','2021-12-29 19:41:29','2021-12-29 19:41:29'),(199,29,126,'1','2021-12-29 19:41:29','2021-12-29 19:41:29'),(200,29,127,'1','2021-12-29 19:41:29','2021-12-29 19:41:29'),(201,29,128,'1','2021-12-29 19:41:29','2021-12-29 19:41:29'),(202,29,130,'1','2021-12-29 19:41:29','2021-12-29 19:41:29'),(203,29,133,'1','2021-12-29 19:41:29','2021-12-29 19:41:29'),(204,30,76,'1','2021-12-29 19:50:09','2021-12-29 19:50:09'),(205,30,78,'1','2021-12-29 19:50:09','2021-12-29 19:50:09'),(206,30,81,'1','2021-12-29 19:50:09','2021-12-29 19:50:09'),(207,30,83,'1','2021-12-29 19:50:09','2021-12-29 19:50:09'),(208,30,84,'1','2021-12-29 19:50:09','2021-12-29 19:50:09'),(209,30,85,'1','2021-12-29 19:50:09','2021-12-29 19:50:09'),(210,30,88,'1','2021-12-29 19:50:09','2021-12-29 19:50:09'),(211,30,89,'1','2021-12-29 19:50:09','2021-12-29 19:50:09'),(212,30,90,'1','2021-12-29 19:50:09','2021-12-29 19:50:09'),(213,30,92,'1','2021-12-29 19:50:09','2021-12-29 19:50:09'),(214,30,94,'1','2021-12-29 19:50:09','2021-12-29 19:50:09'),(215,30,95,'1','2021-12-29 19:50:09','2021-12-29 19:50:09'),(216,30,96,'1','2021-12-29 19:50:09','2021-12-29 19:50:09'),(217,30,98,'1','2021-12-29 19:50:09','2021-12-29 19:50:09'),(218,30,99,'1','2021-12-29 19:50:09','2021-12-29 19:50:09'),(219,30,100,'1','2021-12-29 19:50:09','2021-12-29 19:50:09'),(220,30,101,'1','2021-12-29 19:50:09','2021-12-29 19:50:09'),(221,30,102,'1','2021-12-29 19:50:09','2021-12-29 19:50:09'),(222,30,103,'1','2021-12-29 19:50:09','2021-12-29 19:50:09'),(223,30,104,'1','2021-12-29 19:50:09','2021-12-29 19:50:09'),(224,30,105,'1','2021-12-29 19:50:09','2021-12-29 19:50:09'),(225,30,106,'1','2021-12-29 19:50:09','2021-12-29 19:50:09'),(226,30,107,'1','2021-12-29 19:50:09','2021-12-29 19:50:09'),(227,30,108,'1','2021-12-29 19:50:09','2021-12-29 19:50:09'),(228,30,109,'1','2021-12-29 19:50:09','2021-12-29 19:50:09'),(229,30,110,'1','2021-12-29 19:50:09','2021-12-29 19:50:09'),(230,30,111,'1','2021-12-29 19:50:09','2021-12-29 19:50:09'),(231,30,113,'1','2021-12-29 19:50:09','2021-12-29 19:50:09'),(232,30,114,'1','2021-12-29 19:50:09','2021-12-29 19:50:09'),(233,30,115,'1','2021-12-29 19:50:09','2021-12-29 19:50:09'),(234,30,117,'1','2021-12-29 19:50:09','2021-12-29 19:50:09'),(235,30,119,'1','2021-12-29 19:50:09','2021-12-29 19:50:09'),(236,30,120,'1','2021-12-29 19:50:09','2021-12-29 19:50:09'),(237,30,121,'1','2021-12-29 19:50:09','2021-12-29 19:50:09'),(238,30,122,'1','2021-12-29 19:50:09','2021-12-29 19:50:09'),(239,30,123,'1','2021-12-29 19:50:09','2021-12-29 19:50:09'),(240,30,126,'1','2021-12-29 19:50:09','2021-12-29 19:50:09'),(241,30,127,'1','2021-12-29 19:50:09','2021-12-29 19:50:09'),(242,30,128,'1','2021-12-29 19:50:09','2021-12-29 19:50:09'),(243,30,130,'1','2021-12-29 19:50:09','2021-12-29 19:50:09'),(244,30,133,'1','2021-12-29 19:50:09','2021-12-29 19:50:09'),(245,31,76,'1','2021-12-29 19:52:27','2021-12-29 19:52:27'),(246,31,78,'1','2021-12-29 19:52:27','2021-12-29 19:52:27'),(247,31,81,'1','2021-12-29 19:52:27','2021-12-29 19:52:27'),(248,31,83,'1','2021-12-29 19:52:27','2021-12-29 19:52:27'),(249,31,84,'1','2021-12-29 19:52:27','2021-12-29 19:52:27'),(250,31,85,'1','2021-12-29 19:52:27','2021-12-29 19:52:27'),(251,31,88,'1','2021-12-29 19:52:27','2021-12-29 19:52:27'),(252,31,89,'1','2021-12-29 19:52:27','2021-12-29 19:52:27'),(253,31,90,'1','2021-12-29 19:52:27','2021-12-29 19:52:27'),(254,31,92,'1','2021-12-29 19:52:27','2021-12-29 19:52:27'),(255,31,94,'1','2021-12-29 19:52:27','2021-12-29 19:52:27'),(256,31,95,'1','2021-12-29 19:52:27','2021-12-29 19:52:27'),(257,31,96,'1','2021-12-29 19:52:27','2021-12-29 19:52:27'),(258,31,98,'1','2021-12-29 19:52:27','2021-12-29 19:52:27'),(259,31,99,'1','2021-12-29 19:52:27','2021-12-29 19:52:27'),(260,31,100,'1','2021-12-29 19:52:27','2021-12-29 19:52:27'),(261,31,101,'1','2021-12-29 19:52:27','2021-12-29 19:52:27'),(262,31,102,'1','2021-12-29 19:52:27','2021-12-29 19:52:27'),(263,31,103,'1','2021-12-29 19:52:27','2021-12-29 19:52:27'),(264,31,104,'1','2021-12-29 19:52:27','2021-12-29 19:52:27'),(265,31,105,'1','2021-12-29 19:52:27','2021-12-29 19:52:27'),(266,31,106,'1','2021-12-29 19:52:27','2021-12-29 19:52:27'),(267,31,107,'1','2021-12-29 19:52:27','2021-12-29 19:52:27'),(268,31,108,'1','2021-12-29 19:52:27','2021-12-29 19:52:27'),(269,31,109,'1','2021-12-29 19:52:27','2021-12-29 19:52:27'),(270,31,110,'1','2021-12-29 19:52:27','2021-12-29 19:52:27'),(271,31,111,'1','2021-12-29 19:52:27','2021-12-29 19:52:27'),(272,31,113,'1','2021-12-29 19:52:27','2021-12-29 19:52:27'),(273,31,114,'1','2021-12-29 19:52:27','2021-12-29 19:52:27'),(274,31,115,'1','2021-12-29 19:52:27','2021-12-29 19:52:27'),(275,31,117,'1','2021-12-29 19:52:27','2021-12-29 19:52:27'),(276,31,119,'1','2021-12-29 19:52:27','2021-12-29 19:52:27'),(277,31,120,'1','2021-12-29 19:52:27','2021-12-29 19:52:27'),(278,31,121,'1','2021-12-29 19:52:27','2021-12-29 19:52:27'),(279,31,122,'1','2021-12-29 19:52:27','2021-12-29 19:52:27'),(280,31,123,'1','2021-12-29 19:52:27','2021-12-29 19:52:27'),(281,31,126,'1','2021-12-29 19:52:27','2021-12-29 19:52:27'),(282,31,127,'1','2021-12-29 19:52:27','2021-12-29 19:52:27'),(283,31,128,'1','2021-12-29 19:52:27','2021-12-29 19:52:27'),(284,31,130,'1','2021-12-29 19:52:27','2021-12-29 19:52:27'),(285,31,133,'1','2021-12-29 19:52:27','2021-12-29 19:52:27'),(286,32,76,'1','2021-12-29 19:54:09','2021-12-29 19:54:09'),(287,32,78,'1','2021-12-29 19:54:09','2021-12-29 19:54:09'),(288,32,81,'1','2021-12-29 19:54:09','2021-12-29 19:54:09'),(289,32,83,'1','2021-12-29 19:54:09','2021-12-29 19:54:09'),(290,32,84,'1','2021-12-29 19:54:09','2021-12-29 19:54:09'),(291,32,85,'1','2021-12-29 19:54:09','2021-12-29 19:54:09'),(292,32,88,'1','2021-12-29 19:54:09','2021-12-29 19:54:09'),(293,32,89,'1','2021-12-29 19:54:09','2021-12-29 19:54:09'),(294,32,90,'1','2021-12-29 19:54:09','2021-12-29 19:54:09'),(295,32,92,'1','2021-12-29 19:54:09','2021-12-29 19:54:09'),(296,32,94,'1','2021-12-29 19:54:09','2021-12-29 19:54:09'),(297,32,95,'1','2021-12-29 19:54:09','2021-12-29 19:54:09'),(298,32,96,'1','2021-12-29 19:54:09','2021-12-29 19:54:09'),(299,32,98,'1','2021-12-29 19:54:09','2021-12-29 19:54:09'),(300,32,99,'1','2021-12-29 19:54:09','2021-12-29 19:54:09'),(301,32,100,'1','2021-12-29 19:54:09','2021-12-29 19:54:09'),(302,32,101,'1','2021-12-29 19:54:09','2021-12-29 19:54:09'),(303,32,102,'1','2021-12-29 19:54:09','2021-12-29 19:54:09'),(304,32,103,'1','2021-12-29 19:54:09','2021-12-29 19:54:09'),(305,32,104,'1','2021-12-29 19:54:09','2021-12-29 19:54:09'),(306,32,105,'1','2021-12-29 19:54:09','2021-12-29 19:54:09'),(307,32,106,'1','2021-12-29 19:54:09','2021-12-29 19:54:09'),(308,32,107,'1','2021-12-29 19:54:09','2021-12-29 19:54:09'),(309,32,108,'1','2021-12-29 19:54:09','2021-12-29 19:54:09'),(310,32,109,'1','2021-12-29 19:54:09','2021-12-29 19:54:09'),(311,32,110,'1','2021-12-29 19:54:09','2021-12-29 19:54:09'),(312,32,111,'1','2021-12-29 19:54:09','2021-12-29 19:54:09'),(313,32,113,'1','2021-12-29 19:54:09','2021-12-29 19:54:09'),(314,32,114,'1','2021-12-29 19:54:09','2021-12-29 19:54:09'),(315,32,115,'1','2021-12-29 19:54:09','2021-12-29 19:54:09'),(316,32,117,'1','2021-12-29 19:54:09','2021-12-29 19:54:09'),(317,32,119,'1','2021-12-29 19:54:09','2021-12-29 19:54:09'),(318,32,120,'1','2021-12-29 19:54:09','2021-12-29 19:54:09'),(319,32,121,'1','2021-12-29 19:54:09','2021-12-29 19:54:09'),(320,32,122,'1','2021-12-29 19:54:09','2021-12-29 19:54:09'),(321,32,123,'1','2021-12-29 19:54:09','2021-12-29 19:54:09'),(322,32,126,'1','2021-12-29 19:54:09','2021-12-29 19:54:09'),(323,32,127,'1','2021-12-29 19:54:09','2021-12-29 19:54:09'),(324,32,128,'1','2021-12-29 19:54:09','2021-12-29 19:54:09'),(325,32,130,'1','2021-12-29 19:54:09','2021-12-29 19:54:09'),(326,32,133,'1','2021-12-29 19:54:09','2021-12-29 19:54:09'),(327,33,76,'1','2021-12-29 19:55:27','2021-12-29 19:55:27'),(328,33,78,'1','2021-12-29 19:55:27','2021-12-29 19:55:27'),(329,33,81,'1','2021-12-29 19:55:27','2021-12-29 19:55:27'),(330,33,83,'1','2021-12-29 19:55:27','2021-12-29 19:55:27'),(331,33,84,'1','2021-12-29 19:55:27','2021-12-29 19:55:27'),(332,33,85,'1','2021-12-29 19:55:27','2021-12-29 19:55:27'),(333,33,88,'1','2021-12-29 19:55:27','2021-12-29 19:55:27'),(334,33,89,'1','2021-12-29 19:55:27','2021-12-29 19:55:27'),(335,33,90,'1','2021-12-29 19:55:27','2021-12-29 19:55:27'),(336,33,92,'1','2021-12-29 19:55:27','2021-12-29 19:55:27'),(337,33,94,'1','2021-12-29 19:55:27','2021-12-29 19:55:27'),(338,33,95,'1','2021-12-29 19:55:27','2021-12-29 19:55:27'),(339,33,96,'1','2021-12-29 19:55:27','2021-12-29 19:55:27'),(340,33,98,'1','2021-12-29 19:55:27','2021-12-29 19:55:27'),(341,33,99,'1','2021-12-29 19:55:27','2021-12-29 19:55:27'),(342,33,100,'1','2021-12-29 19:55:27','2021-12-29 19:55:27'),(343,33,101,'1','2021-12-29 19:55:27','2021-12-29 19:55:27'),(344,33,102,'1','2021-12-29 19:55:27','2021-12-29 19:55:27'),(345,33,103,'1','2021-12-29 19:55:27','2021-12-29 19:55:27'),(346,33,104,'1','2021-12-29 19:55:27','2021-12-29 19:55:27'),(347,33,105,'1','2021-12-29 19:55:27','2021-12-29 19:55:27'),(348,33,106,'1','2021-12-29 19:55:27','2021-12-29 19:55:27'),(349,33,107,'1','2021-12-29 19:55:27','2021-12-29 19:55:27'),(350,33,108,'1','2021-12-29 19:55:27','2021-12-29 19:55:27'),(351,33,109,'1','2021-12-29 19:55:27','2021-12-29 19:55:27'),(352,33,110,'1','2021-12-29 19:55:27','2021-12-29 19:55:27'),(353,33,111,'1','2021-12-29 19:55:27','2021-12-29 19:55:27'),(354,33,113,'1','2021-12-29 19:55:27','2021-12-29 19:55:27'),(355,33,114,'1','2021-12-29 19:55:27','2021-12-29 19:55:27'),(356,33,115,'1','2021-12-29 19:55:27','2021-12-29 19:55:27'),(357,33,117,'1','2021-12-29 19:55:27','2021-12-29 19:55:27'),(358,33,119,'1','2021-12-29 19:55:27','2021-12-29 19:55:27'),(359,33,120,'1','2021-12-29 19:55:27','2021-12-29 19:55:27'),(360,33,121,'1','2021-12-29 19:55:27','2021-12-29 19:55:27'),(361,33,122,'1','2021-12-29 19:55:27','2021-12-29 19:55:27'),(362,33,123,'1','2021-12-29 19:55:27','2021-12-29 19:55:27'),(363,33,126,'1','2021-12-29 19:55:27','2021-12-29 19:55:27'),(364,33,127,'1','2021-12-29 19:55:27','2021-12-29 19:55:27'),(365,33,128,'1','2021-12-29 19:55:27','2021-12-29 19:55:27'),(366,33,130,'1','2021-12-29 19:55:27','2021-12-29 19:55:27'),(367,33,133,'1','2021-12-29 19:55:27','2021-12-29 19:55:27'),(368,34,76,'1','2021-12-29 19:56:28','2021-12-29 19:56:28'),(369,34,78,'1','2021-12-29 19:56:28','2021-12-29 19:56:28'),(370,34,81,'1','2021-12-29 19:56:28','2021-12-29 19:56:28'),(371,34,83,'1','2021-12-29 19:56:28','2021-12-29 19:56:28'),(372,34,84,'1','2021-12-29 19:56:28','2021-12-29 19:56:28'),(373,34,85,'1','2021-12-29 19:56:28','2021-12-29 19:56:28'),(374,34,88,'1','2021-12-29 19:56:28','2021-12-29 19:56:28'),(375,34,89,'1','2021-12-29 19:56:28','2021-12-29 19:56:28'),(376,34,90,'1','2021-12-29 19:56:28','2021-12-29 19:56:28'),(377,34,92,'1','2021-12-29 19:56:28','2021-12-29 19:56:28'),(378,34,94,'1','2021-12-29 19:56:28','2021-12-29 19:56:28'),(379,34,95,'1','2021-12-29 19:56:28','2021-12-29 19:56:28'),(380,34,96,'1','2021-12-29 19:56:28','2021-12-29 19:56:28'),(381,34,98,'1','2021-12-29 19:56:28','2021-12-29 19:56:28'),(382,34,99,'1','2021-12-29 19:56:28','2021-12-29 19:56:28'),(383,34,100,'1','2021-12-29 19:56:28','2021-12-29 19:56:28'),(384,34,101,'1','2021-12-29 19:56:28','2021-12-29 19:56:28'),(385,34,102,'1','2021-12-29 19:56:28','2021-12-29 19:56:28'),(386,34,103,'1','2021-12-29 19:56:28','2021-12-29 19:56:28'),(387,34,104,'1','2021-12-29 19:56:28','2021-12-29 19:56:28'),(388,34,105,'1','2021-12-29 19:56:28','2021-12-29 19:56:28'),(389,34,106,'1','2021-12-29 19:56:28','2021-12-29 19:56:28'),(390,34,107,'1','2021-12-29 19:56:28','2021-12-29 19:56:28'),(391,34,108,'1','2021-12-29 19:56:28','2021-12-29 19:56:28'),(392,34,109,'1','2021-12-29 19:56:28','2021-12-29 19:56:28'),(393,34,110,'1','2021-12-29 19:56:28','2021-12-29 19:56:28'),(394,34,111,'1','2021-12-29 19:56:28','2021-12-29 19:56:28'),(395,34,113,'1','2021-12-29 19:56:28','2021-12-29 19:56:28'),(396,34,114,'1','2021-12-29 19:56:28','2021-12-29 19:56:28'),(397,34,115,'1','2021-12-29 19:56:28','2021-12-29 19:56:28'),(398,34,117,'1','2021-12-29 19:56:28','2021-12-29 19:56:28'),(399,34,119,'1','2021-12-29 19:56:28','2021-12-29 19:56:28'),(400,34,120,'1','2021-12-29 19:56:28','2021-12-29 19:56:28'),(401,34,121,'1','2021-12-29 19:56:28','2021-12-29 19:56:28'),(402,34,122,'1','2021-12-29 19:56:28','2021-12-29 19:56:28'),(403,34,123,'1','2021-12-29 19:56:28','2021-12-29 19:56:28'),(404,34,126,'1','2021-12-29 19:56:28','2021-12-29 19:56:28'),(405,34,127,'1','2021-12-29 19:56:28','2021-12-29 19:56:28'),(406,34,128,'1','2021-12-29 19:56:28','2021-12-29 19:56:28'),(407,34,130,'1','2021-12-29 19:56:28','2021-12-29 19:56:28'),(408,34,133,'1','2021-12-29 19:56:28','2021-12-29 19:56:28'),(409,35,76,'1','2021-12-29 19:57:45','2021-12-29 19:57:45'),(410,35,78,'1','2021-12-29 19:57:45','2021-12-29 19:57:45'),(411,35,81,'1','2021-12-29 19:57:45','2021-12-29 19:57:45'),(412,35,83,'1','2021-12-29 19:57:45','2021-12-29 19:57:45'),(413,35,84,'1','2021-12-29 19:57:45','2021-12-29 19:57:45'),(414,35,85,'1','2021-12-29 19:57:45','2021-12-29 19:57:45'),(415,35,88,'1','2021-12-29 19:57:45','2021-12-29 19:57:45'),(416,35,89,'1','2021-12-29 19:57:45','2021-12-29 19:57:45'),(417,35,90,'1','2021-12-29 19:57:45','2021-12-29 19:57:45'),(418,35,92,'1','2021-12-29 19:57:45','2021-12-29 19:57:45'),(419,35,94,'1','2021-12-29 19:57:45','2021-12-29 19:57:45'),(420,35,95,'1','2021-12-29 19:57:45','2021-12-29 19:57:45'),(421,35,96,'1','2021-12-29 19:57:45','2021-12-29 19:57:45'),(422,35,98,'1','2021-12-29 19:57:45','2021-12-29 19:57:45'),(423,35,99,'1','2021-12-29 19:57:45','2021-12-29 19:57:45'),(424,35,100,'1','2021-12-29 19:57:45','2021-12-29 19:57:45'),(425,35,101,'1','2021-12-29 19:57:45','2021-12-29 19:57:45'),(426,35,102,'1','2021-12-29 19:57:45','2021-12-29 19:57:45'),(427,35,103,'1','2021-12-29 19:57:45','2021-12-29 19:57:45'),(428,35,104,'1','2021-12-29 19:57:45','2021-12-29 19:57:45'),(429,35,105,'1','2021-12-29 19:57:45','2021-12-29 19:57:45'),(430,35,106,'1','2021-12-29 19:57:45','2021-12-29 19:57:45'),(431,35,107,'1','2021-12-29 19:57:45','2021-12-29 19:57:45'),(432,35,108,'1','2021-12-29 19:57:45','2021-12-29 19:57:45'),(433,35,109,'1','2021-12-29 19:57:45','2021-12-29 19:57:45'),(434,35,110,'1','2021-12-29 19:57:45','2021-12-29 19:57:45'),(435,35,111,'1','2021-12-29 19:57:45','2021-12-29 19:57:45'),(436,35,113,'1','2021-12-29 19:57:45','2021-12-29 19:57:45'),(437,35,114,'1','2021-12-29 19:57:45','2021-12-29 19:57:45'),(438,35,115,'1','2021-12-29 19:57:45','2021-12-29 19:57:45'),(439,35,117,'1','2021-12-29 19:57:45','2021-12-29 19:57:45'),(440,35,119,'1','2021-12-29 19:57:45','2021-12-29 19:57:45'),(441,35,120,'1','2021-12-29 19:57:45','2021-12-29 19:57:45'),(442,35,121,'1','2021-12-29 19:57:45','2021-12-29 19:57:45'),(443,35,122,'1','2021-12-29 19:57:45','2021-12-29 19:57:45'),(444,35,123,'1','2021-12-29 19:57:45','2021-12-29 19:57:45'),(445,35,126,'1','2021-12-29 19:57:45','2021-12-29 19:57:45'),(446,35,127,'1','2021-12-29 19:57:45','2021-12-29 19:57:45'),(447,35,128,'1','2021-12-29 19:57:45','2021-12-29 19:57:45'),(448,35,130,'1','2021-12-29 19:57:45','2021-12-29 19:57:45'),(449,35,133,'1','2021-12-29 19:57:45','2021-12-29 19:57:45'),(450,36,76,'1','2021-12-29 19:58:45','2021-12-29 19:58:45'),(451,36,78,'1','2021-12-29 19:58:45','2021-12-29 19:58:45'),(452,36,81,'1','2021-12-29 19:58:45','2021-12-29 19:58:45'),(453,36,83,'1','2021-12-29 19:58:45','2021-12-29 19:58:45'),(454,36,84,'1','2021-12-29 19:58:45','2021-12-29 19:58:45'),(455,36,85,'1','2021-12-29 19:58:45','2021-12-29 19:58:45'),(456,36,88,'1','2021-12-29 19:58:45','2021-12-29 19:58:45'),(457,36,89,'1','2021-12-29 19:58:45','2021-12-29 19:58:45'),(458,36,90,'1','2021-12-29 19:58:45','2021-12-29 19:58:45'),(459,36,92,'1','2021-12-29 19:58:45','2021-12-29 19:58:45'),(460,36,94,'1','2021-12-29 19:58:45','2021-12-29 19:58:45'),(461,36,95,'1','2021-12-29 19:58:45','2021-12-29 19:58:45'),(462,36,96,'1','2021-12-29 19:58:45','2021-12-29 19:58:45'),(463,36,98,'1','2021-12-29 19:58:45','2021-12-29 19:58:45'),(464,36,99,'1','2021-12-29 19:58:45','2021-12-29 19:58:45'),(465,36,100,'1','2021-12-29 19:58:45','2021-12-29 19:58:45'),(466,36,101,'1','2021-12-29 19:58:45','2021-12-29 19:58:45'),(467,36,102,'1','2021-12-29 19:58:45','2021-12-29 19:58:45'),(468,36,103,'1','2021-12-29 19:58:45','2021-12-29 19:58:45'),(469,36,104,'1','2021-12-29 19:58:45','2021-12-29 19:58:45'),(470,36,105,'1','2021-12-29 19:58:45','2021-12-29 19:58:45'),(471,36,106,'1','2021-12-29 19:58:45','2021-12-29 19:58:45'),(472,36,107,'1','2021-12-29 19:58:45','2021-12-29 19:58:45'),(473,36,108,'1','2021-12-29 19:58:45','2021-12-29 19:58:45'),(474,36,109,'1','2021-12-29 19:58:45','2021-12-29 19:58:45'),(475,36,110,'1','2021-12-29 19:58:45','2021-12-29 19:58:45'),(476,36,111,'1','2021-12-29 19:58:45','2021-12-29 19:58:45'),(477,36,113,'1','2021-12-29 19:58:45','2021-12-29 19:58:45'),(478,36,114,'1','2021-12-29 19:58:45','2021-12-29 19:58:45'),(479,36,115,'1','2021-12-29 19:58:45','2021-12-29 19:58:45'),(480,36,117,'1','2021-12-29 19:58:45','2021-12-29 19:58:45'),(481,36,119,'1','2021-12-29 19:58:45','2021-12-29 19:58:45'),(482,36,120,'1','2021-12-29 19:58:45','2021-12-29 19:58:45'),(483,36,121,'1','2021-12-29 19:58:45','2021-12-29 19:58:45'),(484,36,122,'1','2021-12-29 19:58:45','2021-12-29 19:58:45'),(485,36,123,'1','2021-12-29 19:58:45','2021-12-29 19:58:45'),(486,36,126,'1','2021-12-29 19:58:45','2021-12-29 19:58:45'),(487,36,127,'1','2021-12-29 19:58:45','2021-12-29 19:58:45'),(488,36,128,'1','2021-12-29 19:58:45','2021-12-29 19:58:45'),(489,36,130,'1','2021-12-29 19:58:45','2021-12-29 19:58:45'),(490,36,133,'1','2021-12-29 19:58:45','2021-12-29 19:58:45'),(491,37,76,'1','2021-12-29 19:59:35','2021-12-29 19:59:35'),(492,37,78,'1','2021-12-29 19:59:35','2021-12-29 19:59:35'),(493,37,81,'1','2021-12-29 19:59:35','2021-12-29 19:59:35'),(494,37,83,'1','2021-12-29 19:59:35','2021-12-29 19:59:35'),(495,37,84,'1','2021-12-29 19:59:35','2021-12-29 19:59:35'),(496,37,85,'1','2021-12-29 19:59:35','2021-12-29 19:59:35'),(497,37,88,'1','2021-12-29 19:59:35','2021-12-29 19:59:35'),(498,37,89,'1','2021-12-29 19:59:35','2021-12-29 19:59:35'),(499,37,90,'1','2021-12-29 19:59:35','2021-12-29 19:59:35'),(500,37,92,'1','2021-12-29 19:59:35','2021-12-29 19:59:35'),(501,37,94,'1','2021-12-29 19:59:35','2021-12-29 19:59:35'),(502,37,95,'1','2021-12-29 19:59:35','2021-12-29 19:59:35'),(503,37,96,'1','2021-12-29 19:59:35','2021-12-29 19:59:35'),(504,37,98,'1','2021-12-29 19:59:35','2021-12-29 19:59:35'),(505,37,99,'1','2021-12-29 19:59:35','2021-12-29 19:59:35'),(506,37,100,'1','2021-12-29 19:59:35','2021-12-29 19:59:35'),(507,37,101,'1','2021-12-29 19:59:35','2021-12-29 19:59:35'),(508,37,102,'1','2021-12-29 19:59:35','2021-12-29 19:59:35'),(509,37,103,'1','2021-12-29 19:59:35','2021-12-29 19:59:35'),(510,37,104,'1','2021-12-29 19:59:35','2021-12-29 19:59:35'),(511,37,105,'1','2021-12-29 19:59:35','2021-12-29 19:59:35'),(512,37,106,'1','2021-12-29 19:59:35','2021-12-29 19:59:35'),(513,37,107,'1','2021-12-29 19:59:35','2021-12-29 19:59:35'),(514,37,108,'1','2021-12-29 19:59:35','2021-12-29 19:59:35'),(515,37,109,'1','2021-12-29 19:59:35','2021-12-29 19:59:35'),(516,37,110,'1','2021-12-29 19:59:35','2021-12-29 19:59:35'),(517,37,111,'1','2021-12-29 19:59:35','2021-12-29 19:59:35'),(518,37,113,'1','2021-12-29 19:59:35','2021-12-29 19:59:35'),(519,37,114,'1','2021-12-29 19:59:35','2021-12-29 19:59:35'),(520,37,115,'1','2021-12-29 19:59:35','2021-12-29 19:59:35'),(521,37,117,'1','2021-12-29 19:59:35','2021-12-29 19:59:35'),(522,37,119,'1','2021-12-29 19:59:35','2021-12-29 19:59:35'),(523,37,120,'1','2021-12-29 19:59:35','2021-12-29 19:59:35'),(524,37,121,'1','2021-12-29 19:59:35','2021-12-29 19:59:35'),(525,37,122,'1','2021-12-29 19:59:35','2021-12-29 19:59:35'),(526,37,123,'1','2021-12-29 19:59:35','2021-12-29 19:59:35'),(527,37,126,'1','2021-12-29 19:59:35','2021-12-29 19:59:35'),(528,37,127,'1','2021-12-29 19:59:35','2021-12-29 19:59:35'),(529,37,128,'1','2021-12-29 19:59:35','2021-12-29 19:59:35'),(530,37,130,'1','2021-12-29 19:59:35','2021-12-29 19:59:35'),(531,37,133,'1','2021-12-29 19:59:35','2021-12-29 19:59:35'),(533,39,156,'1','2022-01-06 09:53:24','2022-01-06 09:53:24'),(534,38,156,'1','2022-01-06 09:53:48','2022-01-06 09:53:48'),(535,40,156,'1','2022-01-06 09:54:31','2022-01-06 09:54:31'),(536,41,156,'1','2022-01-06 09:55:03','2022-01-06 09:55:03'),(537,23,133,'1','2022-01-10 10:55:01','2022-01-10 10:55:01');

--
-- Table structure for table `tbl_course`
--

CREATE TABLE `tbl_course` (
  `course_id` int NOT NULL AUTO_INCREMENT,
  `course_code` varchar(255) CHARACTER SET utf8mb4 COLLATE utf8mb4_unicode_ci DEFAULT NULL,
  `course_name` text CHARACTER SET utf8mb4 COLLATE utf8mb4_unicode_ci,
  `meta_title` varchar(255) CHARACTER SET utf8mb4 COLLATE utf8mb4_unicode_ci DEFAULT NULL,
  `meta_keyword` text CHARACTER SET utf8mb4 COLLATE utf8mb4_unicode_ci,
  `meta_description` text CHARACTER SET utf8mb4 COLLATE utf8mb4_unicode_ci,
  `slug` varchar(255) CHARACTER SET utf8mb4 COLLATE utf8mb4_unicode_ci DEFAULT NULL,
  `course_sub_description` text CHARACTER SET utf8mb4 COLLATE utf8mb4_unicode_ci,
  `course_description` text CHARACTER SET utf8mb4 COLLATE utf8mb4_unicode_ci,
  `course_requirement` text CHARACTER SET utf8mb4 COLLATE utf8mb4_unicode_ci,
  `course_image` varchar(255) CHARACTER SET utf8mb4 COLLATE utf8mb4_unicode_ci DEFAULT NULL,
  `course_applications` text CHARACTER SET utf8mb4 COLLATE utf8mb4_unicode_ci,
  `course_include` text CHARACTER SET utf8mb4 COLLATE utf8mb4_unicode_ci,
  `course_featured` enum('0','1') CHARACTER SET utf8mb4 COLLATE utf8mb4_unicode_ci DEFAULT '0' COMMENT '1= Yes, 0= No',
  `course_tag` varchar(255) CHARACTER SET utf8mb4 COLLATE utf8mb4_unicode_ci DEFAULT NULL,
  `course_price` varchar(255) CHARACTER SET utf8mb4 COLLATE utf8mb4_unicode_ci DEFAULT NULL,
  `subscription_day` int DEFAULT NULL,
  `status` enum('0','1') CHARACTER SET utf8mb4 COLLATE utf8mb4_unicode_ci DEFAULT '1' COMMENT '1= publish, 0= unpublish',
  `is_delete` enum('0','1') CHARACTER SET utf8mb4 COLLATE utf8mb4_unicode_ci DEFAULT '0' COMMENT '0= notdeleted, 1= deleted course',
  `created_at` timestamp NULL DEFAULT NULL,
  `updated_at` timestamp NULL DEFAULT NULL,
  PRIMARY KEY (`course_id`)
) ENGINE=InnoDB AUTO_INCREMENT=198 DEFAULT CHARSET=latin1;

--
-- Dumping data for table `tbl_course`
--

INSERT INTO `tbl_course` VALUES (75,'1','Industrial Robotics','Industrial Robotics',NULL,NULL,'industrial-robotics','First course on Industrial Robotics','<p>First course on industrial robotics.</p>','<p>There are no preerquisites.</p>',NULL,'<p>Basics of industrial robotics</p>','<p>Videos and assessment</p>','0',NULL,'1000',NULL,'1','0',NULL,'2022-08-01 12:34:46'),(76,'11','Power System Protection : Elements of Power System','Learn Elements of Power System Protection Course','elements of power system analysis,power system protection,switchgear and protection,fundamentals of power system protection,relay in power system,Thermal Power Plant','Learn fundamental concepts of main elements of the power system such as generators, transformers and transmission lines in the context of power system protection.','power-system-protection--elements-of-power-system','Fundamental concepts on elements of power system protection.','<p>The module aims at teaching fundamental concepts of main elements of the power system such as generators, transformers and transmission lines in context of power system protection. This is a prerequisite for learning power system protection in modules to follow.&nbsp;</p>','<p><span style=\"font-size:16px\">This course does not have any prerequisites.</span></p>','https://edupmquestionhelp.s3.ap-south-1.amazonaws.com/assets/images/1636000093511636000093.png','<ol>\n	<li>The student will learn fundamental concepts of elements of the power system.&nbsp;</li>\n	<li>Candidates will be able to develop single line diagrams and key one line diagrams&nbsp; after completing the module.</li>\n	<li>The student will be ready to understand protection of these elements of the power system, once he has completed this module.&nbsp;</li>\n</ol>','<p>Fundamental concepts of elements of the power system.</p>','1','Bestseller','300',120,'1','0','2021-02-05 18:33:32','2021-11-25 11:30:25'),(77,'98','Introduction to Semi-Conductor Materials Part 1','Introduction to Semi-Conductor Materials Part 1',NULL,'The course is a short course to the introduction of semi-conductor materials.\n\n&nbsp;\n\n&nbsp;\n\nThe module covers atomic structure, covelent bonding, energy levels of semi-conductor materials. It also covers types &amp; details of n-type &amp; p-type materials, majority / minority charge carriers, difference between extrinsic and intrinsic semi-conductor materials.','introduction-to-semi-conductor-materials-part-1',NULL,'<p>The course is a short course to the introduction of semi-conductor materials.</p>\n\n<p>&nbsp;</p>\n\n<p>&nbsp;</p>\n\n<p>The module covers atomic structure, covelent bonding, energy levels of semi-conductor materials. It also covers types &amp; details of n-type &amp; p-type materials, majority / minority charge carriers, difference between extrinsic and intrinsic semi-conductor materials.</p>',NULL,'https://edupmquestionhelp.s3.ap-south-1.amazonaws.com/hint/uploads/images/16087414361608741436.jpg','<ol>\n	<li>Introduction to Types of Semi-conductor materials.</li>\n	<li>Detailed understanding of semi-conductor atomic structure, bonds and its applications.</li>\n	<li>Fundamental differences and the characterisics for each type of semi-conductor materials.</li>\n</ol>',NULL,'0',NULL,'100',NULL,'0','0','2021-02-05 18:33:53','2020-12-23 15:05:33'),(78,'12','Power System Protection : Fault Analysis & Substation','Learn Fault Analysis & Substation of Power System Protection','Power System Protection,switchgear and protection,bus bar arrangement,equipment in substation,transmission substation,protection relays used in substation,switchyard equipment','Know all the essential tools for the determination of short-circuit currents. Learn how substation automation is an integral part of power systems protection.','power-system-protection--fault-analysis-&-substation','Detailed guide on fundamentals of fault current calculation in a typical power system protection & busbar arrangements in the substation.','<p style=\"text-align:justify\"><span style=\"font-size:16px\">The module aims at teaching fault current calculations and elements of substation.&nbsp; &nbsp;</span></p>\n\n<p style=\"text-align:justify\"><span style=\"font-size:16px\">The fault current calculations are essential for deciding the breaking capacity of breakers used in the power system, short-time withstand capability of equipment of power system and relay settings.</span></p>\n\n<p style=\"text-align:justify\"><span style=\"font-size:16px\">The prevalent busbar arrangements and the operation sequence of equipment in substation are also dealt with.</span></p>','<p style=\"text-align:justify\"><span style=\"font-size:16px\">This course aims to teach fundamentals of fault current calculations. The course on Elements of Power System is a prerequisite.&nbsp;&nbsp;&nbsp; &nbsp; &nbsp; &nbsp;</span></p>','https://edupmquestionhelp.s3.ap-south-1.amazonaws.com/assets/images/1636000262771636000262.png','<ol>\n	<li style=\"text-align:justify\">The student will learn the method of calculation of fault currents for symmetrical and unsymmetrical faults.</li>\n	<li style=\"text-align:justify\">The reader will be able to decide the breaking capacity of breakers and short-time withstand capacity of equipment in the power system. This is very essential while procuring these equipment.</li>\n	<li style=\"text-align:justify\">Fault analysis is a very important prerequisite for relay setting calculations. Once a student passes this prerequisite , he will be able to carry out relay setting exercises to be taught in forthcoming modules.</li>\n	<li style=\"text-align:justify\">The candidate will be able to develop single line diagrams of busbar arrangements in the substation.</li>\n</ol>','<p>Detailed guidelines on fundamentals of fault current calculation, relay setting and busbar arrangements in the substation.</p>','0',NULL,'500',120,'1','0','2021-05-09 10:56:06','2021-11-25 11:34:11'),(79,'86','Business Basics',NULL,NULL,NULL,'business-basics',NULL,NULL,NULL,'https://edupmquestionhelp.s3.ap-south-1.amazonaws.com/hint/uploads/images/16169926821616992682.JPG',NULL,NULL,'0',NULL,NULL,120,'0','0','2021-11-16 19:13:36','2021-11-16 19:13:38'),(80,'86','Elementary Algebra 1',NULL,NULL,NULL,'elementary-algebra',NULL,NULL,NULL,NULL,NULL,NULL,'0',NULL,'300',120,'0','0','2021-11-16 19:25:36','2021-11-16 19:25:36'),(81,'101','Elementary Mathematics: Powers & Roots','Learn Elementary Mathematics l Powers & Roots','elementary mathematics,elementary math,elementary mathematics for cds,powers and roots,square root power,calculate square root,basic maths','Understand how Power and Roots come into existence. Understand basic notation of exponents and roots and simply numbers in the exponent form.','elementary-mathematics-powers-&-roots','Basics of exponents and roots.','<p style=\"text-align:justify\">Elementary Mathematics is a series of modules built for anyone who wishes to learn or revise the fundamentals of mathematics. The language of instruction for this module on Power &amp; Roots is Hindi. The language of interactions with the user is English. The level of rigor is suited for grade-8 of Indian secondary schools. The content is delivered with an intuitive explanation to make it accessible to students who are studying the topic of Powers and Roots for the first time. Several exercises are given for revising the concepts on exponents and roots.&nbsp;</p>','<p>This course does not have any pre-requisite.</p>','https://edupmquestionhelp.s3.ap-south-1.amazonaws.com/hint/uploads/images/16221900361622190036.png','<p style=\"text-align:justify\">Upon finishing the course the student will be bale to:</p>\n\n<ol>\n	<li style=\"text-align:justify\">Understand basic notation of exponents and roots.</li>\n	<li style=\"text-align:justify\">Simplify numbers in the exponent form.</li>\n	<li style=\"text-align:justify\">Apply basic rules of exponents.</li>\n	<li style=\"text-align:justify\">Compute roots of given numbers with different methods.</li>\n	<li style=\"text-align:justify\">Understand the given mathematical problem presented in English language and convert the same to a problem of powers and roots.&nbsp;&nbsp;&nbsp;&nbsp;</li>\n</ol>','<p>Basics of exponents and roots.</p>','0',NULL,'300',120,'1','0','2021-06-15 21:01:42','2021-11-25 11:43:25'),(83,'52','GST: Input Tax Credit','Learn Input Tax Credit Under GST','gst course,gst certification course,gst course online,gst practitioner course, gst training,gst classes near me,gst practitioner certificate,gst on online courses,gst input tax credit,input tax credit under gst,gst input tax credit rules','Learn about the uninterrupted and seamless chain of Input Tax Credit. ITC is the mechanism to avoid cascading of taxes. Know all about how ITC assists in removing the cascading effect','gst-input-tax-credit','Detailed guide on all the aspects related to Input Tax Credit of GST.','<p><span style=\"font-size:16px\">This course will provide detailed information about the Input Tax Credit (ITC). ITC is one of the most crucial aspects of the GST Law. The module&nbsp;provides some real-life examples to aid learning and gives clear understanding on when ITC or its reversal becomes applicable.&nbsp; &nbsp;&nbsp;</span></p>','<p>This course does not have any pre-requisite.</p>','https://edupmquestionhelp.s3.ap-south-1.amazonaws.com/assets/images/1635998887491635998887.png','<div><span style=\"font-size:16px\">Upon completing the module, the student will be able to understand the following concepts of ITC:</span></div>\n\n<ol>\n	<li><span style=\"font-size:16px\"><span style=\"color:#1e314f\">What is&nbsp;input&nbsp;tax credit?</span></span></li>\n	<li><span style=\"font-size:16px\"><span style=\"color:#1e314f\">Who can claim ITC?</span></span></li>\n	<li><span style=\"font-size:16px\"><span style=\"color:#1e314f\">What can be claimed as ITC?</span></span></li>\n	<li><span style=\"font-size:16px\"><span style=\"color:#1e314f\">How to claim ITC?</span></span></li>\n	<li><span style=\"font-size:16px\"><span style=\"color:#000000\"><span style=\"background-color:#ffffff\"><span style=\"color:#1e314f\">Reversal of Input Tax Credit</span></span></span></span></li>\n	<li><span style=\"font-size:16px\"><span style=\"color:#000000\"><span style=\"background-color:#ffffff\"><span style=\"color:#1e314f\">Reconciliation of ITC</span></span></span></span></li>\n	<li><span style=\"font-size:16px\"><span style=\"color:#000000\"><span style=\"background-color:#ffffff\"><span style=\"color:#1e314f\">Documents Required for Claiming ITC</span></span></span></span></li>\n	<li><span style=\"font-size:16px\"><span style=\"color:#000000\"><span style=\"background-color:#ffffff\"><span style=\"color:#1e314f\">Special cases of ITC</span></span></span></span></li>\n</ol>','<p>Detailed guide on all the aspects related to Input Tax Credit of GST.</p>','0','Bestseller','500',120,'1','0','2021-07-15 11:34:53','2021-12-09 14:28:40'),(84,'51','GST Basics','Learn GST Basic Knowledge','gst course,gst certification course,gst course online,gst practitioner course, gst training,gst classes near me,gst filing course,gst practitioner certificate,gst on online courses,gst basic knowledge,gst basic information','Know more about how GST is levied on the supply of goods and services and the main advantages that has come with the introduction of GST, like removal of the cascading effect.','gst-basics','Basics of Goods & Service Tax.','<p><span style=\"font-size:16px\">The new normal has opened up new frontiers for all of us. The challenges of present times have created new possibilities. To comprehend the opportunities, new perspectives and a fresh outlook, one needs to unlearn&nbsp;and relearn. The self paced online learning modules can play an important role to impart desired learnings with changing times. Basics of the GST course is crucial in understanding&nbsp;the fundamental concepts of the GST law.&nbsp;</span></p>','<p>This course does not have any pre-requisite.</p>','https://edupmquestionhelp.s3.ap-south-1.amazonaws.com/assets/images/1635999514611635999514.png','<p><span style=\"font-size:16px\">This module covers GST concepts from Basic to Advanced level. Upon completing this module, the student will understand:</span></p>\n\n<ol>\n	<li><span style=\"font-size:16px\">History of the introduction of GST</span></li>\n	<li><span style=\"font-size:16px\">Constitutional Amendment for GST</span></li>\n	<li><span style=\"font-size:16px\">Charging Section for GST</span></li>\n	<li><span style=\"font-size:16px\">Inclusions and Exclusions from GST</span></li>\n	<li><span style=\"font-size:16px\">Types of GST</span></li>\n	<li><span style=\"font-size:16px\">Documentations</span></li>\n	<li><span style=\"font-size:16px\">GST Rates</span></li>\n	<li><span style=\"font-size:16px\">Benefits of GST</span></li>\n	<li><span style=\"font-size:16px\">FAQs</span></li>\n</ol>','<p>Basics, introduction, inclusions &amp; exclusions of GST.</p>','0','Bestseller','900',120,'1','0','2021-07-15 11:34:30','2021-12-09 14:28:11'),(85,'53','GST: Time of Supply and Place of Supply','Learn Time of Supply and Place of Supply For GST','gst course, gst certification course, gst course online, gst practitioner course, gst training, gst classes near me, gst filing course, gst practitioner certificate, gst on online courses','Know the concept of Time of Supply and Place of Supply.  They both are crucial under GST as all the provisions under GST confer to these two concepts. Learn with edupme how to determine the TOS and POS','gst-time-of-supply-and-place-of-supply','Detailed guide on Time & Place of Supply in GST.','<p><span style=\"font-size:16px\">GST Law gives provisions to determine the Time and Place of supply of Goods and Services. Often it is critical to determine the tax liability based on time and place of supply. This module also covers invoicing and basic rules for various types of services. The material is presented with several examples to aid understanding.</span></p>','<p>This course does not have any pre-requisite.</p>','https://edupmquestionhelp.s3.ap-south-1.amazonaws.com/assets/images/1635999416651635999416.png','<p><span style=\"font-size:16px\">Upon completing this module, the student will be able to:</span></p>\n\n<ol>\n	<li><span style=\"font-size:16px\">Define what is time and place of supply for goods and services.</span></li>\n	<li><span style=\"font-size:16px\">Determine tax liabilities based on time and place of supply.&nbsp;</span></li>\n	<li><span style=\"font-size:16px\">Understand various cases of supply of goods and services against payments.&nbsp;&nbsp;</span></li>\n</ol>','<p>Definition of time &amp; place of supply for goods &amp; services &amp; casestudies of supply of goods &amp; services.</p>','0','Bestseller','900',120,'1','0','2021-07-15 11:35:16','2021-11-23 09:48:29'),(86,'54','GST: FAQ1','GST: FAQ1',NULL,'The new normal has opened up new frontiers for all of us. The challenges of present times have created new possibilities. To comprehend the opportunities, new perspectives and a fresh outlook, one needs to unlearn&nbsp;and relearn. The self paced online learning modules can play an important role to impart desired learnings with changing times. Frequently Asked Questions&nbsp;will help clarify the understanding&nbsp;the fundamental concepts of the GST law with regard to Registration, Refund, Customs, Invoices and Exports amongst others.&nbsp;','gst-faq1','Set of Frequently Asked Questions on GST : Set 1','<p style=\"text-align:justify\"><span style=\"font-size:16px\">The new normal has opened up new frontiers for all of us. The challenges of present times have created new possibilities. To comprehend the opportunities, new perspectives and a fresh outlook, one needs to unlearn&nbsp;and relearn. The self paced online learning modules can play an important role to impart desired learnings with changing times. Frequently Asked Questions&nbsp;will help clarify the understanding&nbsp;the fundamental concepts of the GST law with regard to Registration, Refund, Customs, Invoices and Exports amongst others.&nbsp;</span></p>','<p>This course does not have any pre-requisite.</p>','','<p style=\"text-align:justify\"><span style=\"font-size:16px\">Upon successful completion of the course, the student will be able to</span></p>\n\n<ol>\n	<li style=\"text-align:justify\"><span style=\"font-size:16px\">Understand basics of GST.</span></li>\n	<li style=\"text-align:justify\"><span style=\"font-size:16px\">Access frequently asked questions with regard to GST Registration, Refund, Customs and Invoices.</span></li>\n</ol>','<p>Basics of GST Law and FAQs for GST registration, refund, customs &amp; invoices.</p>','0','Bestseller','50',120,'0','0','2021-07-15 11:47:09','2021-11-04 18:02:10'),(87,'55','GST: FAQ2','GST: FAQ2',NULL,'The new normal has opened up new frontiers for all of us. The challenges of present times have created new possibilities. To comprehend the opportunities, new perspectives and a fresh outlook, one needs to unlearn&nbsp;and relearn. The self paced online learning modules can play an important role to impart desired learnings with changing times. Frequently Asked Questions&nbsp;will help clarify the understanding&nbsp;the fundamental concepts of the GST law with regard to various sectors such as Handicrafts, Pharmaceuticals, E-Commerce, Food Processing and Textiles amongst others.&nbsp;','gst-faq2','Set of Frequently Asked Questions of GST : Set 2','<p style=\"text-align:justify\"><span style=\"font-size:16px\">The new normal has opened up new frontiers for all of us. The challenges of present times have created new possibilities. To comprehend the opportunities, new perspectives and a fresh outlook, one needs to unlearn&nbsp;and relearn. The self paced online learning modules can play an important role to impart desired learnings with changing times. Frequently Asked Questions&nbsp;will help clarify the understanding&nbsp;the fundamental concepts of the GST law with regard to various sectors such as Handicrafts, Pharmaceuticals, E-Commerce, Food Processing and Textiles amongst others.&nbsp;</span></p>','<p>This course does not have any pre-requisite.</p>','','<p style=\"text-align:justify\"><span style=\"font-size:16px\">Upon successful completion of the course, the student will be able to</span></p>\n\n<ol>\n	<li style=\"text-align:justify\"><span style=\"font-size:16px\">Understand basics of GST law.</span></li>\n	<li style=\"text-align:justify\"><span style=\"font-size:16px\">Have access to frequently asked questions about GST with regard to various industry sectors.</span></li>\n</ol>','<p>Basics of GST Law &amp; FAQs for GST for various sectors.</p>','0',NULL,'50',120,'0','0','2021-07-15 11:50:09','2021-11-04 18:00:40'),(88,'308','Regulatory Aspects for Imports into India','Learn Online Import Procedure In India','imports into india,logistic course,logistics and supply chain management courses,logistics management courses,import export course,import and export courses,import export training,import export course online,exim course','Our module gives information regarding the various aspects of Imports. It includes details about various regulations of import, license, procedures etc.','regulatory-aspects-for-imports-into-india','Guidelines on regulations for imports in to India','<p><span style=\"font-size:16px\">This course is offered by LOGIVeda, the best Digital Institute for the Logistics Sector.&nbsp;<span style=\"color:#222222\">The following course titled &ldquo;Regulatory aspects - Imports&rdquo; gives information regarding the various aspects of Imports. It includes details about various regulations of import of goods/services, import license, section 10(5) &amp; 10(6) of FEMA, EBRC, IEC no, ITC-HS, passenger baggage, third party payment, role of AD to continue follow up for import evidence, Asian clearing union, etc. This course will provide you the glimpse into the Import procedure and completion of it. </span></span></p>','<p>This course does not have any pre-requisite.</p>','https://edupmquestionhelp.s3.ap-south-1.amazonaws.com/assets/images/1635944623921635944623.png','<p><span style=\"font-size:16px\">Upon successful completion of the course, the student will be able to</span></p>\n\n<ol>\n	<li><span style=\"font-size:16px\">Understand details on various regulations of imports of goods and services.</span></li>\n	<li><span style=\"font-size:16px\">Understand details about section&nbsp; 10(5) and 10(6) of FEMA, EBRC,&nbsp;<span style=\"color:#222222\">IEC no, ITC-HS, passenger baggage, third party payment, role of AD and Asian clearing union.</span></span></li>\n</ol>','<p>Detailed guidelines of regulations of imports of goods &amp; services in to India.</p>','1','Bestseller','680',120,'1','0','2021-06-25 15:59:54','2021-11-25 11:48:22'),(89,'309','Regulatory Aspects for Exports from India','Learn Online Export Procedure In India l edupme','imports into india,logistic course,logistics and supply chain management courses,export course,export training,logistics management courses,import export course,import and export courses,import export training,import export course online,exim course','This course teaches the various aspects of Export, including receipt and payment method, ACU mechanism, role of third party in payments, export claims and many other features of Export','regulatory-aspects-for-exports-from-india','Guidelines on regulatory aspects of exports, methods and receipts of payment for the export.','<p style=\"text-align:justify\"><span style=\"font-size:16px\">This course is offered by LOGIVeda, the best Digital Institute for the Logistics Sector.&nbsp;<span style=\"color:#222222\">This course on &ldquo;Regulatory aspects - Export&rdquo; gives information regarding the various aspects of Export. It includes receipt and payment method, ACU mechanism, role of third party in payments for Export/Import, Export transactions, DDA, EEFC account, EDF, SOFTEX, Export of samples, gifts, passenger baggage, RCMC, undrawn balances, time limit, insurance and export claim, etc. It explains the criteria, features and procedure related to particular topics.</span></span></p>','<p>This course does not have any pre-requisite.</p>','https://edupmquestionhelp.s3.ap-south-1.amazonaws.com/assets/images/1635946648971635946648.png','<p><span style=\"font-size:16px\">Upon successful completion of the course, the student will be able to</span></p>\n\n<ol>\n	<li><span style=\"font-size:16px\">Understand the receipt and method of payment for export.</span></li>\n	<li><span style=\"font-size:16px\">Understand the role of third party in payments for import/export, export transactions.</span></li>\n</ol>','<p>Guidelines on regulatory aspects of exports, receipt and method of payments for exports.</p>','1','Bestseller','680',120,'1','0','2021-06-25 16:00:25','2021-11-25 11:49:10'),(90,'324','Brief Introduction on Exchange Rate Mechanism & Derivative Products','Learn Exchange Rate Mechanism & Derivative Products','EXIM Logistics,exim course,online exim course,logistics course,logistics management courses,transport and logistics course,sales techniques','Learn and understand the concept of Foreign Exchange, or Forex - how to deal with it in the foreign market and its positioning in India. Know all about the kind of Derivative products and their features.','brief-introduction-on-exchange-rate-mechanism-&-derivative-products','Basics of exchange rate mechanisms and its derivatives.','<p style=\"text-align:justify\"><span style=\"font-size:16px\">This course is offered by LOGIVeda, the best Digital Institute for the Logistics Sector.&nbsp;This module puts emphasis on the basics of the Exchange Rate Mechanisms and Derivative Products. The concept of Foreign Exchange, or Forex - how to deal with it in the foreign market and its positioning in India has been discussed in the first part of the module. The second part of the module deals with the Derivative products - Types of Derivative Products, Features of derivative products with special focus on Forward Contracts and SWAPS. </span></p>\n\n<p style=\"text-align:justify\">&nbsp;</p>','<p>This course does not have any pre-requisite.</p>','https://edupmquestionhelp.s3.ap-south-1.amazonaws.com/assets/images/1635944741731635944741.png','<p style=\"text-align:justify\"><span style=\"font-size:16px\">Upon successful completion of the course, the student will be able to&nbsp;</span></p>\n\n<ol>\n	<li><span style=\"font-size:16px\">Understand how to deal with Foreign Exchange in the foreign market.</span></li>\n	<li><span style=\"font-size:16px\">Understand the features and types of derivative products.</span></li>\n	<li><span style=\"font-size:16px\">Understand the concepts of Forward Contracts and SWAPS.&nbsp;</span></li>\n</ol>','<p>Basics of exchange rate mecahnisms &amp; derivatives and concepts of forward contracts.</p>','0','Bestseller','480',120,'1','0','2021-06-25 15:48:10','2021-12-09 14:35:40'),(91,'322','Why Customers are important?','Learn Online Why Customers are Important','why customers are important,customer satisfaction important,important to meet customer,customer retention important,customer loyalty important,customer feedback important,','Customers are the pinnacle of any business, a support system that keeps the line of business working. They are the ones for whom you are creating that product or service!','why-customers-are-important','Detailed understanding on importance of customer & customer satisfaction.','<p><span style=\"font-size:11pt\"><span style=\"font-size:16px\">This course is offered by LOGIVeda, the best Digital Institute for the Logistics Sector.&nbsp;This course describes about the definitions of Customers and why they are important for the success of the business. It also explains the importance of customer satisfaction. Customer support becomes necessary in order to deal with the customers and attract them towards the brand or the product that we want to sell. Customer is considered to be the king, so he should be treated accordingly. All the aspects of the connection between the customer and business are explained in this course.</span></span></p>','<p>This course does not have any pre-requisite.</p>','https://edupmquestionhelp.s3.ap-south-1.amazonaws.com/assets/images/1635944779531635944779.png','<p><span style=\"font-size:16px\">Upon completing the course, the student will be able to:</span></p>\n\n<ol>\n	<li><span style=\"font-size:16px\">Understand why customers are important to an organization.</span></li>\n	<li><span style=\"font-size:16px\">Understand importance of customer satisfaction and its connection with business.</span></li>\n</ol>','<p>Undestanding on importance of customers &amp; customer satisfaction.&nbsp;</p>','0',NULL,'760',120,'1','0','2021-06-21 18:57:13','2021-11-25 13:44:02'),(92,'329','Financing Foreign Trade','Learn Online Financing Foreign Trade','financing foreign trade,international trade and finance,trade services,international business trade,financing international trade,free trade zone','Learn about the various facilities offered by the banks in terms of credit and finance. The course is a complete guide to how finance can be acquired sourced etc.','financing-foreign-trade','Guidelines on all the aspects related to financing a foreign trade.','<p><span style=\"font-size:16px\">This course is offered by LOGIVeda, the best Digital Institute for the Logistics Sector.&nbsp;&ldquo;Finance and Related Procedures&rdquo; course provides complete guide to Finance, related services and facilities. There are various facilities offered by the banks in terms of credit and finance. They provide services, capital, credit, and other arrangements. This course is a complete guide to how Finance can be acquired, sources, fund/non-fund bases facilities, trade services, activities, negotiation, gold card facility and the profit and services offered by the banks.</span></p>','<p>This course does not have any pre-requisite.</p>','https://edupmquestionhelp.s3.ap-south-1.amazonaws.com/assets/images/16359465231001635946523.png','<p><span style=\"font-size:16px\">Upon successful completion, the student will be able to:</span></p>\n\n<ol>\n	<li><span style=\"font-size:16px\">Understand basic concepts of financing foreign trade.</span></li>\n	<li><span style=\"font-size:16px\">Understand how to acquire finance for foreign trade.</span></li>\n	<li><span style=\"font-size:16px\">Understand trade services offered by the banks.</span></li>\n</ol>','<p>Guidelines on all the aspects related to financing a foreign trade.</p>','0',NULL,'520',120,'1','0','2021-07-24 22:41:29','2021-12-09 14:26:54'),(93,'320','How to improve your sales performance?','Learn Online How to Improve Your Sales Performance','how to improve sales performance,sales performance management,sales kpi\'s,sales courses,sales training,sales and marketing courses,sales training courses,sell courses online,sales management courses,sales and marketing management','There are innumerable ways with which you can improve your sales performance. Learn the secret for the best sales practice to improve your performance manifold.','how-to-improve-your-sales-performance','Guidelines on steps to improve sales performance and importance of sales goals.','<p><span style=\"font-size:16px\">This course is offered by LOGIVeda, the best Digital Institute for the Logistics Sector.&nbsp;This Course describes how organisations are competing against each other in order to increase their revenue. For this purpose, they have to create sales goals and make efforts to achieve them. After that reviewing sales performance is necessary to fulfill this purpose. This chapter explains the basic steps to improve Sales Performance. Most importantly, the explanation of the 13 key ways to improve the sales performance is given. &nbsp;</span></p>','<p>This course does not have any pre-requisite.</p>','https://edupmquestionhelp.s3.ap-south-1.amazonaws.com/assets/images/1635944811771635944811.png','<p><span style=\"font-size:16px\">Upon finishing the course, the student will be able to:</span></p>\n\n<ol>\n	<li><span style=\"font-size:16px\">Understand the importance of sales goals.</span></li>\n	<li><span style=\"font-size:16px\">State basic steps to improve sales performance.&nbsp;</span></li>\n	<li><span style=\"font-size:16px\">Understand key ways to improve sales performance.&nbsp;</span></li>\n</ol>','<p>Guidelines on importance of sales goals &amp;&nbsp;basic steps to improve sales.</p>','0','Bestseller','560',120,'1','0','2021-06-23 10:53:58','2021-12-31 18:25:23'),(94,'326','Practical Aspects - Operations Under Documentary Credits','Learn Online Operations Under Documentary Credits','Letter of credit,standby letter of credit,types of letter of credit,lc payment,documentary credit,standby letter of credit,UCPDC,ucpdc full form,ucpdc meaning,logistic course','This course deals with the practical aspects of a Letter of Credit, operations under documentary credits, documents, notice and amendments.','practical-aspects---operations-under-documentary-credits','Detailed explanation on all aspects related to operations under documentary credit and Letter of credit.','<p style=\"text-align:justify\"><span style=\"font-size:16px\">This course is offered by LOGIVeda, the best Digital Institute for the Logistics Sector.&nbsp;</span><span style=\"font-size:16px\">In this course, we are going to deal with the practical aspects of a Letter of Credit, operations under documentary credits, what is UCPDC, contents, important documents, waiver of LC, notice and amendments.&nbsp;</span></p>','<p>This course does not have any pre-requisite.</p>','https://edupmquestionhelp.s3.ap-south-1.amazonaws.com/assets/images/1635944845871635944845.png','<p><span style=\"font-size:16px\">Upon finishing the course, the student will be able to</span></p>\n\n<ol>\n	<li><span style=\"font-size:16px\">Understand practical aspects of a Letter of Credit.</span></li>\n	<li><span style=\"font-size:16px\">Understand what is UCPDC</span></li>\n	<li><span style=\"font-size:16px\">Understand what are the important documens.</span></li>\n</ol>','<p>Detailed explanation on Letter of Credit and operations under documentary credit.</p>','0',NULL,'480',120,'1','0','2021-07-14 12:17:47','2021-11-25 12:18:55'),(95,'327','How to frame foolproof Contracts for International Trade','Learn How to Frame Foolproof Contracts for International Trade','international trade,force majeure clause,force majeure,force majeure meaning,force majeure clause sample,international contract','In this course, edupme focuses on the Export Contract - the features of a well-drafted contract, how to draft a good contract and what all clauses need to be inserted.','how-to-frame-foolproof-contracts-for-international-trade','Detailed guide on framing an international contract.','<p style=\"text-align:justify\"><span style=\"font-size:16px\">This course is offered by LOGIVeda, the best Digital Institute for the Logistics Sector. This Course focuses on the Export Contract- what are the features of a well drafted contract, how to draft a good contract, what clauses are important and how to present them, Weights and measures, cancellation clause, force majeure clause etc. Furthermore, in case of a breach of contract, what should be the course of action, the determination of compensation on account of breach and other related aspects can also be learned from this module.&nbsp;</span></p>','<p>This course does not have any pre-requisite.</p>','https://edupmquestionhelp.s3.ap-south-1.amazonaws.com/assets/images/1635945231421635945231.png','<p><span style=\"font-size:16px\">Upon finishing the course, the student will be able to</span></p>\n\n<ol>\n	<li><span style=\"font-size:16px\">Understand how to frame export contracts.</span></li>\n	<li><span style=\"font-size:16px\">Identify features of a well-drafted contract.</span></li>\n	<li><span style=\"font-size:16px\">Understand force majeure clause.</span></li>\n</ol>','<p>Guide on all aspects related to framing of international trade contract.</p>','1',NULL,'480',120,'1','0','2021-07-14 12:20:37','2021-12-09 14:29:52'),(96,'316','Principles of Selling','Learn Online Principles of Selling','sales principles,principles of personal selling,qualities of a good sales person,qualities of a salesperson,good sales person qualities,sales training courses,sales training courses,sales and marketing online courses','What comprises the best selling practices? Is it delivering successfully to your audience, building relationships or solving the clients problems? Know the Principles for Selling for that ace sales pitch!','principles-of-selling','Guidelines on qualities of successful sales person and making a great sales.','<p style=\"text-align:justify\"><span style=\"font-size:16px\">This course is offered by LOGIVeda, the best Digital Institute for the Logistics Sector.&nbsp;This Course explains Professional Selling Skills which are required to make successful client meetings and procure orders. This intensive and valuable sales training will help to grab the opportunity to impress the client. Description of the qualities of the sales person is also given so that the individual will know what qualities the salesperson should possess otherwise he/she needs to take the professional selling skills training to develop those qualities and become a successful salesperson.&nbsp;</span></p>','<p>This course does not have any pre-requisite.</p>','https://edupmquestionhelp.s3.ap-south-1.amazonaws.com/assets/images/1635945099311635945099.png','<p><span style=\"font-size:16px\">Upon finishing the course, the student will be able to</span></p>\n\n<ol>\n	<li><span style=\"font-size:16px\">Understand which skills are required to make client meetings successful.</span></li>\n	<li><span style=\"font-size:16px\">Understand the qualities the sales person should possess to become a successful sales person.&nbsp;</span></li>\n</ol>','<p>Guidelines for making successful client meeting and develop qualities for a sucessfull sales person.</p>','0','Bestseller','800',120,'1','0','2021-07-14 10:14:31','2021-11-25 13:33:53'),(97,'501','Statistics: Introduction',NULL,NULL,NULL,'statistics-introduction','<p>xyz</p>','<p>xyz</p>',NULL,NULL,NULL,NULL,'0',NULL,'300',NULL,'0','0','2021-11-16 18:47:02','2021-11-16 18:47:05'),(98,'313','What is Digital Sales','Learn Online What is Digital Sales','digital sales,digital selling,digital marketing sales,sales fundamentals,sales course,sales training,sales and marketing courses,sales training courses,sales management courses,online sales courses','Learn all about the concept of digital sales and how you can build relationships with your clients on the digital platform, social media and digital marketing channels','what-is-digital-sales','Guidelines and explanations on digital sales and traditional sales.','<p><span style=\"font-size:16px\">This course is offered by LOGIVeda, the best Digital Institute for the Logistics Sector.&nbsp;This course explains Traditional sales and Digital sales in Logistics. Presently, Digital is the future of the country and a growing business has to deal with the current practices. This provides various advantages to the customers and to the company which is mentioned in this chapter. Also, with this type of sale, it is becoming a necessity to make Digital Sale an important factor. This chapter mentions about the threats to existing manpower.</span></p>','<p>This course does not have any pre-requisite.</p>','https://edupmquestionhelp.s3.ap-south-1.amazonaws.com/assets/images/1635945255251635945255.png','<p><span style=\"font-size:16px\">Upon completing the course, the student will be able to&nbsp;</span></p>\n\n<ol>\n	<li><span style=\"font-size:16px\">&nbsp;Understand the importance of Digital Sales in Logistics.</span></li>\n	<li><span style=\"font-size:16px\">Understand Digital sales in the context of current practices.&nbsp;</span></li>\n</ol>','<p>Undestanding of traditional sales &amp; digital sales.</p>','0','Bestseller','680',120,'1','0','2021-07-07 14:51:13','2021-12-28 13:16:59'),(99,'318','Learn Better Techniques In Sales','Learn Better Techniques In Sales','sales fundamentals,sales course,sales training,upselling and cross selling,cold calling tips,sales and marketing courses,sales training courses,sales management courses,online sales courses,techniques in sales,selling techniques','Learn all the techniques to ace your sales skill. When you know how to convey your the ideas of your company to the audience, you gain an edge towards increasing your business.','learn-better-techniques-in-sales','Detailed guidelines on techniques in sales and achieving great results.','<p><span style=\"font-size:16px\">This course is offered by LOGIVeda, the best Digital Institute for the Logistics Sector.&nbsp;This course describes the meaning of Sales Techniques and the top ten Sales Techniques for a sales person who wants to impress the client and wants to make a successful deal. It also describes the various selling techniques that work and don&rsquo;t work. There are some other techniques to attract new clients, description related to the sales prospecting techniques and sales techniques to expand value is also given. </span></p>','<p>This course does not have any pre-requisite.</p>','https://edupmquestionhelp.s3.ap-south-1.amazonaws.com/assets/images/1635945278781635945278.png','<p><span style=\"font-size:16px\">Upon successful completion of the course, the student will be able to</span></p>\n\n<ol>\n	<li><span style=\"font-size:16px\">Understand top ten sales techniques.</span></li>\n	<li><span style=\"font-size:16px\">Understand selling techniques that work.</span></li>\n</ol>','<p>Detailed understanding of sales techniques.</p>','0',NULL,'560',120,'1','0','2021-07-07 14:51:25','2021-12-28 13:16:46'),(100,'321','Psychological Tips on Great Sales','Learn Psychological Tips on Great Sales','sales fundamentals,psychology of selling,sales psychology,sales course,upselling and cross selling,cold calling tips,sales and marketing courses,sales training courses,sales management courses,online sales courses,techniques in sales,selling techniques','We all know the task of selling a product or service is  not an easy task.   Whether a seasoned sales person or not, there is a process you can learn with edupme.','psychological-tips-on-great-sales','Tips and guidelines on aspects related to a great sales for a products or a service.','<p style=\"text-align:justify\"><span style=\"font-size:16px\">This course is offered by LOGIVeda, the best Digital Institute for the Logistics Sector.&nbsp;</span><span style=\"font-size:16px\">This course explains the meaning of Psychological Selling and the basic psychological information about human and sales. Customers make the purchase based on their needs and emotions but by following the selling techniques, sales person can influence his/her thoughts at the time of selling the product of his/her needs. There are various psychological triggers to use and influence the perspective of the customer and make them purchase your product which is also explained here.&nbsp;</span></p>','<p>This course does not have any pre-requisite.</p>','https://edupmquestionhelp.s3.ap-south-1.amazonaws.com/assets/images/1635945311631635945311.png','<p style=\"text-align:justify\"><span style=\"font-size:16px\">Upon finishing the course, the student will be able to:</span></p>\n\n<ol>\n	<li style=\"text-align:justify\"><span style=\"font-size:16px\">&nbsp;Understand the psychological side of selling.</span></li>\n	<li style=\"text-align:justify\"><span style=\"font-size:16px\">&nbsp;Understand how to influence&nbsp;the perspective of a buyer.</span></li>\n</ol>','<p>Guidelines on psychological side of selling and how to influence a buyer.</p>','0',NULL,'440',120,'1','0','2021-07-07 23:23:20','2021-12-31 18:25:39'),(101,'13','Power System Protection : Protection of Transmission Lines with Relays','Learn Protection of Transmission Lines with Relays','elements of power system analysis,power system protection,switchgear and protection,fundamentals of power system protection,relay in power system,Thermal Power Plant','Our modules teach the protection of transmission lines using overcurrent and earth fault relays. The details of relay settings are also provided along with latest numerical relays','power-system-protection--protection-of-transmission-lines-with-relays','Detailed guide on all aspects of transmission line protection.','<p style=\"text-align:justify\"><span style=\"font-size:16px\"><span style=\"color:#000000\">The module aims at teaching protection of transmission lines using overcurrent and earth fault relays. The details of relay settings are also provided. The module covers the latest numerical relays used for protection of transmission lines. </span></span></p>','<p style=\"text-align:justify\"><span style=\"font-size:16px\">This course aims to teach protection of transmission lines. The course on Elements of Power System is a prerequisite.</span></p>','https://edupmquestionhelp.s3.ap-south-1.amazonaws.com/assets/images/1636000364871636000364.png','<p style=\"margin-left:24px; text-align:justify\"><span style=\"font-size:16px\"><span style=\"color:#000000\">Upon successful completion of the module, the student will be able to&nbsp;</span></span></p>\n\n<ol>\n	<li style=\"list-style-type:decimal\"><span style=\"font-size:16px\"><span style=\"color:#000000\">Learn concepts of transmission line protection.</span></span></li>\n	<li style=\"list-style-type:decimal\"><span style=\"font-size:16px\"><span style=\"color:#000000\">Develop protection schematics for transmission line protection.</span></span></li>\n	<li style=\"list-style-type:decimal\"><span style=\"font-size:16px\"><span style=\"color:#000000\">Carry out relay settings required.</span></span></li>\n	<li style=\"list-style-type:decimal\"><span style=\"font-size:16px\"><span style=\"color:#000000\">Specify and procure the protective relay for a given application.</span></span></li>\n</ol>','<p>Concepts of transmission line protection, preparinig schematics for transmission line protection and specify protective relays.</p>','0','Bestseller','550',120,'1','0','2021-08-22 20:09:44','2021-12-09 15:43:39'),(102,'323','Important Commandments for Closing a Sale','Learn Important Commandments for Closing a Sale','sales and marketing courses,closing a sale,closing techniques,closing the deal,sales closing techniques,high ticket closing,sales training courses,sales management courses,online sales courses,techniques in sales,selling techniques','Learn about the required Commandments for Closing a Sale. Knowing when and how to close a sale successfully, decides the outcome of that conversation.','important-commandments-for-closing-a-sale','Detailed understanding of closing of a sales and importance of time in closing.','<p style=\"text-align:justify\"><span style=\"font-size:16px\">This course is offered by LOGIVeda, the best Digital Institute for the Logistics Sector.&nbsp;This course describes meaning of the Commandments and the best Commandments that one should follow. Following the rules and acting within it will help to achieve the plan which will eventually help to close the sale. There are Ten Commandments of a sales pre-close, that will help to make progress in the sales process which is mentioned in this course. One should know when to close the deal which is the correct time; timing is everything to make the closing of the successful deal.&nbsp;</span></p>','<p>This course does not have any pre-requisite.</p>','https://edupmquestionhelp.s3.ap-south-1.amazonaws.com/assets/images/1635945358541635945358.png','<p><span style=\"font-size:16px\">Upon successfully completing the course, the student will be able to&nbsp;</span></p>\n\n<ol>\n	<li><span style=\"font-size:16px\">Understand the points and plan on how to close a sale.</span></li>\n	<li><span style=\"font-size:16px\">Understand&nbsp; the importance of timing while closing the sale.&nbsp;&nbsp;</span></li>\n</ol>','<p>Detailed understanding on clsoing of a sales deal &amp;&nbsp;importance of timing to close the sell.</p>','0',NULL,'480',120,'1','0','2021-07-14 17:28:42','2021-11-25 15:12:11'),(103,'311','How to find Buyers to your Export Business','Learn How to Find Buyers to your Export Business','Export Business,import and export business,import export course online,learn import export,exporting courses,logistics course,logistics management courses,transport and logistics course,import export business opportunities','We will be discussing detail about how to identify buyers, how to find out buyers for your export business. This Course deals with the issue, provides the solution to this dilemma.','how-to-find-buyers-to-your-export-business','Detailed guides on how to find buyers for export business and identify sources for export business.','<p><span style=\"font-size:16px\">This course is offered by LOGIVeda, the best Digital Institute for the Logistics Sector.&nbsp;When the new decade has started, and they&#39;re very unprepared to face the reality of the sudden changes in the consumer buying patterns, as well as the disruptions in the entire supply chains, we will be discussing in details about how to identify buyers, how to find out buyers for your export business. What are the various sources of information to reach the buyers online, as well as reach the buyers offline? This Course deals with the issue, provides the solution to this dilemma and covers other important aspects as well.</span></p>','<p>This course does not have any pre-requisite.</p>','https://edupmquestionhelp.s3.ap-south-1.amazonaws.com/assets/images/1635946555131635946555.png','<p><span style=\"font-size:16px\">Upon successfully completing the course, the student will be able to</span></p>\n\n<ol>\n	<li><span style=\"font-size:16px\">Understand how to identify buyers for an export business.</span></li>\n	<li><span style=\"font-size:16px\">Identify various sources of information to reach buyers online and offline.&nbsp;</span></li>\n</ol>','<p>Guidelines on finding buyers for export business and identify sources of information to reach out to buyers.</p>','0',NULL,'480',120,'1','0','2021-07-15 18:05:20','2021-11-25 12:42:17'),(104,'338','EXIM Cargo Insurance- Learn All Related Aspects','Learn Online EXIM Cargo Insurance','cargo insurance,cost insurance and freight,marine cargo insurance,freight insurance,marine cargo,bill of lading,bill of lading form,Logistics Course','Learn about the legal position related to the Trade in Cargo Insurance and all the aspects relating to EXIM cargo insurance like exclusion clause, SRCCA cover, assignment and duration.','exim-cargo-insurance--learn-all-related-aspects','Detailed understanding on types of cargo, their related Bill of Lading and their cargo insurance.','<p><span style=\"font-size:16px\">This course is offered by LOGIVeda, the best Digital Institute for the Logistics Sector.&nbsp;This course explains legal position related to the Trade in Cargo Insurance. This chapter mentions about war exclusion clause, strike exclusion clause, war, SRCCA cover, assignment and duration. Description of the nature of cargo and packaging is given. Bill of Lading is a receipt when the cargo is shipped, mentions all the important details related to the cargo, described in this chapter. The chapter also explains various modes of transport through which cargo is shipped.&nbsp;</span></p>','<p>This course does not have any pre-requisite.</p>','https://edupmquestionhelp.s3.ap-south-1.amazonaws.com/assets/images/1635945404261635945404.png','<p style=\"text-align:justify\"><span style=\"font-size:16px\">Upon successfully finishing the course, the student will be able to</span></p>\n\n<ol>\n	<li style=\"text-align:justify\"><span style=\"font-size:16px\">Understand legal position&nbsp;related to trade cargo insurance.</span></li>\n	<li style=\"text-align:justify\"><span style=\"font-size:16px\">Understand what is Bill of Lading.&nbsp;&nbsp;</span></li>\n	<li style=\"text-align:justify\"><span style=\"font-size:16px\">Understand various modes of transport through which cargo is shipped.&nbsp;</span></li>\n</ol>','<p>Understanding of Bill of Lading, Trade Cargo Insurance and various modes of transport for cargo.</p>','0',NULL,'600',120,'1','0','2021-07-15 18:07:07','2021-11-25 15:33:07'),(105,'336','Understanding how to ship Odd dimensions cargoes and RORO Shipping','Learn How to Ship Odd Dimensions Cargoes & Roro Shipping','RORO Shipping,learn import export,logistics courses online,import export course online,diploma in logistics,logistics management courses,logistics course,import export course online,learn import export,exporting courses','In this Course, we study the various types of Containers, Vehicles and Cargo Ships. There are broadly twelve type of containers including flat racks, ventilated containers etc.','understanding-how-to-ship-odd-dimensions-cargoes-and-roro-shipping','Detailed study of various types of containers and how to select proper type of transport means for odd size cargo.','<p style=\"text-align:justify\"><span style=\"font-size:16px\">This course is offered by LOGIVeda, the best Digital Institute for the Logistics Sector.&nbsp;In this Course, we study the various types of Containers, Vehicles and Cargo Ships. There are broadly twelve type of containers including flat racks, ventilated containers etc. The various types of vehicles include Trailers (high bed, semi low, low bed, hydraulic etc.) and cranes. Lastly the various types of ships include Container Ships, RORO Ships, Break Bulk Ships, Combination Ships, Tug and Barge, Semi-Submersible Ships, Crude Carriers, Dry Bulk Carriers and Gas Carriers.&nbsp;</span></p>','<p>This course does not have any pre-requisite.</p>','https://edupmquestionhelp.s3.ap-south-1.amazonaws.com/assets/images/1635945440801635945440.png','<p style=\"text-align:justify\"><span style=\"font-size:16px\">Upon successfully finishing the course, the student will be able to&nbsp;</span></p>\n\n<ol>\n	<li style=\"text-align:justify\"><span style=\"font-size:16px\">Understand various types of containers.</span></li>\n	<li style=\"text-align:justify\"><span style=\"font-size:16px\">Understand various types of vehicles.</span></li>\n	<li style=\"text-align:justify\"><span style=\"font-size:16px\">Understand various types of ships.</span></li>\n</ol>','<p>Detailed guide on types of containers, vehicles and ships for odd sized cargo.</p>','0',NULL,'600',120,'1','0','2021-07-20 20:43:52','2021-12-09 14:32:41'),(106,'342','Understanding the difference between Air & Sea Cargo','Learn Difference Between Air & Sea Cargo','air & sea cargo,transportation systems,transportation management system,learn import export,logistics courses online,import export course online,logistics management courses,logistics course,import export course online,learn import export','Ms. Manisha Thaker discusses the two major kinds of transportation systems used in the Foreign Trade Market. In this co is a detailed study of the characteristics of each type of transportation system.','understanding-the-difference-between-air-&-sea-cargo','Detailed study on characteristics of two of major types of transportation, sea & air.','<p style=\"text-align:justify\"><span style=\"font-size:16px\">This course is offered by LOGIVeda, the best Digital Institute for the Logistics Sector.&nbsp;In this Course, Ms. Manisha Thaker discusses the two major kinds of transportation system used in the Foreign Trade Market. There is a detailed study of the characteristics of each type of transportation system. &nbsp;(Further it focuses on the factors which affect a shipper&rsquo;s decision and the selection criterion for the various modes of transport.) Lastly, the focus has been put on the various things or check-list, one should go through before selecting a mode of transportation for their trade business.&nbsp;</span></p>','<p>This course does not have any pre-requisite.</p>','https://edupmquestionhelp.s3.ap-south-1.amazonaws.com/assets/images/1635945380951635945380.png','<p><span style=\"font-size:16px\">Upon successfully finishing the course, the student will be able to</span></p>\n\n<ol>\n	<li><span style=\"font-size:16px\">&nbsp;Understand the types of transportation systems.</span></li>\n	<li><span style=\"font-size:16px\">Understand the factors which affect a shipper&#39;s decision on the mode of transport.&nbsp;&nbsp;</span></li>\n	<li><span style=\"font-size:16px\">Make use of a check-list before selecting a mode of transport.</span></li>\n</ol>','<p>Explanation on types of transportation system, factors to choose and check-list before selection of mode of transport.</p>','0',NULL,'600',120,'1','0','2021-07-20 20:44:28','2021-11-26 09:25:52'),(107,'340','How to structure a negotiation','Learn Online How to Structure a Negotiation','negotiation skills,negotiation strategies,deal structuring and negotiating,successful agreement,business negotiation,price negotiation,win win negotiation,types of negotiation skills,international negotiation','Learn the step-by-step guide for a win-win negotiation is given to make a successful agreement. in order to make a sale, it is necessary to negotiate the deal','how-to-structure-a-negotiation','Detailed guidelines on structuring a negotiation and making a good agreement.','<p style=\"text-align:justify\"><span style=\"font-size:16px\">This course is offered by LOGIVeda, the best Digital Institute for the Logistics Sector.&nbsp;This Course explains how to Structure a Negotiation; it is a fact that in order to make a sale it is necessary to negotiate the deal and agreement and for that the negotiator should be well informed and prepared. Explanation about the recommended structure for negotiation is also given. Most importantly, the step by step guide for a win-win negotiation is also given to make a successful agreement.</span></p>','<p>This course does not have any pre-requisite.</p>','https://edupmquestionhelp.s3.ap-south-1.amazonaws.com/assets/images/1635945465321635945465.png','<p style=\"text-align:justify\"><span style=\"font-size:16px\">Upon successful completion of the course, the student will be able to&nbsp;</span></p>\n\n<ol>\n	<li style=\"text-align:justify\"><span style=\"font-size:16px\">Understand how to structure a negotiation.</span></li>\n	<li style=\"text-align:justify\"><span style=\"font-size:16px\">Understand the steps for a successful agreement.</span></li>\n</ol>','<p>Guidelines on structuring a negotiation &amp; steps required for a successfull agreement.</p>','0','Bestseller','480',120,'1','0','2021-07-27 14:23:33','2021-12-09 14:32:09'),(108,'317','Professional selling skills & qualities of sales person','Professional Selling Skills and Qualities of Sales Person','sales management courses,online sales courses,techniques in sales,selling techniques,sales training courses,sales professional,sales management courses,courses for sales professionals','Identifying the core skills and qualities required for successful sales can help you determine if you have what it takes for a career in sales. Skill-up with edupme!','professional-selling-skills-&-qualities-of-sales-person',NULL,'<p style=\"text-align:justify\"><span style=\"font-size:16px\">This course is offered by LOGIVeda, the best Digital Institute for the Logistics Sector.&nbsp;This course explains professional selling skills which are required to make the successful client meetings and orders. This intensive and valuable sales training will help to grab the opportunity to impress the client. Description of the qualities of the sales person is also given so that the individual will know the what qualities the salesperson should possess otherwise he/she needs to take the professional selling skills training to develop those qualities and become a successful salesperson.&nbsp;</span></p>','<p>This course does not have any pre-requisite.</p>','https://edupmquestionhelp.s3.ap-south-1.amazonaws.com/assets/images/1635945493961635945493.png','<p><span style=\"font-size:16px\">Upon successful completion of the course, the student will be able to</span></p>\n\n<ol>\n	<li><span style=\"font-size:16px\">Understand professional skills required to make client meetings successful.</span></li>\n	<li><span style=\"font-size:16px\">Understand qualities required to become a successful salesperson.&nbsp;&nbsp;</span></li>\n</ol>','<p>Guidelines of skills required for a successful client meeting &amp; becoming a sucessfull salesperson.</p>','0',NULL,'480',120,'1','0','2021-07-15 18:06:02','2021-12-28 13:16:26'),(109,'319','Sales call presentation','Learn Sales Call Presentation','sales presentation,sales deck,sales strategy presentation,sales calls,cold calling in sales,call planning,sales course,online sales course','Learn to give the most effective pitch to close that lucrative deal. With edupme’s course, you will learn how to deliver to the listener. This module develops your sales call pitch and build on your business.','sales-call-presentation','Basics of a sales call, strategies to make a sales deal & making a long term relationship with clients.','<p style=\"text-align:justify\"><span style=\"font-size:16px\">This course is offered by LOGIVeda, the best Digital Institute for the Logistics Sector.&nbsp;This course explains the basics of the Sales call. Sales call will help to manage the difficult task that is selling. Sales person adopts various strategies to make a deal and make a healthy relationship with the client on a long term basis. Description of the scientific method called S.P.A.N.C.O is given, i.e., Suspecting &ndash; Prospecting - Approach &ndash; Negotiation &ndash; Closing - Order. This method will allow the organisation or the company to deal with the customers and to make a successful deal.&nbsp;</span></p>','<p>This course does not have any pre-requisite.</p>','https://edupmquestionhelp.s3.ap-south-1.amazonaws.com/assets/images/1635945533251635945533.png','<p style=\"text-align:justify\"><span style=\"font-size:16px\">Upon successful completion of the course, the student will be able to</span></p>\n\n<ol>\n	<li style=\"text-align:justify\"><span style=\"font-size:16px\">Understand the basics of the Sales call.</span></li>\n	<li style=\"text-align:justify\"><span style=\"font-size:16px\">Understand various strategies to make a deal.</span></li>\n	<li style=\"text-align:justify\"><span style=\"font-size:16px\">Understand what is S.P.A.N.C.O. method.</span></li>\n</ol>','<p>Basics of Sales Call &amp;&nbsp;Strategies to make a deal.</p>','0',NULL,'480',120,'1','0','2021-07-15 18:06:27','2021-12-28 13:16:16'),(110,'343','How to find new clients & Market your business','Learn How to Find new Clients Market Your Business','marketing for small business,how to get new clients,advertising your business,learn marketing online,free marketing courses,marketing online courses,free online marketing courses','We understand the importance of clients for a business. Go on a learning journey with edupme to find the client market. Learn how to find the right audience to who you will cater.','how-to-find-new-clients-&-market-your-business','Guide to find, plan and preparation to find new clients.','<p style=\"text-align:justify\"><span style=\"font-size:16px\">This course is offered by LOGIVeda, the best Digital Institute for the Logistics Sector.&nbsp;This course explains How to Find New Clients and Market your Business. When the sales person sets out to find new clients, he should be well prepared and well informed. He has to make a plan and follow it to make a deal. He should be well informed about the market in relation to which he is making a deal. This chapter describes strategies which could be used to not only attract the new clients but also to market your business.&nbsp;</span></p>','<p>This course does not have any pre-requisite.</p>','https://edupmquestionhelp.s3.ap-south-1.amazonaws.com/assets/images/1635945560561635945560.png','<p style=\"text-align:justify\"><span style=\"font-size:16px\">Upon successful completion of the course, the student will be able to</span></p>\n\n<ol>\n	<li style=\"text-align:justify\"><span style=\"font-size:16px\">Understand how to find new clients and market your business.</span></li>\n	<li style=\"text-align:justify\"><span style=\"font-size:16px\">Understand preparations needed to find new clients.&nbsp;</span></li>\n	<li style=\"text-align:justify\"><span style=\"font-size:16px\">Make a plan to make a successful deal.</span></li>\n</ol>','<p>Introduction, making plan and preparations needed to&nbsp;find new clients.</p>','0',NULL,'560',120,'1','0','2021-07-29 12:00:10','2021-11-25 15:24:30'),(111,'302','Commercial Practices of Indian Railways','Learn Commercial Practices of Indian Railways','railways logistics,import export course online,learn export import,logistics course,bba logistics,logistics management courses,diploma in logistics,logistics training,logistics courses online','A Complete guide – Railway Organisation and Procedures” course provides knowledge about the Indian Railways and its commercial strategies.','commercial-practices-of-indian-railways','A Complete guide – Railway Organisation and Procedures” course provides knowledge about the Indian Railways and its commercial strategies.','<p style=\"text-align:justify\"><span style=\"font-size:16px\">This course is offered by LOGIVeda, the best Digital Institute for the Logistics Sector.&nbsp;A Complete guide &ndash; Railway Organisation and Procedures&rdquo; course provides knowledge about the Indian Railways and its strategies. The course describes about Indian Railways and how various departments and concerned authorities deal with activities. There are Railways terms which have particular meaning associated to it, how the Freight train is booked, container traffic, rates, routing, how the claim is made, sidings, laws associated with the Indian Railways are described in this course.</span></p>','<p>This course does not have any pre-requisite.</p>','https://edupmquestionhelp.s3.ap-south-1.amazonaws.com/tmp/images/16357504801001635750480.png','<p style=\"text-align:justify\"><span style=\"font-size:16px\">Upon successful completion of the course, the student will be able to</span></p>\n\n<ol>\n	<li style=\"text-align:justify\"><span style=\"font-size:16px\">Understand how Indian Railways and its various departments deal with logistics.</span></li>\n	<li style=\"text-align:justify\"><span style=\"font-size:16px\">Understand basic terminology used for Railways logistics.</span></li>\n	<li style=\"text-align:justify\"><span style=\"font-size:16px\">Understand how freight train is booked, rates and routing, sidings and laws associated with Indian Railways.&nbsp;&nbsp;</span></li>\n</ol>','<p>Guide on Indian Railways and how they deal with logistics.</p>','0',NULL,'600',120,'1','0','2021-10-09 10:24:28','2021-11-26 09:35:01'),(112,'315','All aspects of Sales in EXIM Logistics','Learn Online Sales in EXIM Logistics','EXIM Logistics,exim course,online exim course,logistics course,logistics management courses,transport and logistics course,sales techniques,','Have a complete view of all the aspects of sales in EXIM logistics. This course teaches about sales performance, psychological selling, principles of selling etc.','all-aspects-of-sales-in-exim-logistics','In-depth guide on all aspects related to sales in import & export.','<p style=\"text-align:justify\"><span style=\"font-size:16px\">This course is offered by LOGIVeda, the best Digital Institute for the Logistics Sector.&nbsp;&ldquo;A Sales in EXIM Logistics&rdquo; course provides knowledge about how Sales are made in EXIM Logistics via various players and techniques. This course provides information on the Customers, Sales Performance, Sales Techniques, Psychological Selling, Commandments, Principles of Selling and A Sales call Person. It helps to learn about how to find new clients and related strategies, and players, in EXIM Logistics, DGFT/PGA products, International Freight Forwarding Air and Sea products.&nbsp;</span></p>','<p>This course does not have any pre-requisite.</p>','https://edupmquestionhelp.s3.ap-south-1.amazonaws.com/assets/images/1635944504191635944504.png','<p><span style=\"font-size:16px\">Upon successful completion of the course, the student will be able to&nbsp;</span></p>\n\n<ol>\n	<li><span style=\"font-size:16px\">Gain in-depth knowledge on all aspects of Sales in export import logistics.</span></li>\n	<li><span style=\"font-size:16px\">Understand basic concepts of Sales Techniques and Psychological Selling.</span></li>\n	<li><span style=\"font-size:16px\">Understand how to find clients.&nbsp;</span></li>\n</ol>','<p>In-depth knowledge on all aspects of Sales in export import logistics.</p>','1',NULL,'5000',120,'1','0','2021-10-09 10:25:23','2021-12-31 18:24:36'),(113,'312','How to Insure Customs Duty','Learn How to Insure Customs Duty','types of customs duty,National Calamity Contingent duty,import export course online,learn export import,logistics course,bba logistics,logistics management courses,diploma in logistics,logistics training,logistics courses online','Learn how to insure customs duty. Basic customs duty is levied upon the assessable value. It also describes social welfare surcharge, integrated goods & service tax','how-to-insure-customs-duty','Detailed explanation on conversion of currency and types of Custom Duty.','<p style=\"text-align:justify\"><span style=\"font-size:16px\">This course explains conversion of currency and types of Customs Duty. Basic customs duty is levied upon the assessable value. It also describes social welfare surcharge, integrated goods &amp; service tax and compensation Cess, Anti-dumping duty, National Calamity Contingent duty. It mentions about the Objectives, Circumstances, Duration, Extension, Exemptions related to safeguard duty, Value addition in a warehouse-to-warehouse movement and Risk in facilitation of Customs on Import cycle.&nbsp;</span></p>','<p>This course does not have any pre-requisite.</p>','https://edupmquestionhelp.s3.ap-south-1.amazonaws.com/assets/images/1635945588291635945588.png','<p><span style=\"font-size:16px\">Upon successful completion of the course, the student will be able to</span></p>\n\n<ol>\n	<li><span style=\"font-size:16px\">Undesrstand what is social welfare surcharge, integrated Goods and Services Tax and compensation Cess.</span></li>\n	<li><span style=\"font-size:16px\">Understand exemptions related to safeguard duty and value addition in a warehouse-to-warehouse movement.</span></li>\n</ol>','<p>Detailed Guide on types of Custom Duty.</p>','0',NULL,'600',120,'1','0','2021-07-29 12:00:57','2021-11-26 09:37:10'),(114,'345','What is General Average & Salvage?','Learn What is General Average & Salvage','maritime law,import export course online,learn export import,logistics course,bba logistics,logistics management courses,diploma in logistics,logistics training,logistics courses online','Our course explains the meaning of the General Average and the legal principle of Maritime Law. Know all about the features of General Average and Maritime Salvage.','what-is-general-average-salvage','Explanation of General Average & Salvage.','<p style=\"text-align:justify\"><span style=\"font-size:16px\">This course is offered by LOGIVeda, the best Digital Institute for the Logistics Sector.&nbsp;This course explains the meaning of the General Average and the legal principle of maritime law. The various essential features of the General Average are described in this chapter. On the basis of various criteria, the General Average claims can be made such as pushing, towing, collisions, loss of freight, heavy weather, etc. &nbsp;which is explained/described in this chapter. At the end, the chapter deals with what is Maritime salvage.&nbsp;</span></p>','<p>This course does not have any pre-requisite.</p>','https://edupmquestionhelp.s3.ap-south-1.amazonaws.com/assets/images/1635945646681635945646.png','<p><span style=\"font-size:16px\">Upon successful completion of the course, the student will be able to&nbsp;</span></p>\n\n<ol>\n	<li><span style=\"font-size:16px\">Understand basics of General Average and Salvage and legal principle of maritime law.</span></li>\n	<li><span style=\"font-size:16px\">Understand various criteria on the basis of which the General Average claims can be made.&nbsp;</span></li>\n</ol>','<p>Basic understanding of General Average &amp; Salvage.</p>','0',NULL,'480',120,'1','0','2021-07-29 12:00:30','2021-11-26 09:39:48'),(115,'341','What is Subrogation and Recoveries under Subrogation?','Learn What is Subrogation & Recoveries under Subrogation','subrogation claim,subrogation in insurance,Special Drawing Rights,import export course online,learn export import,logistics course,bba logistics,logistics management courses,diploma in logistics,logistics training,logistics courses online','This course explains what is Subrogation and the Recoveries under Subrogation. Know all about the various factors that hinder successful subrogation recoveries.','what-is-subrogation-and-recoveries-under-subrogation','All aspects covering Subrogation.','<p style=\"text-align:justify\"><span style=\"font-size:16px\">This course is offered by LOGIVeda, the best Digital Institute for the Logistics Sector.&nbsp;This course explains what is Subrogation and the Recoveries under Subrogation. Description of the various benefits to policyholders and waivers of subrogation is given. Various factors hinder the successful subrogation recoveries, these factors are mentioned here. This chapter describes about the recovery preclusion and other factors such as lack of communication, cost aspects and speeds, law of limitations, etc. are given. Special Drawing Rights (SDR) is also described.&nbsp;</span></p>','<p>This course does not have any pre-requisite.</p>','https://edupmquestionhelp.s3.ap-south-1.amazonaws.com/assets/images/1635945617971635945617.png','<p style=\"text-align:justify\"><span style=\"font-size:16px\">Upon successful completion of the course, the student will be able to&nbsp;</span></p>\n\n<ol>\n	<li style=\"text-align:justify\"><span style=\"font-size:16px\">Understand various factors that hinder successful subrogation recoveries.</span></li>\n	<li style=\"text-align:justify\"><span style=\"font-size:16px\">Understand factors such as recovery preclusion, cost aspects, law limitations and Special Drawing Rights.&nbsp;&nbsp;</span></li>\n</ol>','<p>Subrogation &amp; detailed on subrogation recoveries.</p>','0',NULL,'480',120,'1','0','2021-07-26 19:53:52','2021-11-26 09:42:47'),(117,'306','Marine Insurance - An Introduction and Important Aspect to know','Learn Marine Insurance','Marine Insurance,marine cargo insurance,marine insurance policy,import export course online,learn export import,logistics course,bba logistics,logistics management courses,diploma in logistics,logistics training,logistics courses online','Our course covers, Marine Insurance and the loss or damage of ships, cargo and any transport by which the property is transferred between the points of origin and the final destination.','marine-insurance---an-introduction-and-important-aspect-to-know','Detailed Introduction to Marine Insurance.','<p style=\"text-align:justify\"><span style=\"font-size:16px\">This course is offered by LOGIVeda, the best Digital Institute for the Logistics Sector. An Insurance, deals with the Insurance against any predetermined risks or prospective losses. A Marine Insurance covers the loss or damage of ships, cargo, terminals, and any transport by which the property is transferred, acquired, or held between the points of origin and the final destination. This module further discusses the various principles of Marine Insurance, the governing statutes, and categories of Marine Insurance. We have also covered the types of losses, important inclusions and exclusions, conditions attached to Marine Insurance in this module. </span></p>','<p>This course does not have any pre-requisite.</p>','https://edupmquestionhelp.s3.ap-south-1.amazonaws.com/assets/images/1635945676221635945676.png','<p><span style=\"font-size:16px\">Upon successful completion of the course, the student will be able to&nbsp;</span></p>\n\n<ol>\n	<li><span style=\"font-size:16px\">Understand basics of Marine Insurance.</span></li>\n	<li><span style=\"font-size:16px\">Understand types of losses and inclusions &amp; exclusions attached to Marine Insurance.&nbsp;</span></li>\n</ol>','<p>Basics of Marine Insurance, Losses, Inclusions &amp; Exclusions to Marine Insurance.</p>','1',NULL,'680',120,'1','0','2021-08-03 15:58:07','2021-11-26 09:44:45'),(118,'1000','Teacher\'s Orientation Program','Teacher\'s Orientation Program',NULL,'This module provides a Teacher&#39;s Orientation program for the H3&nbsp;Pre-school for the academic support. The program covers central aspects of holistic development at H3. It starts with the H3 philosophy of achieving synergy between hand, heart and head. Various curriculum apporaches are covered such as those pioneered by Reggio Emilia, Montessori, Peiaget, Vygotsky and Howard Gartner. Information on NEP 2020 and a message on nurturing self learners is also given.&nbsp;&nbsp;&nbsp; &nbsp; &nbsp;&nbsp;','teacher\'s-orientation-program',NULL,'<p style=\"text-align:justify\"><span style=\"font-size:16px\">This module provides a Teacher&#39;s Orientation program for the H3&nbsp;Pre-school for the academic support. The program covers central aspects of holistic development at H3. It starts with the H3 philosophy of achieving synergy between hand, heart and head. Various curriculum apporaches are covered such as those pioneered by Reggio Emilia, Montessori, Peiaget, Vygotsky and Howard Gartner. Information on NEP 2020 and a message on nurturing self learners is also given.&nbsp;&nbsp;&nbsp; &nbsp; &nbsp;&nbsp;</span></p>','<p>This course does not have any pre-requisite.</p>','https://edupmquestionhelp.s3.ap-south-1.amazonaws.com/hint/uploads/images/16275620321627562032.PNG','<p style=\"text-align:justify\"><span style=\"font-size:16px\">Upon successful completion of the course, the attendees will be able to&nbsp;</span></p>\n\n<ol>\n	<li style=\"text-align:justify\"><span style=\"font-size:16px\">Understand the principles of holistic education at H3 Pre-School.</span></li>\n	<li style=\"text-align:justify\"><span style=\"font-size:16px\">Understand the philosophy of education at H3 Pre-School.</span></li>\n	<li style=\"text-align:justify\"><span style=\"font-size:16px\">Understaand various teaching learning methods prevalent at&nbsp;H3 Pre-School.&nbsp;</span></li>\n</ol>','<p>Principles of Education at H3 pre-school.</p>','0',NULL,'300',60,'0','0','2021-07-29 18:03:52','2021-11-03 17:59:46'),(119,'303','Fundamental Principles of Insurance','Learn Online Fundamental Principles of Insurance','principles of insurance,learn insurance,explain the principles of insurance,basic principles of insurance,import export course online,learn export import,logistics course,logistics management courses,diploma in logistics,logistics courses online','Learn more about the Fundamental Principles of Insurance - and why insurance is crucial. Learn about the Acts governing the insurance business.','fundamental-principles-of-insurance','Detailed explanation on fundamental principles of Insurance.','<p style=\"text-align:justify\"><span style=\"font-size:16px\">This course is offered by LOGIVeda, the best Digital Institute for the Logistics Sector.&nbsp;<span style=\"background-color:white\"><span style=\"color:black\">This course describes the Fundamental Principle of Insurance - what is Insurance, why Insurance is important and the Acts governing Insurance business. There are fundamental elements of Insurance such as Utmost good faith, Indemnity, Insurable Interest, Causa Proxima, Risk must attached, Mitigation of loss, Contributions, Subrogation, Loss minimization and law of large numbers, which is explained here. It also describes about the charging assets.</span></span></span></p>','<p>This course does not have any pre-requisite.</p>','https://edupmquestionhelp.s3.ap-south-1.amazonaws.com/assets/images/1635945710491635945710.png','<p><span style=\"font-size:16px\">Upon successfully completing the course, the student will be able to</span></p>\n\n<ol>\n	<li><span style=\"font-size:16px\">Understand fundamental principles of insurance.</span></li>\n	<li><span style=\"font-size:16px\">Understand what is utmost good faith, indemnity, insurable interest, mitigation of loss and law of large numbers amongst other basic principles.</span></li>\n	<li><span style=\"font-size:16px\">Understand what is meant by charging assets.</span></li>\n</ol>','<p>Fundamentals of principles of Insurance.</p>','0','Bestseller','760',120,'1','0','2021-08-23 21:38:51','2021-11-26 09:48:32'),(120,'335','Learn Institute Cargo Insurance Coverage','Learn Institute Cargo Insurance Coverage',NULL,'This course is offered by LOGIVeda, the best Digital Institute for the Logistics Sector.&nbsp;This course describes origin of modern Marine Insurance that is of Lloyd&rsquo;s of London Marine Cargo Insurance market. What are Institute Cargo clauses and Institute cargo clauses (air) are the other topics discussed. The concept of reasonably attributable applies in the insurance. For an example packaging can be another cause of damage, one must take care of this. It also mentions institute cargo clause A, B and C, exclusions, general exclusion clause, other clauses and pilferage.&nbsp;','learn-institute-cargo-insurance-coverage','Details on Institute Cargo Clauses.','<p style=\"text-align:justify\"><span style=\"font-size:16px\">This course is offered by LOGIVeda, the best Digital Institute for the Logistics Sector.&nbsp;<span style=\"background-color:white\"><span style=\"color:black\">This course describes origin of modern Marine Insurance that is of Lloyd&rsquo;s of London Marine Cargo Insurance market. What are Institute Cargo clauses and Institute cargo clauses (air) are the other topics discussed. The concept of reasonably attributable applies in the insurance. For an example packaging can be another cause of damage, one must take care of this. It also mentions institute cargo clause A, B and C, exclusions, general exclusion clause, other clauses and pilferage.&nbsp; </span></span></span></p>','<p>This course does not have any pre-requisite.</p>','https://edupmquestionhelp.s3.ap-south-1.amazonaws.com/assets/images/1635946200691635946200.png','<p><span style=\"font-size:16px\">Upon successful completion of the course, the student will be able to</span></p>\n\n<ol>\n	<li><span style=\"font-size:16px\">Understand what are Institute Cargo clauses.</span></li>\n	<li><span style=\"font-size:16px\">Understand what are Institute Cargo clauses A, B and C.&nbsp;</span></li>\n</ol>','<p>Understanding on Institute Cargo Clauses.</p>','0','Bestseller','480',120,'1','0','2021-08-23 22:06:41','2021-11-27 14:36:15'),(121,'307','Cargo Underwriting - what does an Insurance company do?','Learn Cargo Understanding l What Does an Insurance Company Do?','cargo underwriting,cargo insurance,letter of insurance,marine cargo insurance,Marine Cargo coverage,import export course online,learn export import,logistics course,logistics management courses,diploma in logistics,logistics courses online','Learn how an insurance company functions. Our course explains about Marine Insurance, types of Marine Policy, certificate of Insurance and cargo underwriting.','cargo-underwriting-what-does-an-insurance-company-do','Detailed Guide on Marine Cargo Insurance, types of losses and role of Underwriter.','<p style=\"text-align:justify\"><span style=\"font-size:16px\">This course is offered by LOGIVeda, the best Digital Institute for the Logistics Sector.&nbsp;<span style=\"background-color:white\"><span style=\"color:black\">This course explains about the Marine Insurance and cargo underwriting. Who is an Underwriter, Marine cargo coverage, Types of losses, Types of Marine policy, what is a certificate of Insurance is also mentioned. It also deals with Broker&rsquo;s note or letter of Insurance and Inland transit. The letter of Insurance is issued by the broker by providing notice of insurance cover and pending issue. Inland transit clauses come with the policy which needs to be followed. </span></span></span></p>','<p>This course does not have any pre-requisite.</p>','https://edupmquestionhelp.s3.ap-south-1.amazonaws.com/assets/images/1635946047121635946047.png','<p style=\"text-align:justify\"><span style=\"font-size:16px\">Upon successful completion of the course, the student will be able to&nbsp;</span></p>\n\n<ol>\n	<li style=\"text-align:justify\"><span style=\"font-size:16px\">Understand who is an Underwriter.</span></li>\n	<li style=\"text-align:justify\"><span style=\"font-size:16px\">Understand what is Marine Cargo coverage.</span></li>\n	<li style=\"text-align:justify\"><span style=\"font-size:16px\">Understand types of losses.&nbsp;&nbsp;</span></li>\n	<li style=\"text-align:justify\"><span style=\"font-size:16px\">Understand what is a letter of insurance.</span></li>\n</ol>','<p>Detailed guide on Marine Insurance.</p>','0',NULL,'600',120,'1','0','2021-08-23 21:40:45','2021-11-26 09:50:59'),(122,'314','What is a Sales Cycle?','Learn Online What is Sales Cycle','sales cycle,cycle for sale,sales cycle stages,sales life cycle,selling cycle,sales courses online,sell courses online.sales courses online free,sales training courses for beginners','In this course, edupme teaches about Sales Cycle and why it is important. Description about the sales cycle steps and sales flow chart is also given.','what-is-a-sales-cycle','Complete coverage on Sales Cycle & its importance.','<p style=\"text-align:justify\"><span style=\"font-size:16px\">This course is offered by LOGIVeda, the best Digital Institute for the Logistics Sector.&nbsp;This course explains about Sales Cycle and why it is important. Description about the sales cycle steps and sales flow chart is also given. By following the sales flow chart, one would be able to build a healthy relationship with the customer. How to shorten the sales cycle is mentioned in this course as it is important to shorten it in order to achieve the goals. Shorten your sales cycle to improve the lead quality and to attain the qualified lead is described in this course. </span></p>','<p>This course does not have any pre-requisite.</p>','https://edupmquestionhelp.s3.ap-south-1.amazonaws.com/assets/images/1635945863581635945863.png','<p style=\"text-align:justify\"><span style=\"font-size:16px\">Upon successful completion of the course, the student will be able to&nbsp;</span></p>\n\n<ol>\n	<li style=\"text-align:justify\"><span style=\"font-size:16px\">Unerstand what is the sales cycle.</span></li>\n	<li style=\"text-align:justify\"><span style=\"font-size:16px\">Understand the flow chart of sales process.</span></li>\n	<li style=\"text-align:justify\"><span style=\"font-size:16px\">Understand how to shorten the sales cycle.</span></li>\n	<li style=\"text-align:justify\"><span style=\"font-size:16px\">Understand how to improve the lead quality.</span></li>\n</ol>','<p>Understanding of Sales cycle, its importance &amp; flow of a typical sales cycle.</p>','0',NULL,'480',120,'1','0','2021-08-09 14:28:27','2021-12-28 13:15:51'),(123,'304','Introduction & Basic Concept of Insurance','Learn Insurance l Introduction & Basic Concept','Basic Concept of Insurance,cargo insurance,marine cargo insurance,import export course online,learn export import,logistics course,logistics management courses,diploma in logistics,logistics courses online','Upgrade your understanding of the basic concept of Insurance. Learn about the various approaches to risk management, Concepts of Insurance, documentations and Policies.','introduction-&-basic-concept-of-insurance','Comprehensive guide on all aspects of Insurance.','<p style=\"text-align:justify\"><span style=\"font-size:16px\">This course is offered by LOGIVeda, the best Digital Institute for the Logistics Sector.&nbsp;This course describes about the basic concept and important ingredients of Insurance. Some Acts that govern Insurance business are also described. Birth of IRDAI, Insurance Ombudsman scheme, Life Insurance Corporation Act, 1956 is described in this chapter. Description of what is risk and ways to deal with risk are given here. There are various approaches to risk management which are also described. Concepts of Insurance, functions, policy, jargons are other topics discussed.</span></p>\n\n<p style=\"text-align:justify\">&nbsp;</p>','<p>This course does not have any pre-requisite.</p>','https://edupmquestionhelp.s3.ap-south-1.amazonaws.com/assets/images/1635946345511635946345.png','<p><span style=\"font-size:16px\">Upon successful completion of the course, the student will be able to&nbsp;</span></p>\n\n<ol>\n	<li><span style=\"font-size:16px\">Understand basic concepts of insurance.</span></li>\n	<li><span style=\"font-size:16px\">Understand acts that govern insurance.</span></li>\n	<li><span style=\"font-size:16px\">Understand what is IRDAI, Insurance Ombudsman scheme and Life Insurance Corporation Act.</span></li>\n</ol>','<p>Basics of Insurance, explanation of Insurance Act</p>','0','Bestseller','840',120,'1','0','2021-08-09 14:30:08','2021-11-26 09:52:02'),(124,'325','Documents of Carriage & related Liability (Air Waybill & Bill of Lading)','Documents of Carriage & related Liability (Air Waybill & Bill of Lading)',NULL,'This course is offered by LOGIVeda, the best Digital Institute for the Logistics Sector.&nbsp;This course explains Warsaw and Montreal convention in detail. Air waybill is an important document issued in respect of the carriage of cargo, which is mentioned in this chapter. Description of the carriage of goods by sea 1921 that is International law at Hague is given here. Most importantly, the chapter describes responsibilities, liabilities, rights and immunities that the carrier and shipper have towards the carriage of the cargo.','documents-of-carriage-&-related-liability-(air-waybill-&-bill-of-lading)','Detailed descriptions on Airway Bill & Bill of Lading.','<p style=\"text-align:justify\"><span style=\"font-size:16px\">This course is offered by LOGIVeda, the best Digital Institute for the Logistics Sector.&nbsp;<span style=\"background-color:white\"><span style=\"color:black\">This course explains Warsaw and Montreal convention in detail. Air waybill is an important document issued in respect of the carriage of cargo, which is mentioned in this chapter. Description of the carriage of goods by sea 1921 that is International law at Hague is given here. Most importantly, the chapter describes responsibilities, liabilities, rights and immunities that the carrier and shipper have towards the carriage of the cargo. </span></span></span></p>','<p>This course does not have any pre-requisite.</p>','https://edupmquestionhelp.s3.ap-south-1.amazonaws.com/assets/images/1635946290891635946290.png','<p style=\"text-align:justify\"><span style=\"font-size:16px\">Upon successful completion of the course, the student will be able to&nbsp;</span></p>\n\n<ol>\n	<li style=\"text-align:justify\"><span style=\"font-size:16px\">Understand what is Airway bill.</span></li>\n	<li style=\"text-align:justify\"><span style=\"font-size:16px\">Understand carriage of goods by sea 1921 law.</span></li>\n	<li style=\"text-align:justify\"><span style=\"font-size:16px\">Understand what are responsibilities, liabilities, rights and immunities that the carrier and shipper.</span></li>\n</ol>','<p>Understanding of Airway Bill, Bill of Lading and responsibilities of carrier &amp; shipper.</p>','1',NULL,'600',120,'0','0','2021-08-07 10:22:34','2021-11-03 17:24:48'),(125,'334','Learn all aspects of Fema (Foreign Exchange Maintenance Act)','Learn all aspects of Fema (Foreign Exchange Maintenance Act)',NULL,'This course is offered by LOGIVeda, the best Digital Institute for the Logistics Sector.&nbsp;This module is designed to help the students to understand the basics of the Foreign Exchange Management Act, 1999 [Act 42 of 1999] - from its history, its application, important notifications and other related aspects. It enlists the various partners to the Export trade, functions of AD branch, foreign currency accounts, prohibited transactions, etc.','learn-all-aspects-of-fema-(foreign-exchange-maintenance-act)','Detailed coverage on all the aspects of Foreign Exchange Management Act.','<p style=\"text-align:justify\"><span style=\"font-size:16px\">This course is offered by LOGIVeda, the best Digital Institute for the Logistics Sector.&nbsp;This module is designed to help the students to understand the basics of the Foreign Exchange Management Act, 1999 [Act 42 of 1999] - from its history, its application, important notifications and other related aspects. It enlists the various partners to the Export trade, functions of AD branch, foreign currency accounts, prohibited transactions, etc. </span></p>','<p>This course does not have any pre-requisite.</p>','https://edupmquestionhelp.s3.ap-south-1.amazonaws.com/assets/images/1635945777891635945777.png','<p><span style=\"font-size:16px\">After successful completion of the course, the student will be able to</span></p>\n\n<ol>\n	<li><span style=\"font-size:16px\">Understand the basics of the Foreign Exchange Management Act, 1999.</span></li>\n	<li><span style=\"font-size:16px\">Understand the history of FEMA Act 1999, its application and important notifications.</span></li>\n	<li><span style=\"font-size:16px\">Understand functions of AD branch, foreign currency accounts and prohibited transactions.&nbsp;</span></li>\n</ol>','<p>Basics, History &amp; application of FEMA.</p>','0',NULL,'480',120,'0','0','2021-08-23 22:54:52','2021-11-03 17:22:12'),(126,'332','Different types of Letters of Credit','Learn Online Different Types of Letters of Credit','Letters of credit,standby letter of credit,sblc,irrevocable letter of credit,types of letter of credit,lc payment,documentary credit,back to back lc,bank guarantee letter,stand by letter of credit,transferable lc','learn about the advantages, various types, purposes, principles of a Letters of Credit. LC is an irrevocable written undertaking issued by the bank at the request of the buyer.','different-types-of-letters-of-credit','Detailed guide on types of Letters of Credit.','<p style=\"text-align:justify\"><span style=\"font-size:16px\">This course is offered by LOGIVeda, the best Digital Institute for the Logistics Sector.This Course explains all aspects of a Letters of Credit. It is an irrevocable written undertaking issued by the bank at the request of the buyer of goods/services in favor of the seller, for the payment on a determinable future date against complying presentation of documents. Further learn about the advantages, various types, purposes, principles of a LC, concept of Transshipment, various charges and commissions and the Indian Market Situation. </span></p>','<p>This course does not have any pre-requisite.</p>','https://edupmquestionhelp.s3.ap-south-1.amazonaws.com/assets/images/1635945805781635945805.png','<p style=\"text-align:justify\"><span style=\"font-size:16px\">Upon successful completion of the course, the student will be able to</span></p>\n\n<ol>\n	<li><span style=\"font-size:16px\">Understand all aspects of Letters of Credit</span></li>\n	<li><span style=\"font-size:16px\">Understand advantages, types, purposes and principles of LC.</span></li>\n</ol>','<p>Complete coverage on types of Letters of Credit.</p>','0',NULL,'480',60,'1','0','2021-09-06 13:57:52','2021-12-09 14:31:14'),(127,'331','Transport Document in Foreign Trade','Learn Transport Document in Foreign Trade','Transport Document,Foreign Trade, Air Waybill,foreign trade DOCUMEN, international trade documents,sea waybill,import export course online,freight invoice,learn import export','In this course, Mr. Kishor Bhatt explains the various types of documents related to transportation which are required in Foreign Trade.','transport-document-in-foreign-trade','Comprehensive Guide for the documentation needed in foreign trade.','<p style=\"text-align:justify\"><span style=\"font-size:16px\">This course is offered by LOGIVeda, the best Digital Institute for the Logistics Sector.&nbsp;In this course, Mr. Kishor Bhatt explains the various types of documents related to transportation which are required in the Foreign Trade. There has been a focused discussion of the Ship and Airway modes.&nbsp; It includes study of various types of receipts, bills and contracts as well. Focus has also been given to the important terms which are often seen in various transport documents. Transport documents and some documents like the Air Waybill, or the transship documents that are issued only by designated authorities.</span></p>','<p>This course does not have any pre-requisite.</p>','https://edupmquestionhelp.s3.ap-south-1.amazonaws.com/assets/images/1635945831751635945831.png','<p><span style=\"font-size:16px\">Upon successful completion of the course, the student will be able to&nbsp;</span></p>\n\n<ol>\n	<li><span style=\"font-size:16px\">Understand various documents needed in foreign trade.</span></li>\n	<li><span style=\"font-size:16px\">Understand what are ship and airway modes.</span></li>\n	<li><span style=\"font-size:16px\">Understand various types of receipts, bills and contracts.</span></li>\n</ol>','<p>Detailed coverage on all the documentation needed for foreign trade.</p>','0',NULL,'680',120,'1','0','2021-09-06 13:59:35','2021-12-09 14:33:48'),(128,'56','GST: Tour & Travel Services','Learn GST on Tour & Travel Operator Services','gst course, gst certification course, gst course online, gst practitioner course, gst training, gst classes near me, tours and travels gst rate, gst on travel agency','Know how to determine the GST applicable on tour operator services. Under GST, 5% is levied with no Input Tax Credit.','gst-tour-&-travel-services','Comprehensive GST Guide for Tour & Travel Services.','<p style=\"text-align:justify\"><span style=\"font-size:14px\">Travel agencies provide a diverse set of services. It becomes very complex to understand the implications of GST for various services offerred. This course provides a thorough understanding of GST implications for tours and travel agencies. The course starts with the basics of GST and its structure. Subsequently, the details of the GST liailities for various types of incomes earned by travel agencies are given. Also, details are given on types of invocies raised by travel services provider. Taxability of incomes earned by various services such as tour operator, hotel &amp; apartment booking, rent a cab&nbsp;are covered. The course is interactive and wil lserve as a unique reference to the whole tourism and travel sector for GST implications.&nbsp;&nbsp; &nbsp; &nbsp;</span></p>','<p>This course does not have any pre-requisite.</p>','https://edupmquestionhelp.s3.ap-south-1.amazonaws.com/assets/images/1635999216101635999216.png','<p><span style=\"font-size:14px\">Upon finishing the course, the learner will be able to,</span></p>\n\n<ol>\n	<li><span style=\"font-size:14px\">Understand GST liability for tours and travel sector.</span></li>\n	<li><span style=\"font-size:14px\">List types of invoices for various travel services.</span></li>\n	<li><span style=\"font-size:14px\">Understand tax liaility as a Torus Operator.</span></li>\n	<li><span style=\"font-size:14px\">Understand tax liability as a Hotel &amp; Apartment booking service provider.</span></li>\n	<li><span style=\"font-size:14px\">Understand tax liability as a Rent a Cab service provider.&nbsp;&nbsp;</span></li>\n</ol>','<p>All aspects of GST pertaining to Tours &amp; Travels sector.</p>','0',NULL,'900',120,'1','0','2021-09-18 12:40:47','2021-11-23 09:45:08'),(129,'310','Introductory Programme on how to Import-Export','Introductory Programme on how to Import-Export',NULL,'This course is offered by LOGIVeda, the best Digital Institute for the Logistics Sector.&nbsp;Exporting is one of the most important line of operations in our country. However, there are some myths associated with the same. Have you ever thought about exporting business but stopped because you thought that it&rsquo;s too complicated? It is not!&nbsp;You can always delegate your tasks and ensure a smooth exporting process. This module will deal with the various aspects of Exporting- What it is? How it is done? Who can Export? How to deal and take stand in the export market and The Niryat Bandhu Scheme as well.','introductory-programme-on-how-to-import-export','Detailed coverage on all aspects of import & export.','<p style=\"text-align:justify\"><span style=\"font-size:16px\">This course is offered by LOGIVeda, the best Digital Institute for the Logistics Sector.&nbsp;Exporting is one of the most important line of operations in our country. However, there are some myths associated with the same. Have you ever thought about exporting business but stopped because you thought that it&rsquo;s too complicated? It is not!&nbsp;You can always delegate your tasks and ensure a smooth exporting process. This module will deal with the various aspects of Exporting- What it is? How it is done? Who can Export? How to deal and take stand in the export market and The Niryat Bandhu Scheme as well.</span></p>','<p>This course does not have any pre-requisite.</p>','https://edupmquestionhelp.s3.ap-south-1.amazonaws.com/assets/images/1635946021601635946021.png','<p style=\"text-align:justify\"><span style=\"font-size:16px\">Upon successful completion of the course, the student will be able to</span></p>\n\n<ol>\n	<li style=\"text-align:justify\"><span style=\"font-size:16px\">Understand the basics of imports and exports.</span></li>\n	<li style=\"text-align:justify\"><span style=\"font-size:16px\">Understand how to deal and take stand in the export market.&nbsp;</span></li>\n</ol>','<p>Basics of Import &amp; Export</p>','1','Bestseller','480',120,'0','0','2021-08-23 22:11:11','2021-11-27 14:42:01'),(130,'333','Methods of making Payments in Foreign Exchange','Learn Methods of Making Payments in Foreign Exchange','foreign currency translation methods, foreign exchange,Barter Trade,payment terms in export,Counter Trade,payment terms in international trade,Triangle trade,Trade agreement,methods of payment in international trade','Learn about the various payment methods related to Trade, Foreign Exchange. Further, the various methods for the payment of a FOREX are also discussed.','methods-of-making-payments-in-foreign-exchange','Learn in details on methods of payments for Trade & Foreign Exchange','<p style=\"text-align:justify\"><span style=\"font-size:16px\">This course is offered by LOGIVeda, the best Digital Institute for the Logistics Sector.&nbsp;This Course focuses on Trade, Foreign Exchange and the methods of payment related to both of them respectively. Trade can be of four types- Barter Trade, Trade Agreement (after money was invented), Counter Trade, &amp; Triangle trade whereas the methods of payment for trade can be clean and advance payments. A BOE is a negotiable instrument which is signed on an unconditional basis by the drawer in the name of the bearer. Further, the various methods for the payment of a FOREX are also discussed</span></p>','<p>This course does not have any pre-requisite.</p>','https://edupmquestionhelp.s3.ap-south-1.amazonaws.com/assets/images/1635945934951635945934.png','<p style=\"text-align:justify\"><span style=\"font-size:16px\">Upon successful completion, the student will be able to&nbsp;</span></p>\n\n<ol>\n	<li><span style=\"font-size:16px\">Understand types of Foreign Trade, Trade agreement, Counter Trade and Traiangle trade.</span></li>\n	<li><span style=\"font-size:16px\">Understand various methods of payment of a FOREX.</span></li>\n</ol>','<p>Focus on methods of payment for Trade &amp; Foreign Exchange</p>','0',NULL,'480',60,'1','0','2021-09-06 13:59:15','2021-12-09 14:27:32'),(131,'328','Various documents as needed in Foreign Trade','Various documents as needed in Foreign Trade',NULL,'This course is offered by LOGIVeda, the best Digital Institute for the Logistics Sector.&nbsp;This Course specifically deals with the different types of documents required in an Export Business. For example, an invoice that specifies the quantity and price of goods and services, a bill of exchange that guarantees payment to its bearer, etc. &nbsp;Further, it includes study of various types of certificates issued by different authorities, which ensure the quality of goods, the age of the vessel, origin of goods etc.','various-documents-as-needed-in-foreign-trade','Learn all aspects on documentation needed for the export business.','<p style=\"text-align:justify\"><span style=\"font-size:16px\">This course is offered by LOGIVeda, the best Digital Institute for the Logistics Sector.&nbsp;This Course specifically deals with the different types of documents required in an Export Business. For example, an invoice that specifies the quantity and price of goods and services, a bill of exchange that guarantees payment to its bearer, etc. &nbsp;Further, it includes study of various types of certificates issued by different authorities, which ensure the quality of goods, the age of the vessel, origin of goods etc. </span></p>','<p>This course does not have any prerequisite.</p>','','<p style=\"text-align:justify\"><span style=\"font-size:16px\">Upon successful completion of the course, the student will be able to</span></p>\n\n<ol>\n	<li style=\"text-align:justify\"><span style=\"font-size:16px\">Understand various documents required in an Export Business.</span></li>\n	<li style=\"text-align:justify\"><span style=\"font-size:16px\">Gain knowledge of various types of certificates issued by different authorities.</span></li>\n</ol>','<p>Documents required for Export Business.</p>','0',NULL,'640',120,'0','0','2021-08-23 23:02:16','2021-11-09 06:26:21'),(132,'344','GST For Logistics Industry','GST For Logistics Industry',NULL,NULL,'gst-for-logistics-industry',NULL,NULL,NULL,NULL,NULL,NULL,'0',NULL,'300',NULL,'0','0','2021-11-16 18:52:19','2021-11-16 18:52:23'),(133,'550','Introduction to Industrial Robotics','Learn Introduction to Industrial Robotics Course','Industrial Robotics,learn robotics, basics of robotics,online robotics classes, online robotics course,types of robots,CNC Machines,Mobile Robots,autonomous mobile robots','Learn with edupme an introduction to robotics, robotics system and robotics automation. Understand the benefits that a robotics system entails and in an organization.','introduction-to-industrial-robotics','Ultimate guide to introduction to Industrial Robotics','<p style=\"text-align:justify\"><span style=\"font-size:16px\">Introduction to Industrial Robotics develops a holistic understanding of the basics of industrial robotics. For beginners, it is common&nbsp;to have questions regarding where to start learning when it comes to Industrial Robots. This is due to the complex technology and multidisciplinary nature of robots. This course first covers types of robots. It then discusses various criteria, such as speed and paylaod, to select robots correctly. Applicable standards are also ocovered followed by safety standards. This course is suitable for Practitioners entering the area of robotics and students of engineering and business administration.&nbsp;&nbsp;&nbsp;&nbsp;&nbsp;&nbsp; &nbsp;&nbsp;</span></p>','<p style=\"text-align:justify\"><span style=\"font-size:16px\">This course is an introduction to industrial robots, their selection and skills required to excel in the area of industrial robotics. This course does not have any prerequisites.&nbsp;&nbsp;&nbsp;</span></p>','https://edupmquestionhelp.s3.ap-south-1.amazonaws.com/assets/images/1636002043331636002043.png','<p style=\"text-align:justify\"><span style=\"font-size:16px\">Upon successful completion of the course, the student will be able to</span></p>\n\n<ol>\n	<li style=\"text-align:justify\"><span style=\"font-size:16px\">Classify robots of various types.</span></li>\n	<li style=\"text-align:justify\"><span style=\"font-size:16px\">Understand criteria for selection of robots.</span></li>\n	<li style=\"text-align:justify\"><span style=\"font-size:16px\">Gain knowledge of various standards applicable to Robotics.</span></li>\n	<li style=\"text-align:justify\"><span style=\"font-size:16px\">Understand what is Return on Investment in a Robotics application.</span></li>\n</ol>','<p>Introduction, Selection &amp; Application of Industrial Robots</p>','1','Bestseller','700',120,'1','0','2021-08-28 00:57:56','2021-12-09 14:29:10'),(134,'330','Practical Issues in Managing Risks in Foreign Trade','Practical Issues in Managing Risks in Foreign Trade',NULL,NULL,'practical-issues-in-managing-risks-in-foreign-trade',NULL,NULL,NULL,NULL,NULL,NULL,'0',NULL,'300',NULL,'0','0','2021-11-16 18:52:22','2021-11-16 18:52:26'),(135,'346','LCL - Consolidation','Learn Less Container Load l LCL Consolidation','lcl consolidation,Less than container load,Inland Container Deport,ocean shipping,LCL,full container load,export consolidation','Learn about the LCL Consolidation also known as groupage cargo. This Course is all about LCL consolidation, which covers everything about LCL Consolidation.','lcl---consolidation','Learn in details on Groupage Cargo or Consolidation with part & full container load shipment.','<p style=\"text-align:justify\"><span style=\"font-size:16px\">This course is offered by LOGIVeda, the best Digital Institute for the Logistics Sector.&nbsp;<span style=\"color:black\">In this course you will learn in detail about Consolidation, which is also called groupage cargo. One is the full container load, which is FCL and second is LCL, which is less than the container load. This Course is all about an LCL consolidation, which covers what is Consolidation? Is LCL Consolidation is profitable? How to calculate the volume? How to prepare stuffing plan? What are Trade lanes? How to calculate pricing and how to do marketing? &nbsp;And the complete process flow of Export Consolidation. Enroll the course where you will have insight on the consolidation, how it happens, and you have to be very skillful when you do this type of business.</span></span></p>','<p>This course does not have any pre-requisites.</p>','https://edupmquestionhelp.s3.ap-south-1.amazonaws.com/assets/images/1635946378701635946378.png','<p><span style=\"font-size:16px\">Upon successfull completion of the course, the student will be able to</span></p>\n\n<ol>\n	<li><span style=\"font-size:16px\">Understand what is groupage cargo.</span></li>\n	<li><span style=\"font-size:16px\">Understand what is Full Container Load and Less than the Container Load.</span></li>\n	<li><span style=\"font-size:16px\">Understand the complete process flow of export consolidation.</span></li>\n</ol>','<p>All aspects of Groupage or consolidated cargo.</p>','0',NULL,'1050',120,'1','0','2021-09-24 18:59:08','2021-12-09 14:30:49'),(136,'347','The Rotterdam Rules','The Rotterdam Rules',NULL,NULL,'the-rotterdam-rules',NULL,NULL,NULL,NULL,NULL,NULL,'0',NULL,'300',NULL,'0','0','2021-11-16 18:54:07','2021-11-16 18:54:09'),(137,'348','Manufacture and other Operations in Private Warehouse','Manufacture and other Operations in Private Warehouse',NULL,NULL,'manufacture-and-other-operations-in-private-warehouse',NULL,NULL,NULL,NULL,NULL,NULL,'0',NULL,'300',NULL,'0','0','2021-11-16 18:56:42','2021-11-16 18:56:44'),(138,'349','Handling of Cargo In Customs Area Regulation','Handling of Cargo In Customs Area Regulation',NULL,NULL,'handling-of-cargo-in-customs-area-regulation',NULL,'<p>Test</p>','<p>est</p>',NULL,'<p>test</p>','<p>test</p>','0',NULL,'300',120,'0','0','2021-11-16 18:58:13','2021-11-20 16:01:13'),(139,'601','NOBCON Sports','NOBCON Sports',NULL,'Welcome to edupme at NOBCON 2021! This is a short quiz in the session by edupme on AI powered learning. This quiz is about sports and refreshes one&#39;s knowledge of the current developments in the world of sports.&nbsp;&nbsp;&nbsp; &nbsp;&nbsp;','nobcon-sports',NULL,'<p style=\"text-align:justify\"><span style=\"font-size:14px\">Welcome to edupme at NOBCON 2021! This is a short quiz in the session by edupme on AI powered learning. This quiz is about sports and refreshes one&#39;s knowledge of the current developments in the world of sports.&nbsp;&nbsp;&nbsp; &nbsp;&nbsp;</span></p>',NULL,'https://edupmquestionhelp.s3.ap-south-1.amazonaws.com/hint/uploads/images/16348363551634836355.png','<p style=\"text-align:justify\"><span style=\"font-size:14px\">Upon completing the quiz, you will be able to learn the latest in Sports.&nbsp;</span></p>',NULL,'0',NULL,'50',NULL,'0','0','2021-10-22 15:45:38','2021-12-31 19:51:48'),(140,'602','NOBCON Junagadh GK','NOBCON Junagadh GK',NULL,'Welcome to edupme at NOBCON 2021! This is a short quiz in the session by edupme on AI powered learning. This quiz is on general knowledge about the Junagadh area of Gujarat. The quiz showcases AI-powered learning &nbsp;','nobcon-junagadh-gk',NULL,'<p style=\"text-align:justify\"><span style=\"font-size:14px\">Welcome to edupme at NOBCON 2021! This is a short quiz in the session by edupme on AI powered learning. This quiz is on general knowledge about the Junagadh area of Gujarat. The quiz showcases AI-powered learning &nbsp;</span></p>',NULL,'https://edupmquestionhelp.s3.ap-south-1.amazonaws.com/hint/uploads/images/16348419281634841928.png','<p style=\"text-align:justify\"><span style=\"font-size:14px\">Upon completeing the quiz, one can learn about general information about the Junagadh area in an interactive way.</span></p>',NULL,'0',NULL,'50',NULL,'0','0','2021-10-22 14:16:46','2021-12-31 19:51:46'),(141,'603','NOBCON Mechanical Engineering','NOBCON Mechanical Engineering',NULL,'Welcome to edupme at NOBCON 2021! This is a short quiz in the session by edupme on AI powered learning. This quiz is on Mechanical Engineering.','nobcon-mechanical-engineering',NULL,'<p style=\"text-align:justify\"><span style=\"font-size:14px\">Welcome to edupme at NOBCON 2021! This is a short quiz in the session by edupme on AI powered learning. This quiz is on Mechanical Engineering.</span></p>',NULL,'https://edupmquestionhelp.s3.ap-south-1.amazonaws.com/hint/uploads/images/16348715791634871579.jpeg','<p style=\"text-align:justify\"><span style=\"font-size:14px\">Upon completing this quiz, one will be able to assess one&#39;s knowledge on</span></p>\n\n<ol>\n	<li style=\"text-align:justify\"><span style=\"font-size:14px\">Basic knowledge in the area of Mechanical Engineering</span></li>\n	<li style=\"text-align:justify\"><span style=\"font-size:14px\">Recollect fundamentals of Mechanical Engineering.&nbsp;&nbsp;</span></li>\n</ol>',NULL,'0',NULL,'50',NULL,'0','0','2021-10-22 13:54:53','2021-12-31 19:51:37'),(142,'604','NOBCON Civil Engineering','NOBCON Civil Engineering',NULL,'Welcome to edupme at NOBCON 2021! This is a short quiz in the session by edupme on AI powered learning. This quiz is on Civil Engineering.','nobcon-civil-engineering',NULL,'<p style=\"text-align:justify\"><span style=\"font-size:14px\">Welcome to edupme at NOBCON 2021! This is a short quiz in the session by edupme on AI powered learning. This quiz is on Civil Engineering.</span></p>',NULL,'https://edupmquestionhelp.s3.ap-south-1.amazonaws.com/hint/uploads/images/16348715941634871594.jpeg','<p style=\"text-align:justify\"><span style=\"font-size:14px\">Upon completing this quiz, one will be able to assess one&#39;s knowledge on</span></p>\n\n<ol>\n	<li style=\"text-align:justify\"><span style=\"font-size:14px\">Basic knowledge in the area of Civil Engineering</span></li>\n	<li style=\"text-align:justify\"><span style=\"font-size:14px\">Recollect fundamentals of Civil Engineering.&nbsp;&nbsp;</span></li>\n</ol>',NULL,'0',NULL,'50',NULL,'0','0','2021-10-22 13:54:46','2021-12-31 19:51:33'),(143,'605','NOBCON Computer and IT Engineering','NOBCON Computer and IT Engineering',NULL,'Welcome to edupme at NOBCON 2021! This is a short quiz in the session by edupme on AI powered learning. This quiz is on Computer &amp; IT Engineering.','nobcon-computer-and-it-engineering',NULL,'<p style=\"text-align:justify\"><span style=\"font-size:14px\">Welcome to edupme at NOBCON 2021! This is a short quiz in the session by edupme on AI powered learning. This quiz is on Computer &amp; IT Engineering.</span></p>',NULL,'https://edupmquestionhelp.s3.ap-south-1.amazonaws.com/hint/uploads/images/16348716101634871610.jpeg','<p style=\"text-align:justify\"><span style=\"font-size:14px\">Upon completing this quiz, one will be able to assess one&#39;s knowledge on</span></p>\n\n<ol>\n	<li style=\"text-align:justify\"><span style=\"font-size:14px\">Basic knowledge in the area of Computer &amp; IT Engineering</span></li>\n	<li style=\"text-align:justify\"><span style=\"font-size:14px\">Recollect fundamentals of Computer &amp; IT Engineering.&nbsp;&nbsp;</span></li>\n</ol>',NULL,'0',NULL,'50',NULL,'0','0','2021-10-22 13:54:42','2021-12-31 19:51:29'),(144,'606','NOBCON Electrical Engineering','NOBCON Electrical Engineering',NULL,'Welcome to edupme at NOBCON 2021! This is a short quiz in the session by edupme on AI powered learning. This quiz is on Electrical&nbsp;Engineering.','nobcon-electrical-engineering',NULL,'<p style=\"text-align:justify\"><span style=\"font-size:14px\">Welcome to edupme at NOBCON 2021! This is a short quiz in the session by edupme on AI powered learning. This quiz is on Electrical&nbsp;Engineering.</span></p>',NULL,'https://edupmquestionhelp.s3.ap-south-1.amazonaws.com/hint/uploads/images/16348716361634871636.jpeg','<p style=\"text-align:justify\"><span style=\"font-size:14px\">Upon completing this quiz, one will be able to assess one&#39;s knowledge on</span></p>\n\n<ol>\n	<li style=\"text-align:justify\"><span style=\"font-size:14px\">Basic knowledge in the area of Electrical Engineering</span></li>\n	<li style=\"text-align:justify\"><span style=\"font-size:14px\">Recollect fundamentals of Electrical&nbsp;Engineering.</span></li>\n</ol>',NULL,'0',NULL,'50',NULL,'0','0','2021-10-22 13:54:49','2021-12-31 19:51:26'),(145,'607','NOBCON Management Quiz','NOBCON Management Quiz',NULL,'Welcome to edupme at NOBCON 2021! This is a short quiz in the session by edupme on AI powered learning. This quiz is on Management which covers aspects of leadership and&nbsp; managerial skills.&nbsp;','nobcon-management-quiz',NULL,'<p style=\"text-align:justify\"><span style=\"font-size:14px\">Welcome to edupme at NOBCON 2021! This is a short quiz in the session by edupme on AI powered learning. This quiz is on Management which covers aspects of leadership and&nbsp; managerial skills.&nbsp;</span></p>',NULL,'https://edupmquestionhelp.s3.ap-south-1.amazonaws.com/hint/uploads/images/16348695461634869546.png','<p style=\"text-align:justify\"><span style=\"font-size:14px\">Upon successful completion of the quiz, one will be able to</span></p>\n\n<ol>\n	<li style=\"text-align:justify\"><span style=\"font-size:14px\">Understand basic principles of anagement</span></li>\n	<li style=\"text-align:justify\"><span style=\"font-size:14px\">Understand what are leadership qualities in managers.&nbsp;&nbsp;</span></li>\n</ol>',NULL,'0',NULL,'50',NULL,'0','0','2021-10-22 15:36:20','2021-12-31 19:51:22'),(146,'350','Basic Airline Cargo Acceptance & Handling',NULL,NULL,NULL,'basic-airline-cargo-acceptance-handling',NULL,NULL,NULL,NULL,NULL,NULL,'0',NULL,NULL,120,'0','0','2021-11-16 19:13:36','2021-11-16 19:13:36'),(147,'351','Manufacture and Other Operations in Special Warehouse Regulations, 2020',NULL,NULL,NULL,'manufacture-operations-special-warehouse-regulations',NULL,NULL,NULL,NULL,NULL,NULL,'0',NULL,'300',120,'0','0','2021-11-16 19:25:36','2021-11-16 19:25:38'),(148,'551','Introduction to Industrial Robotics 2.0- Robot Selection','Introduction to Industrial Robotics 2.0- Robot Selection','Robot selection','This course is an extension of the &quot;Introduction to Industrial Robotics&quot; and specifically deals with the selection procedure of Robots for your requirements. This detailed course comprises all major and minor aspects required to be&nbsp;considered before finalising your process, type of robot and vendor. Moreover, this course also deals with the economical aspect of robot selection and viability and gives an insight into typical industrial ROI practices.','introduction-to-industrial-robotics-2.0--robot-selection','Robot Selection','<p>This course is an extension of the &quot;Introduction to Industrial Robotics&quot; and specifically deals with the selection procedure of Robots for your requirements. This detailed course comprises all major and minor aspects required to be&nbsp;considered before finalising your process, type of robot and vendor. Moreover, this course also deals with the economical aspect of robot selection and viability and gives an insight into typical industrial ROI practices.</p>','<p>Learning the course on Introduction to Industrial Robotics will help build required foundation for this course.</p>','https://edupmquestionhelp.s3.ap-south-1.amazonaws.com/assets/images/1639826323741639826323.jfif','<p>On completion of this course; the learner will be able to:</p>\n\n<p>1) Identify if a process can be automated</p>\n\n<p>2) Differentiate between robotic and non-robotic automation solutions</p>\n\n<p>3) Check for the type of robot the process will benefit from</p>\n\n<p>4) Calculate the ROI while having an understanding of basic automated procedures</p>\n\n<p>5) Make decisions for their factory floor using the question-type structure of the course</p>','<p>Illustrations, practical examples&nbsp;</p>','0',NULL,'800',120,'0','0','2021-10-29 10:37:21','2021-12-18 16:48:43'),(149,'1100','Short text answer Demo','AI','AI','AI','short-text-answer-demo','This is a course for demonstration of conversational AI capabilities of edupme.','<p>This is a course for demonstration of conversational AI capabilities of edupme.&nbsp;</p>','<p>No prerequisites.</p>','https://edupmquestionhelp.s3.ap-south-1.amazonaws.com/assets/images/1637306940101637306940.jpeg','<p>This is a course for demonstration of conversational AI capabilities of edupme.&nbsp;</p>','<p>Short texts answers</p>','0',NULL,'100',120,'1','0','2021-11-19 07:29:01','2022-08-29 16:35:29'),(150,'353','Sea Cargo Manifest and Transshipment (Amendment) Regulations, 2020','xzz','xzz','xzz','sea-cargo-manifest-and-transshipment-amendment-regulations-2020','xzz','<p>xzz</p>','<p>xzz</p>','https://edupmquestionhelp.s3.ap-south-1.amazonaws.com/assets/images/1637821541981637821541.png','<p>xzz</p>','<p>xzzz</p>','0',NULL,'300',45,'0','0','2021-11-25 11:55:41','2021-11-25 11:55:41'),(151,'5005','Double Round Bottom','Investment','Double bottom','Investment fundamentals','double-round-bottom','This is a demo course on Double Round Bottom','<p>Introduction</p>','<p>Course Outcomes</p>','https://edupmquestionhelp.s3.ap-south-1.amazonaws.com/assets/images/1639484625611639484625.JPG','<p>Student learning Objectives</p>','<p>Type of media the course will incldue</p>','0',NULL,'1000',120,'0','0','2021-12-14 17:53:45','2021-12-14 18:31:26'),(152,'151','Introduction to Bitcoin and Ethereum','Cryptocurrency','Crypto','Course on Cryptocurrency','introduction-to-bitcoin-and-ethereum','Basics of cryptocurrencies in the current market','<p>This course explains in detail the meaning of cryptocurrency while articulating the reasons behind Bitcoin being famous and about the current trend behind Ethereum.</p>','<p>Current trends of currency markets moving towards crypto and the basic blockchain concept.</p>','https://edupmquestionhelp.s3.ap-south-1.amazonaws.com/assets/images/1640771151531640771151.png','<p>1) Cryptocurrency and the monopoly of Bitcoin</p>\n\n<p>2) Upcoming crypto- Ethereum and the hurdles it will face in the near future.</p>\n\n<p>3) Crypto Transaction Fees</p>\n\n<p>4) TPS</p>\n\n<p>5) Trends in Transaction fees and TPS</p>\n\n<p>6) How to transact a crypto token</p>\n\n<p>7) Browsing crypto on the web</p>','<p>Video</p>\n\n<p>&nbsp;</p>','1',NULL,'300',120,'1','0','2021-12-17 14:23:30','2021-12-29 16:40:23'),(153,'152','Valuation of Crypto currencies','Cryptocurrency','Crypto','Valuation of Crypto currencies','valuation-of-crypto-currencies','Take an introductory dive into the world of crypto currency and its driving factor','<p>Course describes the importance of crypto valuation and how it builds the foundation of selecting a crypto to invest in.</p>','<p>Previous knowledge of bitcoin and ethereum from module 1 and the current trends in crupto</p>','https://edupmquestionhelp.s3.ap-south-1.amazonaws.com/assets/images/1640771171131640771171.png','<p>1) How is a crypto valuated</p>\n\n<p>2) The trends in price and valuation of a crypto</p>\n\n<p>3) The essence of investing in a crypto</p>\n\n<p>4) Trading between tokens and how do platforms earn out of these platforms</p>\n\n<p>5) How to go around&nbsp;trading and liquidity websites</p>','<p>Video</p>','1',NULL,'300',120,'1','0','2021-12-17 14:47:28','2021-12-29 16:40:42'),(154,'153','Growth and Monopoly of Crypto Currencies','Cryptocurrency','Crypto','Growth and Monopoly of Crypto Currencies','growth-and-monopoly-of-crypto-currencies','This course articulates the functionality of the crypto market','<p>This course talks about the factors that drive and guide the valuation of a cryptocurrency, namely, Growth and monopoly. Understanding these factors makes one capable of better understanding and evaluating the digital currency market.</p>','<p>Preferable knowledge from module 1 and 2 of crypto:</p>\n\n<p>1) Introduction to Bitcoin and Ethereum</p>\n\n<p>2) Valuation of Cryptocurrency</p>','https://edupmquestionhelp.s3.ap-south-1.amazonaws.com/assets/images/1640771035311640771035.png','<p>!) Growth and monopoly&nbsp;in crypto market</p>\n\n<p>2) Red and Green flags of a crypto like&nbsp;product longevity&nbsp;and data transperancy</p>\n\n<p>3) Methods to identify growth and monopoly</p>\n\n<p>4) The importance of community for the success of a token&nbsp;</p>','<p>Video</p>','1',NULL,'300',120,'1','0','2021-12-17 14:55:38','2021-12-29 16:40:36'),(155,'154','Create your own mutual fund by investing in Crypto currencies','Cryptocurrency','Crypto','Create your own mutual fund by investing in Crypto currencies','create-your-own-mutual-fund-by-investing-in-crypto-currencies','This course helps you build and understand your own crypto fund portfolio.','<p>This course helps you build and understand your own crypto fund portfolio while building ground up with ht support of our previous 3 modules</p>','<p>Preferable knowledge of the follwoing modules:</p>\n\n<p>1) Introduction to bitcoin and ethereum</p>\n\n<p>2) Valuation of Cryptocurrencies</p>\n\n<p>3)&nbsp;Growth and Monopoly of Cryptocurrencies</p>','https://edupmquestionhelp.s3.ap-south-1.amazonaws.com/assets/images/1640771213401640771213.png','<p>1) How to manage your crypto fund&nbsp;</p>\n\n<p>2) Defning crucial terms while assessing a crypto like circulating and total supply</p>\n\n<p>3) Using prominent websites while being an active memeber of the crypto world</p>\n\n<p>4) Exploring&nbsp;various fund management terminals based on different currencies</p>\n\n<p>5) Introductory knowldge of business models used to invest in today&#39;s market</p>','<p>Video</p>','1',NULL,'300',120,'1','0','2021-12-17 15:00:23','2021-12-29 16:40:31'),(156,'161','Art of Sales Communication','Sales Communication','Sales,art of sales communication','Course on sales and sales communication','art-of-sales-communication','A course on improving sales communication.','<p style=\"text-align:justify\"><span style=\"font-size:14px\">This course is on art of Sales Communication. Sales is an important function of any business. Success of sales team leads to the sucess of the organization.&nbsp;To be a successful sales professional, one needs to master the art of communicating effectively. This course teaches sales techniques and ways to improve sales communication.&nbsp;</span></p>','<p><span style=\"font-size:14px\">This course does not have any pre-requisite.</span></p>\n\n<ol>\n</ol>','https://edupmquestionhelp.s3.ap-south-1.amazonaws.com/assets/images/1640771229761640771229.png','<p><span style=\"font-size:14px\">Upon completing the course, the student will be able to</span></p>\n\n<ol>\n	<li><span style=\"font-size:14px\">Improve sales communication skills</span></li>\n	<li><span style=\"font-size:14px\">Understand sales techniques&nbsp;</span></li>\n</ol>','<p>Video tutorial, assessment</p>','0',NULL,'999',120,'1','0','2021-12-29 11:20:46','2021-12-31 18:20:19'),(157,'171','Harness the Power of Subconscious Mind','Power of Subconscious Mind','Subconscious Mind','Course on Subconscious Mind','harness-the-power-of-subconscious-mind','This course teaches Abundance Lifestyle Blueprint to overcome Mind Blocks by harnessing the power of Subconscious Mind.','<p><span style=\"font-size:14px\">Majority of the people get stuck in life due to set of negative beliefs i.e. Mind Blocks and feel frustrated&nbsp;and demotivated. Abundance Lifestyle Blueprint shows you to overcome Mind Blocks and start living in abundance.</span></p>','<p><span style=\"font-size:14px\">Only prerequisite to join&nbsp;the course is OPEN MIND and fire in the belly to grow in life.</span></p>','https://edupmquestionhelp.s3.ap-south-1.amazonaws.com/assets/images/1640958132891640958132.png','<ul>\n	<li><span style=\"font-size:14px\">Understanding of Conscious and Subconscious Mind</span></li>\n	<li><span style=\"font-size:14px\">Basic functions of the brain</span></li>\n	<li><span style=\"font-size:14px\">Our unlimited potential</span></li>\n	<li><span style=\"font-size:14px\">How are Paradigms formed?</span></li>\n	<li><span style=\"font-size:14px\">Four spectrums of life and wheel of life</span></li>\n	<li><span style=\"font-size:14px\">Six steps process to live an Abundance Lifestyle</span></li>\n</ul>','<p>Recorded video&nbsp;</p>','0',NULL,'1999',120,'0','0','2021-12-31 19:12:12','2021-12-31 20:05:07'),(158,'PYADMN','python adm','python','python learning','learn python','python-adm','pyhton','<p>Lorem ipsum dolor sit amet, consectetur adipiscing elit. Nulla pharetra interdum velit. Cras ullamcorper, ex eu posuere lacinia, nibh leo sollicitudin nulla, eu egestas eros velit quis orci. Nam eu quam eleifend, pharetra lorem nec, placerat nisi. Nam aliquam mauris ut erat pellentesque condimentum pretium sit amet lorem.</p>','<p>Lorem ipsum dolor sit amet, consectetur adipiscing elit. Nulla pharetra interdum velit. Cras ullamcorper, ex eu posuere lacinia, nibh leo sollicitudin nulla, eu egestas eros velit quis orci. Nam eu quam eleifend, pharetra lorem nec, placerat nisi. Nam aliquam mauris ut erat pellentesque condimentum pretium sit amet lorem.</p>','https://edupmquestionhelp.s3.ap-south-1.amazonaws.com/assets/images/1641967164231641967164.jpg','<p>Lorem ipsum dolor sit amet, consectetur adipiscing elit. Nulla pharetra interdum velit. Cras ullamcorper, ex eu posuere lacinia, nibh leo sollicitudin nulla, eu egestas eros velit quis orci. Nam eu quam eleifend, pharetra lorem nec, placerat nisi. Nam aliquam mauris ut erat pellentesque condimentum pretium sit amet lorem.</p>','<p>Lorem ipsum dolor sit amet, consectetur adipiscing elit. Nulla pharetra interdum velit. Cras ullamcorper, ex eu posuere lacinia, nibh leo sollicitudin nulla, eu egestas eros velit quis orci. Nam eu quam eleifend, pharetra lorem nec, placerat nisi. Nam aliquam mauris ut erat pellentesque condimentum pretium sit amet lorem.</p>','0',NULL,'100',10,'1','0','2022-01-12 11:29:24','2022-01-12 12:10:32'),(159,'PHPADM','php 1',NULL,NULL,NULL,'php-1','php is open source language','<p>Lorem ipsum dolor sit amet, consectetur adipiscing elit. Nulla pharetra interdum velit. Cras ullamcorper, ex eu posuere lacinia, nibh leo sollicitudin nulla, eu egestas eros velit quis orci. Nam eu quam eleifend, pharetra lorem nec, placerat nisi. Nam aliquam mauris ut erat pellentesque condimentum pretium sit amet lorem.</p>','<p>Lorem ipsum dolor sit amet, consectetur adipiscing elit. Nulla pharetra interdum velit. Cras ullamcorper, ex eu posuere lacinia, nibh leo sollicitudin nulla, eu egestas eros velit quis orci. Nam eu quam eleifend, pharetra lorem nec, placerat nisi. Nam aliquam mauris ut erat pellentesque condimentum pretium sit amet lorem.</p>','https://edupmquestionhelp.s3.ap-south-1.amazonaws.com/assets/images/1641969734431641969734.jpg','<p>Lorem ipsum dolor sit amet, consectetur adipiscing elit. Nulla pharetra interdum velit. Cras ullamcorper, ex eu posuere lacinia, nibh leo sollicitudin nulla, eu egestas eros velit quis orci. Nam eu quam eleifend, pharetra lorem nec, placerat nisi. Nam aliquam mauris ut erat pellentesque condimentum pretium sit amet lorem.</p>','<p>Lorem ipsum dolor sit amet, consectetur adipiscing elit. Nulla pharetra interdum velit. Cras ullamcorper, ex eu posuere lacinia, nibh leo sollicitudin nulla, eu egestas eros velit quis orci. Nam eu quam eleifend, pharetra lorem nec, placerat nisi. Nam aliquam mauris ut erat pellentesque condimentum pretium sit amet lorem.</p>','0',NULL,'500',NULL,'1','0','2022-01-12 12:12:14','2022-01-12 12:12:14'),(160,'ADMMTHS','adm-1-maths',NULL,NULL,NULL,'adm1-maths','sdfdsfdsf','<p>Lorem ipsum dolor sit amet, consectetur adipiscing elit. Nulla pharetra interdum velit. Cras ullamcorper, ex eu posuere lacinia, nibh leo sollicitudin nulla, eu egestas eros velit quis orci. Nam eu quam eleifend, pharetra lorem nec, placerat nisi. Nam aliquam mauris ut erat pellentesque condimentum pretium sit amet lorem.</p>','<p>Lorem ipsum dolor sit amet, consectetur adipiscing elit. Nulla pharetra interdum velit. Cras ullamcorper, ex eu posuere lacinia, nibh leo sollicitudin nulla, eu egestas eros velit quis orci. Nam eu quam eleifend, pharetra lorem nec, placerat nisi. Nam aliquam mauris ut erat pellentesque condimentum pretium sit amet lorem.</p>','https://edupmquestionhelp.s3.ap-south-1.amazonaws.com/assets/images/1641971178591641971178.jpg','<p>Lorem ipsum dolor sit amet, consectetur adipiscing elit. Nulla pharetra interdum velit. Cras ullamcorper, ex eu posuere lacinia, nibh leo sollicitudin nulla, eu egestas eros velit quis orci. Nam eu quam eleifend, pharetra lorem nec, placerat nisi. Nam aliquam mauris ut erat pellentesque condimentum pretium sit amet lorem.</p>','<p>Lorem ipsum dolor sit amet, consectetur adipiscing elit. Nulla pharetra interdum velit. Cras ullamcorper, ex eu posuere lacinia, nibh leo sollicitudin nulla, eu egestas eros velit quis orci. Nam eu quam eleifend, pharetra lorem nec, placerat nisi. Nam aliquam mauris ut erat pellentesque condimentum pretium sit amet lorem.</p>','0',NULL,'100',NULL,'1','0','2022-01-12 12:36:18','2022-01-12 12:37:43'),(161,'LI-ion','lorem ipsum',NULL,NULL,NULL,'lorem-ipsum','lorem ipsum','<p>Lorem ipsum dolor sit amet, consectetur adipiscing elit. In quis sem enim. Nullam consectetur euismod dictum. Donec pulvinar dui sed viverra tempus. Suspendisse placerat dui vitae fermentum tempor. Duis blandit mauris in ipsum sodales malesuada. Cras sapien justo, tempus sed bibendum vel, vestibulum ac lectus. Aliquam mattis nibh eget nunc congue, nec ornare odio fermentum. Interdum et malesuada fames ac ante ipsum primis in faucibus. Donec urna elit, auctor eu justo euismod, congue euismod urna. Morbi sed augue non urna vestibulum consequat. Sed nec risus non dolor sollicitudin scelerisque. Suspendisse porta ante vitae rutrum egestas.</p>','<p>Lorem ipsum dolor sit amet, consectetur adipiscing elit. In quis sem enim. Nullam consectetur euismod dictum. Donec pulvinar dui sed viverra tempus. Suspendisse placerat dui vitae fermentum tempor. Duis blandit mauris in ipsum sodales malesuada. Cras sapien justo, tempus sed bibendum vel, vestibulum ac lectus. Aliquam mattis nibh eget nunc congue, nec ornare odio fermentum. Interdum et malesuada fames ac ante ipsum primis in faucibus. Donec urna elit, auctor eu justo euismod, congue euismod urna. Morbi sed augue non urna vestibulum consequat. Sed nec risus non dolor sollicitudin scelerisque. Suspendisse porta ante vitae rutrum egestas.</p>','https://edupmquestionhelp.s3.ap-south-1.amazonaws.com/assets/images/1643175716961643175716.png','<p>Lorem ipsum dolor sit amet, consectetur adipiscing elit. In quis sem enim. Nullam consectetur euismod dictum. Donec pulvinar dui sed viverra tempus. Suspendisse placerat dui vitae fermentum tempor. Duis blandit mauris in ipsum sodales malesuada. Cras sapien justo, tempus sed bibendum vel, vestibulum ac lectus. Aliquam mattis nibh eget nunc congue, nec ornare odio fermentum. Interdum et malesuada fames ac ante ipsum primis in faucibus. Donec urna elit, auctor eu justo euismod, congue euismod urna. Morbi sed augue non urna vestibulum consequat. Sed nec risus non dolor sollicitudin scelerisque. Suspendisse porta ante vitae rutrum egestas.</p>','<p>Lorem ipsum dolor sit amet, consectetur adipiscing elit. In quis sem enim. Nullam consectetur euismod dictum. Donec pulvinar dui sed viverra tempus. Suspendisse placerat dui vitae fermentum tempor. Duis blandit mauris in ipsum sodales malesuada. Cras sapien justo, tempus sed bibendum vel, vestibulum ac lectus. Aliquam mattis nibh eget nunc congue, nec ornare odio fermentum. Interdum et malesuada fames ac ante ipsum primis in faucibus. Donec urna elit, auctor eu justo euismod, congue euismod urna. Morbi sed augue non urna vestibulum consequat. Sed nec risus non dolor sollicitudin scelerisque. Suspendisse porta ante vitae rutrum egestas.</p>','1',NULL,'500',NULL,'0','0','2022-01-26 11:09:20','2022-01-26 11:11:56'),(162,'PY-G','Power System Protection : Elements of Power System',NULL,NULL,NULL,'python-g','Lorem ipsum dolor sit amet, consectetur adipiscing elit. Integer efficitur malesuada orci sed vehicula. Sed in purus mattis, sodales est aliquet, volutpat purus. Aenean ac felis diam. Phasellus sit amet rutrum ligula, in porttitor eros. Aenean id dapibus quam. Proin efficitur, mauris ac accumsan dapibus, lorem justo sagittis lacus, at ultrices tellus ex ut risus. Nam ut arcu nunc. Ut quis neque rutrum, pretium erat sed, dignissim augue. Orci varius natoque penatibus et magnis dis parturient montes, nascetur ridiculus mus. Curabitur a elit sit amet dolor posuere dapibus. Aenean arcu nisl, sodales eu volutpat id, aliquet eget ex. Nulla at pharetra mauris, in sodales leo. Fusce in enim tellus.','<p>Suspendisse posuere at ex a aliquet. Nunc porta nec tortor vitae pharetra. Nullam ut mi mi. Cras convallis neque non tortor bibendum molestie. Duis facilisis pharetra eros sit amet laoreet. Mauris purus nulla, vulputate eget eleifend eget, feugiat tincidunt massa. Morbi velit tellus, congue quis orci nec, volutpat finibus elit.</p>','<p>Morbi quis enim ligula. Sed nunc mi, fringilla ut malesuada non, imperdiet vitae ex. Aliquam ligula dolor, interdum ut nisl in, pellentesque hendrerit odio. Duis eu bibendum est, sed consequat neque. Sed in euismod nibh.</p>','https://edupmquestionhelp.s3.ap-south-1.amazonaws.com/assets/images/1645100328391645100328.jpg','<p>Nam pulvinar elementum ex, sed egestas elit sagittis ut. Donec quis tellus vel ante viverra tempus. Cras pharetra mauris nisl, vel efficitur tellus scelerisque a. Nulla vitae sem fermentum, venenatis metus id, placerat magna. Nunc sed iaculis enim. In dignissim cursus est vitae fermentum. Quisque euismod sapien odio, eu facilisis ligula faucibus et.</p>','<p>Ut lacinia, erat in gravida posuere, turpis risus consectetur purus, at vehicula nibh ligula quis nibh. Integer efficitur varius ex non congue. Mauris condimentum porttitor turpis.</p>','0',NULL,'200',NULL,'1','0','2022-02-17 17:48:48','2022-03-04 16:19:35'),(163,'FM-2022','The Fundamentals of Math',NULL,NULL,NULL,'the-fundamentals-of-math','Topics include basic number concepts such as whole numbers, counting, place value, rounding, exponents, and negative numbers; addition and subtraction; and multiplication and division.','<p>his 186-lesson course includes video and text explanations of everything from the Fundamentals, and it includes 48&nbsp;quizzes (with solutions!)&nbsp;and an additional 9 workbooks with extra practice problems, to help you test your understanding along the way. Master the Fundamentals of Math&nbsp;is organized into the following sections:</p>\r\n\r\n<ul>\r\n	<li>\r\n	<p>Numbers and negative numbers</p>\r\n	</li>\r\n	<li>\r\n	<p>Factors and multiples</p>\r\n	</li>\r\n	<li>\r\n	<p>Decimals</p>\r\n	</li>\r\n	<li>\r\n	<p>Fractions</p>\r\n	</li>\r\n	<li>\r\n	<p>Mixed numbers</p>\r\n	</li>\r\n</ul>','<ul>\r\n	<li>\r\n	<p>We&#39;ll start the course by talking about different kinds of numbers, so all you need to know to get started is a basic understanding of arithmetic (addition, subtraction, multiplication, division).</p>\r\n	</li>\r\n</ul>','https://edupmquestionhelp.s3.ap-south-1.amazonaws.com/assets/images/1646378039441646378039.jpg','<ul>\r\n	<li>\r\n	<p>Numbers and negative numbers, including number sets and identity numbers</p>\r\n	</li>\r\n	<li>\r\n	<p>Factors and multiples, including prime numbers, least common multiple and divisibility</p>\r\n	</li>\r\n	<li>\r\n	<p>Decimals, including repeating decimals and rounding</p>\r\n	</li>\r\n	<li>\r\n	<p>Fractions, including mixed numbers and ratio and proportion</p>\r\n	</li>\r\n	<li>\r\n	<p>Exponents, including negative and fractional bases</p>\r\n	</li>\r\n	<li>\r\n	<p>Radicals, including rationalizing the denominator</p>\r\n	</li>\r\n	<li>\r\n	<p>Scientific notation, including multiplication and division, and estimating</p>\r\n	</li>\r\n</ul>','<ul>\r\n	<li>\r\n	<p>Numbers and negative numbers, including number sets and identity numbers</p>\r\n	</li>\r\n	<li>\r\n	<p>Factors and multiples, including prime numbers, least common multiple and divisibility</p>\r\n	</li>\r\n	<li>\r\n	<p>Decimals, including repeating decimals and rounding</p>\r\n	</li>\r\n	<li>\r\n	<p>Fractions, including mixed numbers and ratio and proportion</p>\r\n	</li>\r\n	<li>\r\n	<p>Exponents, including negative and fractional bases</p>\r\n	</li>\r\n	<li>\r\n	<p>Radicals, including rationalizing the denominator</p>\r\n	</li>\r\n	<li>\r\n	<p>Scientific notation, including multiplication and division, and estimating</p>\r\n	</li>\r\n</ul>','0',NULL,'250',NULL,'1','0','2022-03-04 12:44:00','2022-03-04 12:44:00'),(164,'100','Harness the Power of Subconscious Mind',NULL,NULL,NULL,'harness-the-power-of-subconscious-mind-2','Leadership Skills','<p>This course unleashes the power of subconsious mind</p>','<ol>\r\n	<li>Min Bachelors degree</li>\r\n	<li>10 Years CXO experience</li>\r\n	<li>English Proficiency</li>\r\n</ol>','https://edupmquestionhelp.s3.ap-south-1.amazonaws.com/assets/images/1646503752891646503752.png','<ol>\r\n	<li>Leadership Skills</li>\r\n	<li>Quality of CXO</li>\r\n	<li>Mind purpose</li>\r\n</ol>','<ol>\r\n	<li>Audio</li>\r\n	<li>Video</li>\r\n	<li>PPT</li>\r\n</ol>','0',NULL,'200',NULL,'1','0','2022-03-05 23:39:12','2022-03-05 23:39:12'),(165,'104','Harness the Power of Subconscious Mind',NULL,NULL,NULL,'harness-the-power-of-subconscious-mind-3','Skills of Leaders','<ol>\r\n	<li>Solving industry leaders problems</li>\r\n	<li>learning new sets</li>\r\n</ol>','<ol>\r\n	<li>Degree</li>\r\n	<li>English&nbsp;</li>\r\n	<li>Experience</li>\r\n</ol>','https://edupmquestionhelp.s3.ap-south-1.amazonaws.com/assets/images/1646505580511646505580.png','<ol>\r\n	<li>Skills</li>\r\n	<li>Attitude</li>\r\n	<li>Aptitude</li>\r\n</ol>','<ol>\r\n	<li>Audio</li>\r\n	<li>Video</li>\r\n</ol>','0',NULL,'100',NULL,'1','0','2022-03-06 00:09:40','2022-07-19 09:58:42'),(166,'EL001','Effective Leadership - obsolete',NULL,NULL,NULL,'effective-leadership','A detailed description of the course will be shared separately at the time of registration','<p>to be updated later&nbsp;</p>','<p>to be updated later&nbsp;</p>','https://edupmquestionhelp.s3.ap-south-1.amazonaws.com/assets/images/1649045881261649045881.png','<p>to be updated later&nbsp;</p>','<p>to be updated later&nbsp;</p>','0',NULL,'1500',NULL,'0','0','2022-04-04 09:48:01','2022-05-10 12:17:22'),(167,'EL002','Effective Leadership - obsolete',NULL,NULL,NULL,'effective-leadership-2','to be shared separately','<p>to be decided&nbsp;</p>','<p>to be decided&nbsp;</p>','https://edupmquestionhelp.s3.ap-south-1.amazonaws.com/assets/images/1649049401471649049401.png','<p>to be decided&nbsp;</p>','<p>to be decided&nbsp;</p>','1',NULL,'15000',NULL,'0','0','2022-04-04 10:46:41','2022-05-10 12:17:47'),(168,'ELEP003','Effective and Inspiring Leadership',NULL,NULL,NULL,'effective-leadership-3','This program will help you become a more effective leader and create a powerful presence.','<p>&nbsp;Course description - This program will help you become a more effective leader and create a powerful presence.</p>','<p>Mid-level to senior-level leader, seasoned or aspiring CXO</p>','https://edupmquestionhelp.s3.ap-south-1.amazonaws.com/assets/images/1649312096161649312096.jpg','<p>become an effective and inspiring leader&nbsp;</p>','<p>exercises and activities&nbsp;</p>','1',NULL,'35000',NULL,'0','0','2022-04-04 11:54:31','2022-05-10 10:52:03'),(169,'1100','Test HBO',NULL,NULL,NULL,'test-hbo','To be filled later','<p>Tobe filled later.</p>','<p>To be filled later.</p>','https://edupmquestionhelp.s3.ap-south-1.amazonaws.com/assets/images/1649054581341649054581.JPG','<p>To be filled later.</p>','<p>To be filled later.</p>','1',NULL,'200',NULL,'1','0','2022-04-04 12:13:01','2022-04-04 12:13:01'),(170,'AB01','Abhijeet\'s Test Course presentation',NULL,NULL,NULL,'abhijeet-s-test-course-presentation','Test course for demonstration of features towards usage of Knolzi','<p>THIS&nbsp;COURSE IS A TEST COURSE AND IS REQUIRED FOR PRODUCT UNDERSTANDING OF KNOLZI</p>','<p>NO REQUIREMENTS</p>','https://edupmquestionhelp.s3.ap-south-1.amazonaws.com/assets/images/1649485989401649485989.jpeg','<p>IN THE END YOU WILL LEARN THE FULL PRODUCT UNDERSTANDING</p>','<p>OBSERVATION WITH PPTs PDFs etc</p>','0',NULL,'100',NULL,'1','0','2022-04-09 12:03:09','2022-04-09 12:03:53'),(171,'102','Masterclass on EPC of Sub Station Class 1',NULL,NULL,NULL,'masterclass-on-epc-of-sub-station-class-1','This class is the first class in a series of Masterclass on Engineering, Procurement & Commissioning of 66/11 kV substation.','<p>This masterclass will cover 15 sessions and will include all the aspects of Engineering, Procurement &amp; Commissioning of 66/11 kV substation.</p>','<ol>\r\n	<li>Degree or Diploma in Electrical Engineering.</li>\r\n	<li>Mainly those industry persons who are taking contracts for commissioning of Substation</li>\r\n</ol>','https://edupmquestionhelp.s3.ap-south-1.amazonaws.com/assets/images/1650681648731650681648.jpeg','<ol>\r\n	<li>Electrical part of project engineering of 66/11 kV substation.</li>\r\n	<li>Land acquisition for Substation, Preparation of Specifications of required equipment, Tender loading, Inspection and Testing of equipment, Drawings of Substation layout, Key one line Diagram and Protection schematics.</li>\r\n</ol>','<p>The masterclass will have total of 15 sessions. Following topics will be covered in depth during the sessions.</p>\r\n\r\n<ol>\r\n	<li>\r\n	<p>The 66/11 kV Substation layout</p>\r\n	</li>\r\n	<li>\r\n	<p>&nbsp;Lightning Over Voltages</p>\r\n	</li>\r\n	<li>\r\n	<p>Isolater</p>\r\n	</li>\r\n	<li>\r\n	<p>Circuit Breaker</p>\r\n	</li>\r\n	<li>\r\n	<p>Current Transformer &amp; Potential Transformer</p>\r\n	</li>\r\n	<li>\r\n	<p>Power Transformer</p>\r\n	</li>\r\n	<li>\r\n	<p>Sub-Station Earthing</p>\r\n	</li>\r\n</ol>','0',NULL,'380',NULL,'1','0','2022-04-23 08:10:48','2022-05-17 21:07:54'),(172,'172','Masterclass on EPC of Sub Station Class 2',NULL,NULL,NULL,'masterclass-on-epc-of-sub-station-class-2','This is class 2 of Masterclass on EPC of Substation','<p>This masterclass will cover 15 sessions and will include all the aspects of Engineering, Procurement &amp; Commissioning of 66/11 kV substation.</p>','<ol>\r\n	<li>Degree or Diploma in Electrical Engineering.</li>\r\n	<li>Mainly those industry persons who are taking contracts for commissioning of Substation</li>\r\n</ol>','https://edupmquestionhelp.s3.ap-south-1.amazonaws.com/assets/images/1650859988901650859988.jpeg','<ol>\r\n	<li>Electrical part of project engineering of 66/11 kV substation.</li>\r\n	<li>Land acquisition for Substation, Preparation of Specifications of required equipment, Tender loading, Inspection and Testing of equipment, Drawings of Substation layout, Key one line Diagram and Protection schematics.</li>\r\n</ol>','<p>The masterclass will have total of 15 sessions. Following topics will be covered in depth during the sessions.</p>\r\n\r\n<ol>\r\n	<li>\r\n	<p>The 66/11 kV Substation layout</p>\r\n	</li>\r\n	<li>\r\n	<p>&nbsp;Lightning Over Voltages</p>\r\n	</li>\r\n	<li>\r\n	<p>Isolater</p>\r\n	</li>\r\n	<li>\r\n	<p>Circuit Breaker</p>\r\n	</li>\r\n	<li>\r\n	<p>Current Transformer &amp; Potential Transformer</p>\r\n	</li>\r\n	<li>\r\n	<p>Power Transformer</p>\r\n	</li>\r\n	<li>\r\n	<p>Sub-Station Earthing</p>\r\n	</li>\r\n</ol>','0',NULL,'380',NULL,'1','0','2022-04-25 09:36:59','2022-05-17 21:08:07'),(173,'210','Effective Leadership',NULL,NULL,NULL,'effective-leadership-4','Preparing Leaders for the Emerging Future','<p>The course is curated keeping in mind the needs of tomorrow&rsquo;s global leaders. It aims to help you tap into your true potential as a leader and identify opportunities that would aid your professional growth. It is designed by Mandeep Yadav and is the ideal program for building a leadership skill set in the 21st century.<br />\r\n&nbsp;</p>','<p>The course equips leaders across all levels with frameworks and models to make decisions and take strategic action by training them on state-of-the-art business practices.</p>','https://edupmquestionhelp.s3.ap-south-1.amazonaws.com/assets/images/1651501492151651501492.JPG','<p>Academic content designed for leaders</p>','<p style=\"text-align:left\">Four foundational areas of development for a leader.</p>','1',NULL,'380',NULL,'1','0','2022-04-25 13:25:42','2022-05-10 09:49:28'),(174,'2180711','Biology',NULL,NULL,NULL,'biology','biology, the study of living things and their vital processes. The field deals with all the physicochemical aspects of life.','<p><strong>biology</strong>, the study of living things and their vital processes. The&nbsp;<a href=\"https://www.britannica.com/science/field-physics\">field</a>&nbsp;deals with all the physicochemical aspects of&nbsp;<a href=\"https://www.britannica.com/science/life\">life</a>. The modern tendency toward cross-disciplinary research and the unification of scientific knowledge and investigation from different fields has resulted in a significant overlap of the field of biology with other scientific&nbsp;<a href=\"https://www.merriam-webster.com/dictionary/disciplines\">disciplines</a>. Modern principles of other fields&mdash;<a href=\"https://www.britannica.com/science/chemistry\">chemistry</a>,&nbsp;<a href=\"https://www.britannica.com/science/medicine\">medicine</a>, and&nbsp;<a href=\"https://www.britannica.com/science/physics-science\">physics</a>, for example&mdash;are&nbsp;<a href=\"https://www.merriam-webster.com/dictionary/integrated\">integrated</a>&nbsp;with those of biology in areas such as&nbsp;<a href=\"https://www.britannica.com/science/biochemistry\">biochemistry</a>, biomedicine, and&nbsp;<a href=\"https://www.britannica.com/science/biophysics\">biophysics</a>.</p>','<p><strong>biology</strong>, the study of living things and their vital processes. The&nbsp;<a href=\"https://www.britannica.com/science/field-physics\">field</a>&nbsp;deals with all the physicochemical aspects of&nbsp;<a href=\"https://www.britannica.com/science/life\">life</a>. The modern tendency toward cross-disciplinary research and the unification of scientific knowledge and investigation from different fields has resulted in a significant overlap of the field of biology with other scientific&nbsp;<a href=\"https://www.merriam-webster.com/dictionary/disciplines\">disciplines</a>. Modern principles of other fields&mdash;<a href=\"https://www.britannica.com/science/chemistry\">chemistry</a>,&nbsp;<a href=\"https://www.britannica.com/science/medicine\">medicine</a>, and&nbsp;<a href=\"https://www.britannica.com/science/physics-science\">physics</a>, for example&mdash;are&nbsp;<a href=\"https://www.merriam-webster.com/dictionary/integrated\">integrated</a>&nbsp;with those of biology in areas such as&nbsp;<a href=\"https://www.britannica.com/science/biochemistry\">biochemistry</a>, biomedicine, and&nbsp;<a href=\"https://www.britannica.com/science/biophysics\">biophysics</a>.</p>','https://edupmquestionhelp.s3.ap-south-1.amazonaws.com/assets/images/1651057237671651057237.jpg','<p><strong>biology</strong>, the study of living things and their vital processes. The&nbsp;<a href=\"https://www.britannica.com/science/field-physics\">field</a>&nbsp;deals with all the physicochemical aspects of&nbsp;<a href=\"https://www.britannica.com/science/life\">life</a>. The modern tendency toward cross-disciplinary research and the unification of scientific knowledge and investigation from different fields has resulted in a significant overlap of the field of biology with other scientific&nbsp;<a href=\"https://www.merriam-webster.com/dictionary/disciplines\">disciplines</a>. Modern principles of other fields&mdash;<a href=\"https://www.britannica.com/science/chemistry\">chemistry</a>,&nbsp;<a href=\"https://www.britannica.com/science/medicine\">medicine</a>, and&nbsp;<a href=\"https://www.britannica.com/science/physics-science\">physics</a>, for example&mdash;are&nbsp;<a href=\"https://www.merriam-webster.com/dictionary/integrated\">integrated</a>&nbsp;with those of biology in areas such as&nbsp;<a href=\"https://www.britannica.com/science/biochemistry\">biochemistry</a>, biomedicine, and&nbsp;<a href=\"https://www.britannica.com/science/biophysics\">biophysics</a>.</p>','<p><strong>biology</strong>, the study of living things and their vital processes. The&nbsp;<a href=\"https://www.britannica.com/science/field-physics\">field</a>&nbsp;deals with all the physicochemical aspects of&nbsp;<a href=\"https://www.britannica.com/science/life\">life</a>. The modern tendency toward cross-disciplinary research and the unification of scientific knowledge and investigation from different fields has resulted in a significant overlap of the field of biology with other scientific&nbsp;<a href=\"https://www.merriam-webster.com/dictionary/disciplines\">disciplines</a>. Modern principles of other fields&mdash;<a href=\"https://www.britannica.com/science/chemistry\">chemistry</a>,&nbsp;<a href=\"https://www.britannica.com/science/medicine\">medicine</a>, and&nbsp;<a href=\"https://www.britannica.com/science/physics-science\">physics</a>, for example&mdash;are&nbsp;<a href=\"https://www.merriam-webster.com/dictionary/integrated\">integrated</a>&nbsp;with those of biology in areas such as&nbsp;<a href=\"https://www.britannica.com/science/biochemistry\">biochemistry</a>, biomedicine, and&nbsp;<a href=\"https://www.britannica.com/science/biophysics\">biophysics</a>.</p>','0',NULL,'200',NULL,'1','0','2022-04-27 16:30:37','2022-04-27 16:30:37'),(175,'1207','Multiple author course edited by edupme',NULL,NULL,NULL,'multiple-author-course','Test of multiple authors','<p>This is to test if Knolzi added course are also visible to other authors.</p>','<p>None.</p>','https://edupmquestionhelp.s3.ap-south-1.amazonaws.com/assets/images/1651129751831651129751.JPG','<p>Several.</p>','<p>Magic.</p>','0',NULL,'100',NULL,'1','0','2022-04-28 12:39:11','2022-04-28 12:39:55'),(176,'173','Masterclass on EPC of Sub Station Class 3',NULL,NULL,NULL,'masterclass-on-epc-of-sub-station-class-3','This is class 3 of Masterclass on EPC of Substation','<p>This masterclass will include all the aspects of Engineering, Procurement &amp; Commissioning of 66/11 kV substation.</p>','<ol>\r\n	<li>Degree or Diploma in Electrical Engineering.</li>\r\n	<li>Mainly those industry persons who are taking contracts for commissioning of Substation</li>\r\n</ol>','https://edupmquestionhelp.s3.ap-south-1.amazonaws.com/assets/images/1652433143301652433143.jpg','<ol>\r\n	<li>Electrical part of project engineering of 66/11 kV substation.</li>\r\n	<li>Land acquisition for Substation, Preparation of Specifications of required equipment, Tender loading, Inspection and Testing of equipment, Drawings of Substation layout, Key one line Diagram and Protection schematics.</li>\r\n</ol>','<p>Following topics will be covered in depth during this session -</p>\r\n\r\n<p>1.&nbsp;Substation Design and Practices</p>\r\n\r\n<p>2.&nbsp;Features of Single Busbar with sectionalizing Isolator</p>','0',NULL,'380',NULL,'0','0','2022-05-13 14:42:23','2022-05-17 21:08:22'),(177,'1201','Internship Induction OmSpace',NULL,NULL,NULL,'internship-induction-omspace','OmSpace Internship session 1','<p>This course is for session 1 of day 1 of the internship of OmSpace.</p>','<p>There are no prerequisites.</p>','https://edupmquestionhelp.s3.ap-south-1.amazonaws.com/assets/images/1655273533781655273533.PNG','<p>The course will cover details of the activities of the whole duration of the internship.&nbsp;</p>','<p>Instructor led sessions and quizes.</p>','0',NULL,'100',NULL,'1','0','2022-06-15 11:42:13','2022-06-15 11:42:13'),(178,'2000','MS Excel Training',NULL,NULL,NULL,'ms-excel-training','MS Excel training','<p>This is MS Excel Training by Alpha-Numero</p>','<p>There are no preerquisites</p>','https://edupmquestionhelp.s3.ap-south-1.amazonaws.com/assets/images/1657004572351657004572.png','<p>Upon successfull completion of the course, the participants will be able to</p>\r\n\r\n<ul>\r\n	<li>Use basic formulae and functions of MS Excel</li>\r\n	<li>Use advanced functions of MS Excel for data analysis</li>\r\n	<li>Be fluent in handling complex data by use of simple features of MS Excel.</li>\r\n	<li>Use conditional formatting for better visualization of data&nbsp;&nbsp;</li>\r\n</ul>','<p>Video and Excel sheets</p>','0',NULL,'100',NULL,'1','0','2022-07-05 12:32:52','2022-07-27 15:29:52'),(179,'2003','Problem Solving Skills',NULL,NULL,NULL,'problem-solving-skills','Problem Solving Skills','<p style=\"text-align:justify\">This course is on learning importance of problem solving skills. It discusses in detail seven steps to problem solving, common tools, pitfalls to avoid and critical success factors.&nbsp;</p>','<p>There are no prerequisites.</p>','https://edupmquestionhelp.s3.ap-south-1.amazonaws.com/assets/images/1659249000511659249000.png','<p>Students will learn tools for problem solving.</p>','<p>Instructor led interactions, Presentation.</p>','0',NULL,'1000',NULL,'1','0','2022-07-31 12:00:00','2024-08-21 23:17:42'),(180,'550','Introduction to Industrial Robotics','Learn Introduction to Industrial Robotics Course','Industrial Robotics,learn robotics, basics of robotics,online robotics classes, online robotics course,types of robots,CNC Machines,Mobile Robots,autonomous mobile robots','Learn with edupme an introduction to robotics, robotics system and robotics automation. Understand the benefits that a robotics system entails and in an organization.','introduction-to-industrial-robotics','Ultimate guide to introduction to Industrial Robotics','<p style=\"text-align:justify\"><span style=\"font-size:16px\">Introduction to Industrial Robotics develops a holistic understanding of the basics of industrial robotics. For beginners, it is common&nbsp;to have questions regarding where to start learning when it comes to Industrial Robots. This is due to the complex technology and multidisciplinary nature of robots. This course first covers types of robots. It then discusses various criteria, such as speed and paylaod, to select robots correctly. Applicable standards are also ocovered followed by safety standards. This course is suitable for Practitioners entering the area of robotics and students of engineering and business administration.&nbsp;&nbsp;&nbsp;&nbsp;&nbsp;&nbsp; &nbsp;&nbsp;</span></p>','<p style=\"text-align:justify\"><span style=\"font-size:16px\">This course is an introduction to industrial robots, their selection and skills required to excel in the area of industrial robotics. This course does not have any prerequisites.&nbsp;&nbsp;&nbsp;</span></p>','https://edupmquestionhelp.s3.ap-south-1.amazonaws.com/assets/images/1636002043331636002043.png','<p style=\"text-align:justify\"><span style=\"font-size:16px\">Upon successful completion of the course, the student will be able to</span></p>\n\n<ol>\n	<li style=\"text-align:justify\"><span style=\"font-size:16px\">Classify robots of various types.</span></li>\n	<li style=\"text-align:justify\"><span style=\"font-size:16px\">Understand criteria for selection of robots.</span></li>\n	<li style=\"text-align:justify\"><span style=\"font-size:16px\">Gain knowledge of various standards applicable to Robotics.</span></li>\n	<li style=\"text-align:justify\"><span style=\"font-size:16px\">Understand what is Return on Investment in a Robotics application.</span></li>\n</ol>','<p>Introduction, Selection &amp; Application of Industrial Robots</p>','1','Bestseller','700',120,'1','0','2022-08-01 17:02:56','2022-08-01 17:02:56'),(181,'1205','OmSpace Internship Avionics Session 1',NULL,NULL,NULL,'omspace-internship-avionics-session-1','This is session 1 of Avionics module of OmSpace Internship.','<p>This is session 1 of Avionics module of Omspace Internship.</p>','<p>There are no prerequisites.</p>','https://edupmquestionhelp.s3.ap-south-1.amazonaws.com/assets/images/1660026419441660026419.PNG','<p style=\"text-align:left\">Upon completion of this Avionics module, participant will be able to</p>\r\n\r\n<p style=\"text-align:left\">1.Understand the importance of Avionics for rockets</p>\r\n\r\n<p style=\"text-align:left\">2.Identify avionics subsystems</p>\r\n\r\n<p style=\"text-align:left\">3.Understand functions of various control systems for a successful mission</p>','<p>Expert led interactions.</p>','0',NULL,'1000',NULL,'1','0','2022-08-09 11:56:59','2022-08-09 11:56:59'),(182,'1209','OmSpace Internship Avionics Session 2',NULL,NULL,NULL,'omspace-internship-avionics-session-2','OmSpace Internship Avionics Session 2','<p>This course is for the second session of&nbsp;OmSpace Internship Avionics module.</p>','<p>There are no prerequisites.</p>','https://edupmquestionhelp.s3.ap-south-1.amazonaws.com/assets/images/1660109404451660109404.PNG','<p style=\"text-align:left\"><span style=\"font-size:12px\">Upon completion of this Avionics module, participant will be able to </span></p>\r\n\r\n<div style=\"margin-left:36px; text-align:left\"><span style=\"font-size:12px\">1.Understand the importance of Avionics for rockets</span></div>\r\n\r\n<div style=\"margin-left:36px; text-align:left\"><span style=\"font-size:12px\">2.Identify avionics subsystems</span></div>\r\n\r\n<div style=\"margin-left:36px; text-align:left\"><span style=\"font-size:12px\">3.Understand functions of various control systems for a successful mission</span></div>','<p>Expert led sessions on Avionics.&nbsp;</p>','0',NULL,'1000',NULL,'1','0','2022-08-10 11:00:04','2022-08-10 11:00:04'),(183,'1210','Avionics Self Study',NULL,NULL,NULL,'avionics-self-study','This is the self study session for the Avionics module by Harshal Oza for OmSpace Internship programme.','<p>This is the self study session for the Avionics module by Harshal Oza for OmSpace Internship programme.&nbsp;</p>','<p>There are no prerequisites for taking this self study module.</p>','https://edupmquestionhelp.s3.ap-south-1.amazonaws.com/assets/images/1660196034911660196034.PNG','<p>Upon successful completion, the student will be able to&nbsp;</p>\r\n\r\n<ul>\r\n	<li>Understand basics of telemetry</li>\r\n	<li>Understand basics of space exploration</li>\r\n	<li>Identify subsystems of Avionics</li>\r\n</ul>','<p>PDF documents, videos, Self paced training material</p>','0',NULL,'100',NULL,'1','0','2022-08-11 11:03:55','2022-08-11 11:03:55'),(184,'1211','Avionics Assessment',NULL,NULL,NULL,'avionics-assessment','Assessment for the module on Avionics.','<p>This is the self paced assessment for the module on Avionics by OmSpace Rocket exploration.</p>','<p>Students are required to have attended the two online instructor led sessions and one self study session on Avionics.</p>','https://edupmquestionhelp.s3.ap-south-1.amazonaws.com/assets/images/1660565759561660565759.PNG','<p>Upon successful completion of the assessment module, students will be able to</p>\r\n\r\n<ol>\r\n	<li>Understand basics of avionics for rocket exploration.</li>\r\n	<li>Identify various subsystems of avionics.</li>\r\n	<li>Understand the role of control systems within avionics.</li>\r\n</ol>','<p>Assessment questions</p>','0',NULL,'100',NULL,'1','0','2022-08-15 17:45:59','2022-08-15 17:45:59'),(185,'1212','OmSpace Avionics Feedback Session',NULL,NULL,NULL,'omspace-avionics-feedback-session','OmSpace Avionics Feedback Session','<p>OmSpace Avionics Feedback Session</p>','<p>The participants should have completed two instructor led sessions, one self study and one assessment session before appearing in this feedback session.</p>','https://edupmquestionhelp.s3.ap-south-1.amazonaws.com/assets/images/1660644776191660644776.PNG','<p>Upon successful completion of the course, the student will be able to&nbsp;</p>\r\n\r\n<ol>\r\n	<li>Explain what is closed-loop control system</li>\r\n	<li>Understand antenna tracking</li>\r\n	<li>Understand importance of real-time decisions</li>\r\n</ol>','<p>Instructor led discussion on avionics control system</p>','0',NULL,'100',NULL,'1','0','2022-08-16 15:42:56','2022-08-16 15:42:56'),(186,'1213','OmSpace Internship CFD Session 1',NULL,NULL,NULL,'omspace-internship-cfd-session-1','OmSpace Internship CFD Session 1','<p>This is an introductory course on Computational Fluid Dynamics. The course introduces students to the main concepts of CFD. It also covers basics stages of CFD. Emphasis is on complementary material to that available in textbooks to make students climg the ladder of learnign CFD faster. The method of learning is blended where students do hands-on activities. Course completes with several pointers to take learning to a next level via self-study.&nbsp;</p>','<p>High school physics and some awareness of computer programming will help..&nbsp;</p>','https://edupmquestionhelp.s3.ap-south-1.amazonaws.com/assets/images/1661138769811661138769.PNG','<p><span style=\"font-size:14px\"><span style=\"color:#000000\">Upon successful completion of the module, students will be able to</span></span></p>\r\n\r\n<div style=\"margin-left:36px; text-align:left\"><span style=\"font-size:14px\">1.<span style=\"color:black\">Understand the </span><span style=\"color:#000000\">need </span><span style=\"color:black\">for CFD for rockets</span></span></div>\r\n\r\n<div style=\"margin-left:36px; text-align:left\"><span style=\"font-size:14px\">2.<span style=\"color:#000000\">Understand </span><span style=\"color:black\">various steps needed to set up a CFD study</span></span></div>\r\n\r\n<div style=\"margin-left:36px; text-align:left\"><span style=\"font-size:14px\">3.<span style=\"color:#000000\">Perform </span><span style=\"color:black\">CFD analysis for simple problems without supervision.</span></span></div>','<p>Instructor led live sessions, self-study material and exercises.</p>','0',NULL,'100',NULL,'1','0','2022-08-22 08:56:10','2022-08-22 08:56:10'),(187,'1214','OmSpace CFD Self Study',NULL,NULL,NULL,'omspace-cfd-self-study','OmSpace CFD Self Study','<p>This course includes self-study component of CFD. It includes steps for installing OpenFOAM and run one of the tutorials to check if the installation is successful.&nbsp;</p>','<p>There are no pre-requisites.</p>','https://edupmquestionhelp.s3.ap-south-1.amazonaws.com/assets/images/1661248633961661248633.PNG','<p>Upon successful completion of the course, students will be able to</p>\r\n\r\n<ul>\r\n	<li>Decide minimum specification required by OpenFOAM</li>\r\n	<li>Confidently install OpenFOAM on a ordinary computer</li>\r\n	<li>Run basic examples available in OpenFOAM tutorial library</li>\r\n</ul>','<p>PDF</p>','0',NULL,'100',NULL,'1','0','2022-08-23 15:27:13','2022-08-23 15:27:13'),(188,'1215','OmSpace Internship CFD Session 3',NULL,NULL,NULL,'omspace-internship-cfd-session-3','OmSpace Internship CFD Session 3','<p>This course contains material&nbsp;for the second instructor led session on computational fluid dynamics. It covers all steps starting from conservation equations to using OpenFOAM.&nbsp;</p>','<p>The student should have attended the first instructor led session and completed the self study task given before this course.&nbsp;</p>','https://edupmquestionhelp.s3.ap-south-1.amazonaws.com/assets/images/1661505975221661505975.PNG','<p>Upon successfull completion of this course, the student will be able to</p>\r\n\r\n<ul>\r\n	<li>Identify major steps involved in any CFD study</li>\r\n	<li>Carry out simple CFD simulations without supervision in OpenFOAM</li>\r\n</ul>','<p>Instructor led presentation</p>','0',NULL,'1000',NULL,'1','0','2022-08-26 14:56:15','2022-08-26 14:56:15'),(189,'1301','Overview of C Language',NULL,NULL,NULL,'overview-of-c-language','Overview of C Language as part of Keepsake training.','<p>This course covers basic overview of C programming language. All the basics are covered for a beginner level participant. Course incldues instructor led sessions followed by hands-on coding exercises. The material is formulated in such a way as to complete the course in two weeks. Starting from syntax basics, the course covers data types, control structures, inputs and outputs.</p>','<p>There are no prerequisites for attending this course.</p>','https://edupmquestionhelp.s3.ap-south-1.amazonaws.com/assets/images/1661744228661661744228.PNG','<p>Upon successful completion of the course, the student will be able to</p>\r\n\r\n<ol>\r\n	<li>Understand basics of datatypes and program flow</li>\r\n	<li>Apply correct datatype for given problem</li>\r\n	<li>Design a flow chart and pseudo code.</li>\r\n	<li>Develop logic behind given problem</li>\r\n</ol>','<p>Instructor led video sesisons and automated assessments.</p>','0',NULL,'1000',NULL,'1','0','2022-08-29 09:07:09','2022-08-29 09:20:32'),(190,'1302','Assessment 1 of C',NULL,NULL,NULL,'assessment-1-of-c','Assessment 1 of C','<p>This is the first automated test of the course on Introduction to C programming Language for Keepsake engineering trainees.&nbsp;</p>','<p>The student needs to have completed the first session to appear in this assessment.</p>','https://edupmquestionhelp.s3.ap-south-1.amazonaws.com/assets/images/1661747218481661747218.PNG','<p>Upon successful completion of the assessment, the student will be able to</p>\r\n\r\n<ol>\r\n	<li>Identify datatypes</li>\r\n	<li>State the output of simple C programems taught in the first session</li>\r\n	<li>Define variables with correct data types</li>\r\n</ol>','<p>Questions</p>','0',NULL,'1000',NULL,'1','0','2022-08-29 09:56:59','2022-08-29 09:56:59'),(191,'1401','Overview of C programming Language Day 1',NULL,NULL,NULL,'overview-of-c-programming-language-day-1','Overview of C Language as part of training program of Manami Solutions.','<p>This course covers basic overview of C programming language. All the basics are covered for a beginner level participant. Course incldues instructor led sessions followed by hands-on coding exercises. The material is formulated in such a way as to complete the course in two weeks. Starting from the basics of syntax of C language, the course covers data types, control structures, inputs and outputs.</p>','<p>There are no prerequisites for attending this course.</p>','https://edupmquestionhelp.s3.ap-south-1.amazonaws.com/assets/images/1662273237611662273237.png','<p>Upon successful completion of the course, the student will be able to</p>\r\n\r\n<ol>\r\n	<li>Understand basics of datatypes and program flow</li>\r\n	<li>Apply correct datatype for given problem</li>\r\n	<li>Design a flow chart and pseudo code.</li>\r\n	<li>Develop logic for solving the given problem</li>\r\n</ol>','<p>Instructor led video sesisons and automated assessments.</p>','0',NULL,'1000',NULL,'1','0','2022-09-04 12:03:58','2022-09-04 12:03:58'),(192,'1402','Overview of C programming Language Assessment 1',NULL,NULL,NULL,'overview-of-c-programming-language-assessment-1','Overview of C programming Language Assessment 1','<p>This course is a follow-up of the first two days of the course on overview of C language. The assessment will be via automated delivery. The topics cover assessment of data types, identifiers, variables, program flow and arithmatic operators.&nbsp;</p>','<p>The participant should have ideally attended the first two instructor led sessions on Overview of C language.</p>','https://edupmquestionhelp.s3.ap-south-1.amazonaws.com/assets/images/1662351434781662351434.png','<p>Upon successful completion of the assessment, the student will be able to&nbsp;</p>\r\n\r\n<ul>\r\n	<li>Obtain a measure of their unedrstanding&nbsp;of datatypes</li>\r\n	<li>Understand basic flow of a C program</li>\r\n	<li>Develop logic for simple programming tasks&nbsp;</li>\r\n</ul>','<p>Self-paced assessment questions</p>','0',NULL,'1000',NULL,'1','0','2022-09-05 09:47:14','2022-09-05 09:47:14'),(193,'1220','OmSpace Internship Propulsion',NULL,NULL,NULL,'omspace-internship-propulsion','OmSpace Internship Propulsion','<p>This is a module on Propulsion as part of OmSpace internship programme. This introductory course covers basics of propulsion and discusses various types of propulsion for rocket missions. The course also gives an idea on the selection process and selection criteria of propulsion system. The course then covers working principles of electric pump-fed and pressure-fed cycles.</p>','<p>There are no prerequisites.</p>','https://edupmquestionhelp.s3.ap-south-1.amazonaws.com/assets/images/1663135387531663135387.PNG','<p>Upon successful completion of the course, the student will be able to&nbsp;</p>\r\n\r\n<ul>\r\n	<li>Understand basics of rocket propulsion</li>\r\n	<li>State various types of propulsion systems for rocket missions</li>\r\n	<li>Understand functions of pressure-fed and pump-fed propulsion systems</li>\r\n</ul>','<p>Instructor led sessions and assessments</p>','0',NULL,'1000',NULL,'1','0','2022-09-14 11:33:07','2022-09-14 11:33:07'),(194,'1403','Overview of C programming Language Day 2',NULL,NULL,NULL,'overview-of-c-programming-language-day-2','This course covers basic overview of C programming language. All the basics are covered for a beginner level participant. Course includes instructor led sessions followed by hands-on coding exercises. The material is formulated in such a way as to complete the course in two weeks. Starting from the basics of syntax of C language, the course covers data types, control structures, inputs and outputs.','<p>Overview of C Language as part of training program of Manami Solutions.</p>','<p>There are no prerequisites for attending this course.</p>','https://edupmquestionhelp.s3.ap-south-1.amazonaws.com/assets/images/1665336260671665336260.png','<p>Upon successful completion of the course, the student will be able to</p>\r\n\r\n<ul>\r\n	<li>Understand basics of datatypes and program flow</li>\r\n	<li>Apply correct datatype for given problem</li>\r\n	<li>Design a flow chart and pseudo code</li>\r\n	<li>Develop logic for solving the given problem</li>\r\n</ul>','<p>Instructor led presentation</p>','0',NULL,'1000',NULL,'1','0','2022-10-09 22:54:21','2022-10-09 22:54:21'),(195,'1501','Capability Building Training Demo C4I4',NULL,NULL,NULL,'capability-building-training-demo-c4i4','Demo C4I4','<p>This course aims to create awareness about Industry 4.0 to enhance the knowledge, performance and productivity of professionals through the building of qualified individuals to help them kickstart their Industry 4.0 journey.&nbsp;</p>','<p>There are no prerequisites.</p>','https://edupmquestionhelp.s3.ap-south-1.amazonaws.com/assets/images/1669092636521669092636.PNG','<p>Upon completion of the awareness programme, the participants will be able to</p>\r\n\r\n<ol>\r\n	<li>Build trust among team members through presented content</li>\r\n	<li>Create engagement among managers to become change agents</li>\r\n</ol>','<p>Self paced online courses and instructor led sessions.</p>','0',NULL,'1000',NULL,'1','0','2022-11-22 10:20:37','2022-11-22 10:20:37'),(196,'1301','Method of Power Generation & Type of Power Plants','method of power generation','types of power plants','method of power generation','method-of-power-generation-type-of-power-plants','This is a technical training course by Siemens.','<p>This course gives an overview of types of power plants. It starts with installed capacity landscape and then covers thermal, nuclear, hydel and nonconventional power plants. This course covers basics of each type of power generation with schematics and principle of operation.</p>','<p>There are no prerequisites for taking this course.</p>','https://edupmquestionhelp.s3.ap-south-1.amazonaws.com/assets/images/1662120311731662120311.PNG','<p>Upon successful completion of the course, the student will be able to&nbsp;</p>\r\n\r\n<ul>\r\n	<li>Understand basics of thermal, nuclear and hydel power plants</li>\r\n	<li>Describe operational principle for each of the predominant type of power generation&nbsp;</li>\r\n</ul>','<p>Presentation slides, assessment questions</p>','0',NULL,'1000',120,'1','0','2024-08-02 13:28:27','2024-08-02 13:28:27'),(197,'12','Power System Protection : Fault Analysis & Substation','Learn Fault Analysis & Substation of Power System Protection','Power System Protection,switchgear and protection,bus bar arrangement,equipment in substation,transmission substation,protection relays used in substation,switchyard equipment','Know all the essential tools for the determination of short-circuit currents. Learn how substation automation is an integral part of power systems protection.','power-system-protection--fault-analysis-&-substation','Detailed guide on fundamentals of fault current calculation in a typical power system protection & busbar arrangements in the substation.','<p style=\"text-align:justify\"><span style=\"font-size:16px\">The module aims at teaching fault current calculations and elements of substation.&nbsp; &nbsp;</span></p>\n\n<p style=\"text-align:justify\"><span style=\"font-size:16px\">The fault current calculations are essential for deciding the breaking capacity of breakers used in the power system, short-time withstand capability of equipment of power system and relay settings.</span></p>\n\n<p style=\"text-align:justify\"><span style=\"font-size:16px\">The prevalent busbar arrangements and the operation sequence of equipment in substation are also dealt with.</span></p>','<p style=\"text-align:justify\"><span style=\"font-size:16px\">This course aims to teach fundamentals of fault current calculations. The course on Elements of Power System is a prerequisite.&nbsp;&nbsp;&nbsp; &nbsp; &nbsp; &nbsp;</span></p>','https://edupmquestionhelp.s3.ap-south-1.amazonaws.com/assets/images/1636000262771636000262.png','<ol>\n	<li style=\"text-align:justify\">The student will learn the method of calculation of fault currents for symmetrical and unsymmetrical faults.</li>\n	<li style=\"text-align:justify\">The reader will be able to decide the breaking capacity of breakers and short-time withstand capacity of equipment in the power system. This is very essential while procuring these equipment.</li>\n	<li style=\"text-align:justify\">Fault analysis is a very important prerequisite for relay setting calculations. Once a student passes this prerequisite , he will be able to carry out relay setting exercises to be taught in forthcoming modules.</li>\n	<li style=\"text-align:justify\">The candidate will be able to develop single line diagrams of busbar arrangements in the substation.</li>\n</ol>','<p>Detailed guidelines on fundamentals of fault current calculation, relay setting and busbar arrangements in the substation.</p>','0',NULL,'500',120,'1','0','2024-08-02 13:33:03','2024-08-02 13:33:03');

--
-- Table structure for table `tbl_course_category`
--

CREATE TABLE `tbl_course_category` (
  `id` int NOT NULL AUTO_INCREMENT,
  `name` varchar(255) CHARACTER SET utf8mb4 COLLATE utf8mb4_unicode_ci DEFAULT NULL,
  `category_order` int DEFAULT NULL,
  `slug` varchar(255) CHARACTER SET utf8mb4 COLLATE utf8mb4_unicode_ci DEFAULT NULL,
  `category_sub_description` text CHARACTER SET utf8mb4 COLLATE utf8mb4_unicode_ci,
  `meta_title` varchar(255) CHARACTER SET utf8mb4 COLLATE utf8mb4_unicode_ci DEFAULT NULL,
  `meta_keyword` varchar(255) CHARACTER SET utf8mb4 COLLATE utf8mb4_unicode_ci DEFAULT NULL,
  `meta_description` text CHARACTER SET utf8mb4 COLLATE utf8mb4_unicode_ci,
  `category_description` text CHARACTER SET utf8mb4 COLLATE utf8mb4_unicode_ci,
  `parent_id` int DEFAULT NULL,
  `status` enum('0','1') CHARACTER SET utf8mb4 COLLATE utf8mb4_unicode_ci DEFAULT '1' COMMENT '1= publish, 0= unpublish',
  `is_show_in_menu` enum('0','1') CHARACTER SET utf8mb4 COLLATE utf8mb4_unicode_ci DEFAULT '1',
  `created_at` timestamp NULL DEFAULT NULL,
  `updated_at` timestamp NULL DEFAULT NULL,
  PRIMARY KEY (`id`)
) ENGINE=InnoDB AUTO_INCREMENT=30 DEFAULT CHARSET=latin1;

--
-- Dumping data for table `tbl_course_category`
--

INSERT INTO `tbl_course_category` VALUES (1,'Computer Science Language',NULL,'computer-science-language',NULL,NULL,NULL,NULL,NULL,0,'0','1','2021-05-07 14:16:48','2021-05-07 19:46:48'),(2,'Mathematics',NULL,'mathematics',NULL,NULL,NULL,NULL,NULL,0,'0','1','2021-05-07 14:17:03','2021-05-07 19:47:03'),(3,'Automation',NULL,'automation',NULL,NULL,NULL,NULL,NULL,0,'1','1','2021-05-07 14:16:59','2021-11-09 06:32:36'),(4,'Engineering',NULL,'engineering-2','Learn Engineering Courses','Learn Engineering Courses','engineering course online,free engineering courses,electrical engineering online courses,distance learning engineering,learn electrical engineering online free','Know all about the concepts of Engineering. Our modules impart all the right information to you and the opportunities attached with the engineering course with edupme','<p>Know all about the concepts of Engineering. Our modules impart all the right information to you and the opportunities attached with the engineering course with edupme</p>',0,'1','1','2020-12-17 05:03:23','2021-12-09 15:02:14'),(5,'Electrical Engineering',NULL,'electrical-engineering','Learn Electrical Engineering Courses','Learn Electrical Engineering Courses','electrical engineering courses online,certification courses for electrical engineers,electrical online courses,electrical design courses online ,free certification courses for electrical engineers','All the Electrical Engineering fellows out there, here comes a bright opportunity for you with edupme! Up-skill your career through the courses in edupme!','<p>All the Electrical Engineering fellows out there, here comes a bright opportunity for you with edupme! Up-skill your career through the courses in edupme!</p>',4,'1','1','2020-12-17 05:03:41','2021-12-09 15:24:27'),(6,'Electronics Engineering',NULL,'electronics-engineering-2','Learn Electronics Engineering Courses','Learn Electronics Engineering Courses','Electronics Engineering Courses','All the Electronic Engineering fellows out there, here comes a bright opportunity for you with edupme! Up-skill your career through the courses in edupme!','<p>All the Electronic Engineering fellows out there, here comes a bright opportunity for you with edupme! Up-skill your career through the courses in edupme!</p>',4,'0','1','2021-05-10 06:19:15','2021-11-09 08:37:05'),(7,'Taxation',NULL,'taxation','Learn Taxation Courses','Learn Taxation Courses','taxation course,tax courses,gst course,gst certification course,gst course online,gst practitioner course, gst training,gst classes near me,gst filing course,gst practitioner certificate,gst on online courses,gst basic knowledge,gst basic information','Taxation is an integral part of each transaction that organizations carry on. Be well-versed with the laws governing taxation. Know how tax is levied and the process.','<p>Taxation is an integral part of each transaction that organizations carry on. Be well-versed with the laws governing taxation. Know how tax is levied and the process.</p>',0,'1','1','2021-05-17 23:11:33','2022-01-26 11:57:11'),(8,'GST',NULL,'gst','GST Certification Courses','Learn GST Certification Courses','gst course,gst certification course,gst course online,gst practitioner course, gst training,gst classes near me,gst filing course,gst practitioner certificate,gst on online courses,gst basic knowledge,gst basic information','Goods and Services Tax was implemented with effect from 1st July 2017. GST is the value-added tax levied on Manufacture, Sale and Consumption of Goods and Services.','<p>Goods and Services Tax was implemented with effect from 1st July 2017. GST is the value-added tax levied on Manufacture, Sale and Consumption of Goods and Services.</p>',7,'1','1','2021-05-17 23:11:45','2021-12-09 15:03:09'),(9,'Logiveda : Digital Institute for Logistics',NULL,'logiveda-digital-institute-for-logistics','Learn Logistics l 100% Job Ready Courses','Learn Logistics l 100% Job Ready Courses','Digital Institute For Logistics,logiveda,logistics course,logistics management courses,logistics training,logistics courses online,supply chain and logistics courses,logistics training courses,freight forwarding courses,online logistics degree','Any business is incomplete without proper logistics framework. Logistics entails the overall process of managing how resources are stored and transported.','<p>Any business is incomplete without proper logistics framework. Logistics entails the overall process of managing how resources are stored and transported.</p>',0,'1','1','2021-06-04 11:14:25','2021-12-09 15:13:06'),(10,'International Business',NULL,'international-business-2','Learn International Business - 100% Job Ready Courses','Learn International Business l 100% Job Ready Courses','international business degree,international business course ,international business management,best forex course,best forex trading course,logistics management courses,transport and logistics course','With globalisation, we came in connection with the world business. Follow edupme to learn more about how international business has changed the economy.','<p>With globalisation, we came in connection with the world business. Follow edupme to learn more about how international business has changed the economy.</p>',9,'1','1','2021-06-04 11:16:04','2021-12-09 14:49:23'),(11,'Basics',NULL,'basics','Learn Basic Maths l Fractions, Decimals & Percents','Learn Basic Maths l Fractions, Decimals & Percents','Learn Basic Maths, Fractions, Decimals, Percents','Brush up on all the math basics! Starting from Powers and Roots','<p>Brush up on all the math basics! Starting from Powers and Roots</p>',16,'1','1','2021-06-16 05:16:09','2021-11-09 08:37:42'),(16,'Mathematics',NULL,'mathematics-3','Learn Mathematics Courses','Learn Mathematics Courses','Mathematics Courses','Empower your self to become more proficient in the concept of mathematics. Get into the basic concepts of maths like roots, powers and more to follow.','<p>Empower your self to become more proficient in the concept of mathematics. Get into the basic concepts of maths like roots, powers and more to follow.</p>',0,'1','1','2021-06-16 10:45:58','2021-11-09 08:35:20'),(17,'Sales Skills',NULL,'sales-skills','Learn Sales Skills Online','Learn Sales Skills Online','sales management courses,online sales courses,techniques in sales,selling techniques,sales training courses,sales professional,sales management courses,courses for sales professionals','The epitome of any organisation, is how we describe Sales. Enter into the world of converting audiences into future clientele.','<p>The epitome of any organisation, is how we describe Sales. Enter into the world of converting audiences into future clientele.</p>',9,'1','1','2021-06-17 10:10:44','2021-12-28 13:11:06'),(18,'International Freight Forwarding; Shipping and Air Cargo',NULL,'international-freight-forwarding-shipping-and-air-cargo-2','Learn Online International Freight Forwarding','Learn Online International Freight Forwarding','international freight forwarding,logiveda,logistics course,logistics management courses,logistics training,logistics courses online,supply chain and logistics courses,logistics training courses,freight forwarding courses,online logistics degree','Know all about what International Freight Forwarding is, how it works, the process and the various activities it entails.','<p>Know all about what International Freight Forwarding is, how it works, the process and the various activities it entails.</p>',9,'1','1','2021-07-12 18:42:58','2021-12-09 15:15:07'),(19,'Railway Logistics & Warehousing',NULL,'railway-logistics-warehousing-2','Learn Railway Logistics & Warehousing Courses','Learn Railway Logistics & Warehousing Courses','logistics course,logistics management courses,logistics training,logistics courses online,supply chain and logistics courses,logistics training courses,freight forwarding courses,online logistics degree','Railway warehouse logistics forms the hub of international freight transport. Learn how warehouse and railway logistics are facilitated.','<p>Railway warehouse logistics forms the hub of international freight transport. Learn how warehouse and railway logistics are facilitated.</p>',9,'1','1','2021-07-22 11:47:00','2021-12-09 15:10:26'),(20,'Insurance',NULL,'insurance-2','Learn Online Insurance Courses','Learn Online Insurance Courses','Basic Concept of Insurance,cargo insurance,marine cargo insurance,cost insurance and freight,cargo insurance,letter of insurance,learn export import,logistics course,logistics management courses,diploma in logistics,logistics courses online','For all those interested in insurance as a career, to continue educational opportunities learn all about insurance with edupme.','<p>For all those interested in insurance as a career, to continue educational opportunities learn all about insurance with edupme.</p>',9,'1','1','2021-07-26 10:43:37','2021-12-09 15:18:42'),(21,'Pre-School',NULL,'pre-school',NULL,NULL,NULL,NULL,NULL,0,'1','1','2021-07-29 18:00:57','2021-07-29 18:00:57'),(22,'Robotics',NULL,'robotics-2','Learn Robotics Courses','Learn Robotics Courses','Industrial Robotics,learn robotics, basics of robotics,online robotics classes, online robotics course,types of robots,CNC Machines,Mobile Robots,autonomous mobile robots','What a robotics system entails? Now let\'s learn and gain knowledge on all things robotics!','<p>What a robotics system entails? Now let&#39;s learn and gain knowledge on all things robotics!</p>',4,'1','1','2021-08-27 11:58:53','2021-12-09 14:50:47'),(23,'NOBCON 2021',NULL,'nobcon-2021',NULL,NULL,NULL,NULL,NULL,0,'0','1','2021-10-21 22:16:16','2021-12-31 19:48:29'),(24,'Finance',NULL,'finance','Finance','Finance','Crypto','Courses on finance and investment','<p>All courses related to finance and investment</p>',0,'1','1','2021-12-17 11:22:54','2021-12-17 11:22:54'),(25,'Cryptocurrency',NULL,'cryptocurrency','All courses on Cryptocurrencies','Cryptocurrency','Crypto','courses on Cryptocurrencies','<p>All courses on Cryptocurrencies and investments</p>',24,'1','1','2021-12-17 11:25:00','2021-12-17 11:25:00'),(26,'Sales',NULL,'sales','Learn all aspects of sales in the domain of business','Sales','courses on sales','All courses on sales and business','<p>Learn all aspects of sales in the domain of business&nbsp;</p>',0,'1','1','2021-12-28 13:14:51','2021-12-28 13:14:51'),(27,'Leadership Skills',NULL,'leadership-skills','All courses needed for building leadership skills','Leadership Skills','Leadership','All courses needed for building leadership skills','<p>All courses needed for building leadership skills</p>',0,'1','1','2021-12-31 19:01:45','2021-12-31 19:01:45'),(28,'computer',NULL,'computer','computer engineering','computer','computer','comuter','<p>Lorem ipsum dolor sit amet, consectetur adipiscing elit. In quis sem enim. Nullam consectetur euismod dictum. Donec pulvinar dui sed viverra tempus. Suspendisse placerat dui vitae fermentum tempor. Duis blandit mauris in ipsum sodales malesuada. Cras sapien justo, tempus sed bibendum vel,&nbsp;</p>',1,'1','1','2022-01-26 11:58:36','2022-01-26 11:58:36'),(29,'General Computer Skills',NULL,'general-computer-skills','This parent category includes Skills such as proficiency in MS Office.','general computer skills','computer skills','general computer skills','<p>This parent category includes Skills such as proficiency in MS Office.&nbsp;</p>',0,'1','1','2022-07-05 12:04:23','2022-07-05 12:04:23');

--
-- Table structure for table `tbl_course_complete_has_user_rate`
--

CREATE TABLE `tbl_course_complete_has_user_rate` (
  `id` int NOT NULL AUTO_INCREMENT,
  `attempt_id` int DEFAULT NULL,
  `course_id` int DEFAULT NULL,
  `user_id` int DEFAULT NULL,
  `course_rate` float DEFAULT NULL,
  `author_rate` float DEFAULT NULL,
  `new_skill_rate` float DEFAULT NULL,
  `overall_rate` float DEFAULT NULL,
  `accessing_rate` float DEFAULT NULL,
  `recommend_rate` float DEFAULT NULL,
  `created_at` timestamp NULL DEFAULT NULL,
  `updated_at` timestamp NULL DEFAULT NULL,
  PRIMARY KEY (`id`)
) ENGINE=InnoDB AUTO_INCREMENT=59 DEFAULT CHARSET=latin1;

--
-- Dumping data for table `tbl_course_complete_has_user_rate`
--

INSERT INTO `tbl_course_complete_has_user_rate` VALUES (1,2,133,125,3.5,4,4,4.5,4.5,4.5,'2021-11-08 12:50:58','2021-11-08 12:50:58'),(2,2,133,125,5,4.5,5,5,5,5,'2021-11-08 12:53:00','2021-11-08 12:53:00'),(3,5,133,125,5,5,5,5,5,5,'2021-11-10 06:56:00','2021-11-10 06:56:00'),(4,25,180,1539,5,5,5,5,5,5,'2022-08-01 17:21:25','2022-08-01 17:21:25'),(5,26,183,1539,5,5,5,5,5,5,'2022-08-11 11:11:34','2022-08-11 11:11:34'),(6,27,183,125,5,5,5,5,5,5,'2022-08-11 13:16:06','2022-08-11 13:16:06'),(7,39,183,1642,4.5,5,5,4.5,5,4.5,'2022-08-11 18:37:39','2022-08-11 18:37:39'),(8,34,183,1844,4.5,4.5,5,5,4.5,5,'2022-08-11 18:37:40','2022-08-11 18:37:40'),(9,33,183,1851,4.5,4,4,4,4,4.5,'2022-08-11 19:12:44','2022-08-11 19:12:44'),(10,31,183,1854,4.5,4.5,4.5,4.5,4,4,'2022-08-11 20:00:22','2022-08-11 20:00:22'),(11,30,183,1852,5,5,5,3,3,4,'2022-08-11 20:16:24','2022-08-11 20:16:24'),(12,41,183,1847,4,5,3,3,4,4,'2022-08-11 21:52:30','2022-08-11 21:52:30'),(13,42,183,1849,5,5,5,5,5,5,'2022-08-11 22:31:43','2022-08-11 22:31:43'),(14,44,183,1861,4,3,3.5,3.5,4.5,5,'2022-08-12 11:37:05','2022-08-12 11:37:05'),(15,46,184,125,5,5,5,5,5,5,'2022-08-15 19:00:43','2022-08-15 19:00:43'),(16,47,184,1539,5,5,5,5,5,5,'2022-08-16 15:12:18','2022-08-16 15:12:18'),(17,45,183,1864,4.5,5,4.5,5,3.5,4.5,'2022-08-16 17:08:25','2022-08-16 17:08:25'),(18,58,184,1853,5,5,5,4.5,5,5,'2022-08-16 17:09:06','2022-08-16 17:09:06'),(19,32,183,1853,4.5,5,5,4.5,5,4.5,'2022-08-16 17:10:17','2022-08-16 17:10:17'),(20,48,184,1869,4,4,4,4,4,4,'2022-08-16 17:20:21','2022-08-16 17:20:21'),(21,52,184,1865,5,5,5,5,5,5,'2022-08-16 17:22:10','2022-08-16 17:22:10'),(22,63,184,1864,5,5,5,5,3.5,4.5,'2022-08-16 17:22:39','2022-08-16 17:22:39'),(23,68,183,1869,4,4,4,4,4,4,'2022-08-16 17:25:30','2022-08-16 17:25:30'),(24,62,184,1847,4.5,4,4.5,4,5,3.5,'2022-08-16 17:26:09','2022-08-16 17:26:09'),(25,64,184,1848,4.5,4.5,4.5,4.5,4.5,4,'2022-08-16 17:26:48','2022-08-16 17:26:48'),(26,70,183,1848,5,4.5,4.5,4.5,5,5,'2022-08-16 17:27:49','2022-08-16 17:27:49'),(27,56,184,1844,5,5,4.5,4.5,4.5,4.5,'2022-08-16 17:39:23','2022-08-16 17:39:23'),(28,60,184,1841,3.5,3.5,3,2.5,2.5,5,'2022-08-16 17:41:36','2022-08-16 17:41:36'),(29,54,184,1859,3,3.5,3,3,3,2.5,'2022-08-16 17:49:35','2022-08-16 17:49:35'),(30,59,184,1861,5,5,4.5,5,5,5,'2022-08-16 17:49:59','2022-08-16 17:49:59'),(31,53,184,1850,5,5,5,5,5,5,'2022-08-16 17:52:13','2022-08-16 17:52:13'),(32,55,184,1852,5,5,5,4,3,5,'2022-08-16 17:54:24','2022-08-16 17:54:24'),(33,49,184,1854,3.5,4,3.5,3.5,3.5,3.5,'2022-08-16 17:56:39','2022-08-16 17:56:39'),(34,57,184,1842,4.5,5,4,3.5,5,3.5,'2022-08-16 18:00:28','2022-08-16 18:00:28'),(35,61,184,1849,5,4,5,4.5,5,5,'2022-08-16 18:01:55','2022-08-16 18:01:55'),(36,66,184,1867,4,4,5,4.5,5,4.5,'2022-08-16 18:15:26','2022-08-16 18:15:26'),(37,40,183,1841,4,3.5,3.5,4,4,4,'2022-08-16 18:48:00','2022-08-16 18:48:00'),(38,72,187,1539,5,5,5,5,5,5,'2022-08-23 17:30:09','2022-08-23 17:30:09'),(39,78,190,1539,5,5,5,5,5,5,'2022-08-29 10:49:39','2022-08-29 10:49:39'),(40,79,190,125,5,5,5,5,5,5,'2022-08-29 16:12:46','2022-08-29 16:12:46'),(41,82,149,125,5,5,5,5,5,5,'2022-08-30 18:30:59','2022-08-30 18:30:59'),(42,80,190,1540,5,5,5,5,5,5,'2022-08-30 18:32:27','2022-08-30 18:32:27'),(43,37,183,1863,2.5,4,3,3,3,3,'2022-08-30 19:49:05','2022-08-30 19:49:05'),(44,83,190,1541,5,5,5,5,5,5,'2022-08-31 12:15:00','2022-08-31 12:15:00'),(45,85,183,1971,4,4,3.5,3.5,3.5,3.5,'2022-09-02 17:59:01','2022-09-02 17:59:01'),(46,92,183,1972,4.5,4.5,5,4.5,4.5,4.5,'2022-09-02 18:34:50','2022-09-02 18:34:50'),(47,86,183,1964,5,4,5,4.5,5,5,'2022-09-02 19:02:12','2022-09-02 19:02:12'),(48,87,183,1954,5,5,5,4.5,5,4,'2022-09-02 19:20:59','2022-09-02 19:20:59'),(49,98,184,1967,5,5,5,4,5,5,'2022-09-05 18:17:19','2022-09-05 18:17:19'),(50,102,183,1967,4.5,5,4.5,5,5,4.5,'2022-09-05 18:21:39','2022-09-05 18:21:39'),(51,106,184,1954,5,5,5,5,5,5,'2022-09-05 19:18:41','2022-09-05 19:18:41'),(52,101,184,1964,5,5,5,4,5,4.5,'2022-09-05 20:48:38','2022-09-05 20:48:38'),(53,107,184,1972,4,4,4,5,4,5,'2022-09-05 21:10:53','2022-09-05 21:10:53'),(54,51,184,1642,4.5,5,4.5,4.5,4.5,5,'2022-09-06 13:27:50','2022-09-06 13:27:50'),(55,109,184,1961,5,5,4.5,5,5,5,'2022-09-06 17:23:37','2022-09-06 17:23:37'),(56,95,183,1961,5,5,5,5,5,5,'2022-09-06 17:24:47','2022-09-06 17:24:47'),(57,112,183,1981,5,5,5,5,5,5,'2022-11-24 17:14:19','2022-11-24 17:14:19'),(58,113,184,1981,5,5,5,5,5,5,'2022-11-28 11:29:47','2022-11-28 11:29:47');

--
-- Table structure for table `tbl_course_has_language`
--

CREATE TABLE `tbl_course_has_language` (
  `id` int NOT NULL AUTO_INCREMENT,
  `course_id` int DEFAULT NULL,
  `language_id` int DEFAULT NULL,
  `created_at` timestamp NULL DEFAULT NULL,
  `updated_at` timestamp NULL DEFAULT NULL,
  PRIMARY KEY (`id`),
  KEY `l_id` (`language_id`),
  CONSTRAINT `l_id` FOREIGN KEY (`language_id`) REFERENCES `tbl_language` (`id`) ON DELETE CASCADE ON UPDATE CASCADE
) ENGINE=InnoDB AUTO_INCREMENT=2405 DEFAULT CHARSET=latin1;

--
-- Dumping data for table `tbl_course_has_language`
--

INSERT INTO `tbl_course_has_language` VALUES (1931,77,1,'2021-10-25 05:07:10','2021-10-25 05:07:10'),(1983,139,1,'2021-10-25 05:07:11','2021-10-25 05:07:11'),(1984,140,1,'2021-10-25 05:07:11','2021-10-25 05:07:11'),(1985,141,1,'2021-10-25 05:07:11','2021-10-25 05:07:11'),(1986,142,1,'2021-10-25 05:07:11','2021-10-25 05:07:11'),(1987,143,1,'2021-10-25 05:07:11','2021-10-25 05:07:11'),(1988,144,1,'2021-10-25 05:07:11','2021-10-25 05:07:11'),(1989,145,1,'2021-10-25 05:07:11','2021-10-25 05:07:11'),(2104,125,1,'2021-11-03 17:22:12','2021-11-03 17:22:12'),(2105,124,1,'2021-11-03 17:24:48','2021-11-03 17:24:48'),(2109,120,1,'2021-11-03 17:42:56','2021-11-03 17:42:56'),(2111,118,1,'2021-11-03 17:59:46','2021-11-03 17:59:46'),(2157,87,1,'2021-11-04 18:00:40','2021-11-04 18:00:40'),(2158,86,1,'2021-11-04 18:02:10','2021-11-04 18:02:10'),(2163,131,1,'2021-11-09 06:26:21','2021-11-09 06:26:21'),(2182,138,1,'2021-11-20 16:01:13','2021-11-20 16:01:13'),(2189,128,1,'2021-11-23 09:45:08','2021-11-23 09:45:08'),(2190,85,1,'2021-11-23 09:48:29','2021-11-23 09:48:29'),(2194,76,1,'2021-11-25 11:30:25','2021-11-25 11:30:25'),(2195,78,1,'2021-11-25 11:34:11','2021-11-25 11:34:11'),(2197,81,1,'2021-11-25 11:43:25','2021-11-25 11:43:25'),(2198,88,1,'2021-11-25 11:48:22','2021-11-25 11:48:22'),(2199,89,1,'2021-11-25 11:49:10','2021-11-25 11:49:10'),(2201,150,1,'2021-11-25 11:55:41','2021-11-25 11:55:41'),(2203,94,1,'2021-11-25 12:18:55','2021-11-25 12:18:55'),(2207,103,1,'2021-11-25 12:42:17','2021-11-25 12:42:17'),(2213,96,1,'2021-11-25 13:33:54','2021-11-25 13:33:54'),(2214,91,1,'2021-11-25 13:44:02','2021-11-25 13:44:02'),(2222,102,1,'2021-11-25 15:12:11','2021-11-25 15:12:11'),(2225,110,1,'2021-11-25 15:24:30','2021-11-25 15:24:30'),(2228,104,1,'2021-11-25 15:33:07','2021-11-25 15:33:07'),(2232,106,1,'2021-11-26 09:25:52','2021-11-26 09:25:52'),(2234,111,1,'2021-11-26 09:35:01','2021-11-26 09:35:01'),(2235,113,1,'2021-11-26 09:37:10','2021-11-26 09:37:10'),(2236,114,1,'2021-11-26 09:39:48','2021-11-26 09:39:48'),(2238,115,1,'2021-11-26 09:42:47','2021-11-26 09:42:47'),(2239,117,1,'2021-11-26 09:44:45','2021-11-26 09:44:45'),(2241,119,1,'2021-11-26 09:48:32','2021-11-26 09:48:32'),(2243,121,1,'2021-11-26 09:50:59','2021-11-26 09:50:59'),(2244,123,1,'2021-11-26 09:52:02','2021-11-26 09:52:02'),(2245,129,1,'2021-11-27 14:42:01','2021-11-27 14:42:01'),(2253,92,1,'2021-12-09 14:26:54','2021-12-09 14:26:54'),(2254,130,1,'2021-12-09 14:27:32','2021-12-09 14:27:32'),(2255,84,1,'2021-12-09 14:28:11','2021-12-09 14:28:11'),(2256,83,1,'2021-12-09 14:28:40','2021-12-09 14:28:40'),(2257,133,1,'2021-12-09 14:29:10','2021-12-09 14:29:10'),(2258,95,1,'2021-12-09 14:29:52','2021-12-09 14:29:52'),(2259,135,1,'2021-12-09 14:30:49','2021-12-09 14:30:49'),(2260,126,1,'2021-12-09 14:31:14','2021-12-09 14:31:14'),(2261,107,1,'2021-12-09 14:32:09','2021-12-09 14:32:09'),(2262,105,1,'2021-12-09 14:32:41','2021-12-09 14:32:41'),(2264,127,1,'2021-12-09 14:33:48','2021-12-09 14:33:48'),(2266,90,1,'2021-12-09 14:35:40','2021-12-09 14:35:40'),(2268,101,1,'2021-12-09 15:43:39','2021-12-09 15:43:39'),(2271,151,1,'2021-12-14 18:31:26','2021-12-14 18:31:26'),(2276,148,1,'2021-12-18 16:48:43','2021-12-18 16:48:43'),(2279,122,1,'2021-12-28 13:15:51','2021-12-28 13:15:51'),(2281,109,1,'2021-12-28 13:16:16','2021-12-28 13:16:16'),(2282,108,1,'2021-12-28 13:16:27','2021-12-28 13:16:27'),(2284,99,1,'2021-12-28 13:16:46','2021-12-28 13:16:46'),(2285,98,1,'2021-12-28 13:16:59','2021-12-28 13:16:59'),(2315,152,1,'2021-12-29 16:40:23','2021-12-29 16:40:23'),(2316,155,1,'2021-12-29 16:40:31','2021-12-29 16:40:31'),(2317,154,1,'2021-12-29 16:40:36','2021-12-29 16:40:36'),(2318,153,1,'2021-12-29 16:40:42','2021-12-29 16:40:42'),(2323,156,1,'2021-12-31 16:49:23','2021-12-31 16:49:23'),(2324,112,1,'2021-12-31 18:24:36','2021-12-31 18:24:36'),(2325,93,1,'2021-12-31 18:25:23','2021-12-31 18:25:23'),(2326,100,1,'2021-12-31 18:25:39','2021-12-31 18:25:39'),(2329,157,1,'2021-12-31 20:05:07','2021-12-31 20:05:07'),(2336,158,1,'2022-01-12 12:10:32','2022-01-12 12:10:32'),(2337,159,1,'2022-01-12 12:12:14','2022-01-12 12:12:14'),(2340,160,1,'2022-01-12 12:37:16','2022-01-12 12:37:16'),(2343,161,1,'2022-01-26 11:11:56','2022-01-26 11:11:56'),(2344,162,1,'2022-02-17 17:48:48','2022-02-17 17:48:48'),(2345,163,1,'2022-03-04 12:44:00','2022-03-04 12:44:00'),(2346,164,1,'2022-03-05 23:39:13','2022-03-05 23:39:13'),(2351,169,1,'2022-04-04 12:13:01','2022-04-04 12:13:01'),(2357,168,1,'2022-04-07 15:03:32','2022-04-07 15:03:32'),(2359,170,1,'2022-04-09 12:03:53','2022-04-09 12:03:53'),(2367,174,1,'2022-04-27 16:30:37','2022-04-27 16:30:37'),(2369,175,1,'2022-04-28 12:39:55','2022-04-28 12:39:55'),(2371,173,1,'2022-05-10 09:49:28','2022-05-10 09:49:28'),(2372,166,1,'2022-05-10 12:17:22','2022-05-10 12:17:22'),(2373,167,1,'2022-05-10 12:17:47','2022-05-10 12:17:47'),(2375,171,1,'2022-05-17 21:07:54','2022-05-17 21:07:54'),(2376,172,1,'2022-05-17 21:08:07','2022-05-17 21:08:07'),(2377,176,1,'2022-05-17 21:08:22','2022-05-17 21:08:22'),(2378,177,1,'2022-06-15 11:42:13','2022-06-15 11:42:13'),(2380,165,1,'2022-07-19 09:58:42','2022-07-19 09:58:42'),(2381,178,1,'2022-07-27 15:29:52','2022-07-27 15:29:52'),(2383,75,1,'2022-08-01 12:34:46','2022-08-01 12:34:46'),(2384,180,1,'2022-08-01 17:02:56','2022-08-01 17:02:56'),(2385,181,1,'2022-08-09 11:56:59','2022-08-09 11:56:59'),(2386,182,1,'2022-08-10 11:00:04','2022-08-10 11:00:04'),(2387,183,1,'2022-08-11 11:03:55','2022-08-11 11:03:55'),(2388,184,1,'2022-08-15 17:45:59','2022-08-15 17:45:59'),(2389,185,1,'2022-08-16 15:42:56','2022-08-16 15:42:56'),(2390,186,1,'2022-08-22 08:56:10','2022-08-22 08:56:10'),(2391,187,1,'2022-08-23 15:27:13','2022-08-23 15:27:13'),(2392,188,1,'2022-08-26 14:56:15','2022-08-26 14:56:15'),(2394,189,1,'2022-08-29 09:20:32','2022-08-29 09:20:32'),(2395,190,1,'2022-08-29 09:56:59','2022-08-29 09:56:59'),(2396,149,1,'2022-08-29 16:35:29','2022-08-29 16:35:29'),(2397,191,1,'2022-09-04 12:03:58','2022-09-04 12:03:58'),(2398,192,1,'2022-09-05 09:47:14','2022-09-05 09:47:14'),(2399,193,1,'2022-09-14 11:33:07','2022-09-14 11:33:07'),(2400,194,1,'2022-10-09 22:54:21','2022-10-09 22:54:21'),(2401,195,1,'2022-11-22 10:20:37','2022-11-22 10:20:37'),(2402,196,1,'2024-08-02 13:28:27','2024-08-02 13:28:27'),(2403,197,1,'2024-08-02 13:33:03','2024-08-02 13:33:03'),(2404,179,1,'2024-08-21 23:17:42','2024-08-21 23:17:42');

--
